{"id":103,"date":"2022-10-26T12:37:59","date_gmt":"2022-10-26T09:37:59","guid":{"rendered":"https:\/\/papunet.net\/saavutettavuus\/?page_id=103"},"modified":"2022-12-08T12:29:00","modified_gmt":"2022-12-08T10:29:00","slug":"punktskarmar","status":"publish","type":"page","link":"https:\/\/papunet.net\/saavutettavuus\/pa-svenska\/varfor-tillgangligt\/assisterande-teknik\/punktskarmar\/","title":{"rendered":"Punktsk\u00e4rmar"},"content":{"rendered":"\n<p>Punktsk\u00e4rmar skapar punktskrift p\u00e5 en sk\u00e4rm som exempelvis en blind anv\u00e4ndare kan k\u00e4nna av med fingertopparna. Beroende p\u00e5 punktsk\u00e4rm ryms p\u00e5 sk\u00e4rmen cirka 40\u201380 bokst\u00e4ver eller tecken i taget.<\/p>\n<p>Punktsk\u00e4rmar \u00e4r vanligtvis kopplade till ett sk\u00e4rml\u00e4sningsprogram. P\u00e5 punktsk\u00e4rmen skrivs ut samma text som sk\u00e4rml\u00e4sningsprogrammet l\u00e4ser upp.<\/p>\n<p>Anv\u00e4ndare av punktsk\u00e4rmar \u00e4r ofta blinda eller d\u00f6vblinda. M\u00e5nga personer med synskador anv\u00e4nder punktsk\u00e4rmar ocks\u00e5 f\u00f6r funktioner p\u00e5 webbsidor som kr\u00e4ver precision. Att exempelvis betala r\u00e4kningar p\u00e5 webben, att kontrollera r\u00e4ttskrivningen av sv\u00e5ra ord p\u00e5 fr\u00e4mmande spr\u00e5k, att skriva programkod och att l\u00e4sa eller utf\u00f6ra r\u00e4kneoperationer \u00e4r f\u00f6r m\u00e5nga bekv\u00e4mare om de anv\u00e4nder en punktsk\u00e4rm i st\u00e4llet f\u00f6r ett sk\u00e4rml\u00e4sningsprogram.<\/p>\n\n","protected":false},"excerpt":{"rendered":"<p>Punktsk\u00e4rmar skapar punktskrift p\u00e5 en sk\u00e4rm som exempelvis en blind anv\u00e4ndare kan k\u00e4nna av med fingertopparna. Beroende p\u00e5 punktsk\u00e4rm ryms p\u00e5 sk\u00e4rmen cirka 40\u201380 bokst\u00e4ver eller tecken i taget. Punktsk\u00e4rmar \u00e4r vanligtvis kopplade till ett sk\u00e4rml\u00e4sningsprogram. [&hellip;]<span class=\"moretag\">L\u00e4s mer \u2026<\/span><\/p>\n","protected":false},"author":10,"featured_media":0,"parent":92,"menu_order":6,"comment_status":"closed","ping_status":"closed","template":"","meta":{"_acf_changed":false,"footnotes":""},"class_list":["post-103","page","type-page","status-publish","hentry"],"acf":[],"_links":{"self":[{"href":"https:\/\/papunet.net\/saavutettavuus\/pa-svenska\/wp-json\/wp\/v2\/pages\/103","targetHints":{"allow":["GET"]}}],"collection":[{"href":"https:\/\/papunet.net\/saavutettavuus\/pa-svenska\/wp-json\/wp\/v2\/pages"}],"about":[{"href":"https:\/\/papunet.net\/saavutettavuus\/pa-svenska\/wp-json\/wp\/v2\/types\/page"}],"author":[{"embeddable":true,"href":"https:\/\/papunet.net\/saavutettavuus\/pa-svenska\/wp-json\/wp\/v2\/users\/10"}],"replies":[{"embeddable":true,"href":"https:\/\/papunet.net\/saavutettavuus\/pa-svenska\/wp-json\/wp\/v2\/comments?post=103"}],"version-history":[{"count":0,"href":"https:\/\/papunet.net\/saavutettavuus\/pa-svenska\/wp-json\/wp\/v2\/pages\/103\/revisions"}],"up":[{"embeddable":true,"href":"https:\/\/papunet.net\/saavutettavuus\/pa-svenska\/wp-json\/wp\/v2\/pages\/92"}],"wp:attachment":[{"href":"https:\/\/papunet.net\/saavutettavuus\/pa-svenska\/wp-json\/wp\/v2\/media?parent=103"}],"curies":[{"name":"wp","href":"https:\/\/api.w.org\/{rel}","templated":true}]}}