{"id":110,"date":"2022-10-26T13:18:49","date_gmt":"2022-10-26T10:18:49","guid":{"rendered":"https:\/\/papunet.net\/saavutettavuus\/?page_id=110"},"modified":"2022-12-08T12:43:32","modified_gmt":"2022-12-08T10:43:32","slug":"organisationer","status":"publish","type":"page","link":"https:\/\/papunet.net\/saavutettavuus\/pa-svenska\/varfor-tillgangligt\/andra-kallor-och-lankar\/organisationer\/","title":{"rendered":"Organisationer"},"content":{"rendered":"\n<p>Organisationer som har sakkunskap i fr\u00e5gor om tillg\u00e4nglighet i elektroniska tj\u00e4nster och i den byggda milj\u00f6n.<\/p>\n<h2><a href=\"https:\/\/www.kehitysvammaliitto.fi\/pa-svenska\/\">Kehitysvammaliitto<\/a><\/h2>\n<p>Kehitysvammaliitto arbetar f\u00f6r personer som har marginaliserats genom att lyfta fram dem och ge dem en r\u00f6st i samh\u00e4llet. F\u00f6rbundet \u00e4r en stark v\u00e4gvisare och f\u00f6r\u00e4ndrare i samh\u00e4llet, med ambitionen att Finland ska vara likv\u00e4rdigt f\u00f6r alla. F\u00f6rbundets m\u00e5l kan sammanfattas i tre ord: ut ur marginalen.<\/p>\n<h2><a href=\"http:\/\/www.kulttuuriakaikille.fi\/se.php\">Kultur f\u00f6r alla<\/a><\/h2>\n<p>Tj\u00e4nsten Kultur f\u00f6r alla erbjuder kulturakt\u00f6rer information och st\u00f6d i fr\u00e5gor om tillg\u00e4nglighet och m\u00e5ngfald.<\/p>\n<h2><a href=\"https:\/\/www.kuuloliitto.fi\/\">Kuuloliitto<\/a><\/h2>\n<p>Kuuloliitto ut\u00f6var p\u00e5verkan, informerar, forskar, representerar medlemmarna i sina medlemsf\u00f6reningar och producerar kultur-, semester- och rekreationstj\u00e4nster. F\u00f6rbundets m\u00e5l \u00e4r ett tillg\u00e4ngligt och framkomligt samh\u00e4lle.<\/p>\n<h2><a href=\"http:\/\/www.fduv.fi\">FDUV<\/a><\/h2>\n<p>FDUV \u00e4r en intresseorganisation f\u00f6r svenskspr\u00e5kiga personer med intellektuell funktionsneds\u00e4ttning i Finland. F\u00f6rbundet arbetar f\u00f6r att svenskspr\u00e5kiga personer med intellektuell funktionsneds\u00e4ttning eller liknande funktionsneds\u00e4ttning och deras anh\u00f6riga ska f\u00e5 en j\u00e4mlik st\u00e4llning i samh\u00e4llet och service och st\u00f6d p\u00e5 sitt eget modersm\u00e5l.<\/p>\n<h2><a href=\"https:\/\/kuurojenliitto.fi\/sv\/hem\/\">Finlands D\u00f6vas F\u00f6rbund<\/a><\/h2>\n<p>Finlands D\u00f6vas F\u00f6rbund arbetar f\u00f6r att fr\u00e4mja d\u00f6va personers j\u00e4mlika m\u00f6jligheter och st\u00e4rka teckenspr\u00e5kets st\u00e4llning. F\u00f6rbundet verkar som en centralorganisation f\u00f6r sina medlemsf\u00f6reningar.<\/p>\n<h2><a href=\"https:\/\/www.nkl.fi\/sv\">Synskadades f\u00f6rbund<\/a><\/h2>\n<p>Synskadades f\u00f6rbund \u00e4r en centralorganisation som fr\u00e4mjar m\u00e4nskliga r\u00e4ttigheter och producerar specialtj\u00e4nster f\u00f6r blinda personer och personer med nedsatt synf\u00f6rm\u00e5ga. F\u00f6rbundet producerar ocks\u00e5 specialtj\u00e4nster och verkar som sakkunnig i synskadefr\u00e5gor.<\/p>\n<h2><a href=\"http:\/\/www.ikateknologiakeskus.fi\/etusivu\/\">Ik\u00e4teknologiakeskus<\/a><\/h2>\n<p>Valli ry:s Ik\u00e4teknologiakeskus samlar in och f\u00f6rmedlar information om \u00e5ldersteknologi, fr\u00e4mjar samarbetet inom branschen och l\u00e5ter anv\u00e4ndarnas r\u00f6ster komma till tals.<\/p>\n<h2><a href=\"https:\/\/www.invalidiliitto.fi\/\">Invalidf\u00f6rbundet<\/a><\/h2>\n<p>Invalidf\u00f6rbundet \u00e4r en nationell m\u00e5ngbranschorganisation som utf\u00f6r p\u00e5verkansarbete och producerar tj\u00e4nster f\u00f6r personer med fysiska funktionsneds\u00e4ttningar och nedsatt funktionsf\u00f6rm\u00e5ga.<\/p>\n<h2><a href=\"https:\/\/vtkl.fi\/pa-svenska\">Centralf\u00f6rbundet f\u00f6r de gamlas v\u00e4l<\/a><\/h2>\n<p>Centralf\u00f6rbundet f\u00f6r de gamlas v\u00e4l \u00e4r landets st\u00f6rsta nationella centralorganisation som arbetar f\u00f6r att fr\u00e4mja \u00e4ldre personers och seniorers v\u00e4lbefinnande och sociala trygghet.<\/p>\n<h2><a href=\"http:\/\/www.valli.fi\/etusivu\/\">Vanhus- ja l\u00e4himm\u00e4ispalvelun liitto \u2013 Valli ry<\/a><\/h2>\n<p>Vanhus- ja l\u00e4himm\u00e4ispalvelun liitto Valli ry \u00e4r ett nationellt f\u00f6rbund inom \u00e4ldresektorn som utvecklar tj\u00e4nster och erbjuder sakkunskap.<\/p>\n\n","protected":false},"excerpt":{"rendered":"<p>Organisationer som har sakkunskap i fr\u00e5gor om tillg\u00e4nglighet i elektroniska tj\u00e4nster och i den byggda milj\u00f6n. Kehitysvammaliitto Kehitysvammaliitto arbetar f\u00f6r personer som har marginaliserats genom att lyfta fram dem och ge dem en r\u00f6st i samh\u00e4llet. [&hellip;]<span class=\"moretag\">L\u00e4s mer \u2026<\/span><\/p>\n","protected":false},"author":10,"featured_media":0,"parent":108,"menu_order":2,"comment_status":"closed","ping_status":"closed","template":"","meta":{"_acf_changed":false,"footnotes":""},"class_list":["post-110","page","type-page","status-publish","hentry"],"acf":[],"_links":{"self":[{"href":"https:\/\/papunet.net\/saavutettavuus\/pa-svenska\/wp-json\/wp\/v2\/pages\/110","targetHints":{"allow":["GET"]}}],"collection":[{"href":"https:\/\/papunet.net\/saavutettavuus\/pa-svenska\/wp-json\/wp\/v2\/pages"}],"about":[{"href":"https:\/\/papunet.net\/saavutettavuus\/pa-svenska\/wp-json\/wp\/v2\/types\/page"}],"author":[{"embeddable":true,"href":"https:\/\/papunet.net\/saavutettavuus\/pa-svenska\/wp-json\/wp\/v2\/users\/10"}],"replies":[{"embeddable":true,"href":"https:\/\/papunet.net\/saavutettavuus\/pa-svenska\/wp-json\/wp\/v2\/comments?post=110"}],"version-history":[{"count":0,"href":"https:\/\/papunet.net\/saavutettavuus\/pa-svenska\/wp-json\/wp\/v2\/pages\/110\/revisions"}],"up":[{"embeddable":true,"href":"https:\/\/papunet.net\/saavutettavuus\/pa-svenska\/wp-json\/wp\/v2\/pages\/108"}],"wp:attachment":[{"href":"https:\/\/papunet.net\/saavutettavuus\/pa-svenska\/wp-json\/wp\/v2\/media?parent=110"}],"curies":[{"name":"wp","href":"https:\/\/api.w.org\/{rel}","templated":true}]}}