{"id":121,"date":"2022-10-26T15:12:06","date_gmt":"2022-10-26T12:12:06","guid":{"rendered":"https:\/\/papunet.net\/saavutettavuus\/?page_id=121"},"modified":"2023-02-02T14:05:01","modified_gmt":"2023-02-02T12:05:01","slug":"diskrimineringslagen","status":"publish","type":"page","link":"https:\/\/papunet.net\/saavutettavuus\/pa-svenska\/lagar-och-normer\/diskrimineringslagen\/","title":{"rendered":"Diskrimineringslagen"},"content":{"rendered":"\n<p>Diskrimineringslagen f\u00f6rbjuder diskriminering och betonar r\u00e4ttsskyddet f\u00f6r den som har utsatts f\u00f6r diskriminering. Lagen till\u00e4mpas i b\u00e5de den offentliga och privata sektorn.<\/p>\n<p>Med avseende p\u00e5 tillg\u00e4ngliga elektroniska tj\u00e4nster \u00e4r diskrimineringslagen betydande. Eftersom lagen bland annat f\u00f6rbjuder diskriminering p\u00e5 grund av skada och funktionsneds\u00e4ttning, f\u00f6rpliktar lagen tj\u00e4nsteleverant\u00f6rer att erbjuda alla anv\u00e4ndare sina tj\u00e4nster.<\/p>\n<p>Personer som p\u00e5 grund av skada eller funktionsneds\u00e4ttning inte kan anv\u00e4nda en viss tj\u00e4nst, kan vid behov kontakta tj\u00e4nsteleverant\u00f6ren, h\u00e4nvisa till diskrimineringslagen och kr\u00e4va anpassningar s\u00e5 att anv\u00e4ndningen av tj\u00e4nsten lyckas.<\/p>\n<h2>Rimliga anpassningar<\/h2>\n<p>Diskrimineringslagen inneh\u00e5ller en paragraf om rimliga anpassningar (15\u2009\u00a7). Paragrafen f\u00f6rpliktar tj\u00e4nsteleverant\u00f6ren att g\u00f6ra n\u00f6dv\u00e4ndiga, rimliga anpassningar s\u00e5 att en anv\u00e4ndare med funktionsneds\u00e4ttning kan anv\u00e4nda tj\u00e4nsten i fr\u00e5ga.<\/p>\n<p>Det h\u00e4r f\u00f6rpliktar n\u00f6dv\u00e4ndigtvis inte den webbansvariga att g\u00f6ra \u00e4ndringar eller korrigeringar p\u00e5 sina webbsidor. Huvudsaken \u00e4r att en person med funktionsneds\u00e4ttning p\u00e5 ett j\u00e4mlikt s\u00e4tt med andra kan anv\u00e4nda tj\u00e4nster f\u00f6r allm\u00e4nheten.<\/p>\n<p>Vid bed\u00f6mningen av vilka anpassningar som \u00e4r rimliga beaktas tj\u00e4nsteleverant\u00f6rens storlek, ekonomiska st\u00e4llning samt arten och omfattningen av tj\u00e4nsteleverant\u00f6rens verksamhet. Dessutom bed\u00f6ms uppskattade kostnader f\u00f6r de anpassningar som tj\u00e4nsteleverant\u00f6ren b\u00f6r g\u00f6ra.<\/p>\n<p>Anpassningarna kan exempelvis anses vara rimliga om kostnaderna f\u00f6r dem \u00e4r t\u00e4mligen sm\u00e5 och inte medf\u00f6r osk\u00e4ligt till\u00e4ggsarbete f\u00f6r tj\u00e4nsteleverant\u00f6ren. I s\u00e5dana fall ska tj\u00e4nsteleverant\u00f6ren genomf\u00f6ra dessa anpassningar.<\/p>\n<h2>F\u00f6rbud mot diskriminering<\/h2>\n<p>Diskrimineringslagen f\u00f6rbjuder all diskriminering som grundar sig p\u00e5 f\u00f6ljande personliga egenskaper:<\/p>\n<ul>\n<li>\u00e5lder<\/li>\n<li>ursprung<\/li>\n<li>medborgarskap<\/li>\n<li>spr\u00e5k<\/li>\n<li>religion<\/li>\n<li>\u00f6vertygelse<\/li>\n<li>\u00e5sikt<\/li>\n<li>politisk verksamhet<\/li>\n<li>fackf\u00f6reningsverksamhet<\/li>\n<li>familjef\u00f6rh\u00e5llanden<\/li>\n<li>h\u00e4lsotillst\u00e5nd<\/li>\n<li>funktionsneds\u00e4ttning<\/li>\n<li>sexuell l\u00e4ggning<\/li>\n<li>annan omst\u00e4ndighet som g\u00e4ller den enskilda som person<\/li>\n<\/ul>\n<h2>Vem omfattas av diskrimineringslagen?<\/h2>\n<ul>\n<li>leverant\u00f6rer av produkter och tj\u00e4nster<\/li>\n<li>myndigheter<\/li>\n<li>utbildningsarrang\u00f6rer<\/li>\n<li>arbetsgivare<\/li>\n<\/ul>\n<h3>Mer om temat<\/h3>\n<p><a href=\"http:\/\/www.finlex.fi\/sv\/laki\/alkup\/2014\/20141325\">Diskrimineringslagen p\u00e5 Finlex sidor<\/a><\/p>\n\n","protected":false},"excerpt":{"rendered":"<p>Diskrimineringslagen f\u00f6rbjuder diskriminering och betonar r\u00e4ttsskyddet f\u00f6r den som har utsatts f\u00f6r diskriminering. Lagen till\u00e4mpas i b\u00e5de den offentliga och privata sektorn. Med avseende p\u00e5 tillg\u00e4ngliga elektroniska tj\u00e4nster \u00e4r diskrimineringslagen betydande. Eftersom lagen bland annat f\u00f6rbjuder [&hellip;]<span class=\"moretag\">L\u00e4s mer \u2026<\/span><\/p>\n","protected":false},"author":10,"featured_media":122,"parent":10,"menu_order":5,"comment_status":"closed","ping_status":"closed","template":"","meta":{"_acf_changed":false,"footnotes":""},"class_list":["post-121","page","type-page","status-publish","has-post-thumbnail","hentry"],"acf":[],"_links":{"self":[{"href":"https:\/\/papunet.net\/saavutettavuus\/pa-svenska\/wp-json\/wp\/v2\/pages\/121","targetHints":{"allow":["GET"]}}],"collection":[{"href":"https:\/\/papunet.net\/saavutettavuus\/pa-svenska\/wp-json\/wp\/v2\/pages"}],"about":[{"href":"https:\/\/papunet.net\/saavutettavuus\/pa-svenska\/wp-json\/wp\/v2\/types\/page"}],"author":[{"embeddable":true,"href":"https:\/\/papunet.net\/saavutettavuus\/pa-svenska\/wp-json\/wp\/v2\/users\/10"}],"replies":[{"embeddable":true,"href":"https:\/\/papunet.net\/saavutettavuus\/pa-svenska\/wp-json\/wp\/v2\/comments?post=121"}],"version-history":[{"count":0,"href":"https:\/\/papunet.net\/saavutettavuus\/pa-svenska\/wp-json\/wp\/v2\/pages\/121\/revisions"}],"up":[{"embeddable":true,"href":"https:\/\/papunet.net\/saavutettavuus\/pa-svenska\/wp-json\/wp\/v2\/pages\/10"}],"wp:featuredmedia":[{"embeddable":true,"href":"https:\/\/papunet.net\/saavutettavuus\/pa-svenska\/wp-json\/wp\/v2\/media\/122"}],"wp:attachment":[{"href":"https:\/\/papunet.net\/saavutettavuus\/pa-svenska\/wp-json\/wp\/v2\/media?parent=121"}],"curies":[{"name":"wp","href":"https:\/\/api.w.org\/{rel}","templated":true}]}}