{"id":136,"date":"2022-11-01T10:14:55","date_gmt":"2022-11-01T08:14:55","guid":{"rendered":"https:\/\/papunet.net\/saavutettavuus\/?page_id=136"},"modified":"2023-02-02T11:57:49","modified_gmt":"2023-02-02T09:57:49","slug":"snabbguide-till-kognitiv-tillganglighet","status":"publish","type":"page","link":"https:\/\/papunet.net\/saavutettavuus\/pa-svenska\/anvisningar-och-guider\/snabbguider-till-tillganglighet\/snabbguide-till-kognitiv-tillganglighet\/","title":{"rendered":"Snabbguide till kognitiv tillg\u00e4nglighet"},"content":{"rendered":"\n<p>Anv\u00e4nd ett tydligt och gott standardspr\u00e5k.<\/p>\n<ul>\n<li>Anv\u00e4nd inte tales\u00e4tt och bildliga uttryck.<\/li>\n<li>Undvik att anv\u00e4nda sv\u00e5ra och komplicerade ord.<\/li>\n<\/ul>\n<p>L\u00e4gg upp texten mot v\u00e4nstra kanten.<\/p>\n<ul>\n<li>Undvik att i on\u00f6dan understryka, anv\u00e4nda fet stil och kursivera.<\/li>\n<li>Skriv inte i on\u00f6dan enbart med STORA BOKST\u00c4VER.<\/li>\n<\/ul>\n<p>H\u00e5ll inneh\u00e5llet tillr\u00e4ckligt kort, enkelt och tydligt.<br>\nDela in texten i klara och begripliga helheter med hj\u00e4lp av mellanrubriker, listor, bilder och videor.<\/p>\n<ul>\n<li>Publicera inte l\u00e5nga textinneh\u00e5ll i en enda f\u00f6ljd.<\/li>\n<\/ul>\n<p>St\u00f6d den skrivna texten med bilder, kurvor, listor, videor och ljudfiler.<\/p>\n<ul>\n<li>Erbjud inte inneh\u00e5ll i enbart textform.<\/li>\n<\/ul>\n<p>Markera visuellt var det viktiga och v\u00e4sentliga inneh\u00e5llet finns.<br>\nG\u00f6r de klickbara funktionerna s\u00e5 informativa, klara, logiska och l\u00e4tta att f\u00f6rutse som m\u00f6jligt.<\/p>\n<ul>\n<li>Undvik tryckknappar av typen \u201dTryck h\u00e4r\u201d. Skriv direkt p\u00e5 tryckknappen dess anv\u00e4ndningssyfte.<\/li>\n<li>Undvik situationer d\u00e4r anv\u00e4ndaren inte kan vara s\u00e4ker p\u00e5 vart l\u00e4nken leder eller vad tryckknappen g\u00f6r.<\/li>\n<\/ul>\n<p>G\u00f6r sidstrukturerna s\u00e5 klara, enkla och logiska som m\u00f6jligt.<\/p>\n<ul>\n<li>\u00c4ndra inte p\u00e5 sidstruktur och stil p\u00e5 undersidorna.<\/li>\n<\/ul>\n<p>Ge anv\u00e4ndaren en m\u00f6jlighet att g\u00f6mma eller stoppa allt det material som blinkar eller p\u00e5 annat s\u00e4tt st\u00f6r.<\/p>\n<ul>\n<li>Undvik inneh\u00e5ll som i on\u00f6dan avleder anv\u00e4ndarens uppm\u00e4rksamhet fr\u00e5n sidans viktigaste huvudinneh\u00e5ll.<\/li>\n<\/ul>\n<p>Erbjud anv\u00e4ndaren tips och anvisningar som st\u00f6d f\u00f6r minnet och anv\u00e4ndningen av webbplatsen.<\/p>\n<ul>\n<li>Utg\u00e5 inte fr\u00e5n att anv\u00e4ndarna kommer ih\u00e5g vad som fanns p\u00e5 tidigare sidor.<\/li>\n<\/ul>\n<p>Anvisningar om planering av l\u00e4ttanv\u00e4nda webbtj\u00e4nster:<\/p>\n<p>P\u00e5 finska, Papunets sidor: <a href=\"https:\/\/papunet.net\/saavutettavuus\/pa-svenska\/wp-content\/uploads\/sites\/2\/2022\/12\/selkosivujen_helppokayttoisyys_uusiversio.docx\">Ohjeet helppok\u00e4ytt\u00f6isen verkkopalvelun suunnitteluun<\/a>.<\/p>\n\n","protected":false},"excerpt":{"rendered":"<p>Anv\u00e4nd ett tydligt och gott standardspr\u00e5k. Anv\u00e4nd inte tales\u00e4tt och bildliga uttryck. Undvik att anv\u00e4nda sv\u00e5ra och komplicerade ord. L\u00e4gg upp texten mot v\u00e4nstra kanten. Undvik att i on\u00f6dan understryka, anv\u00e4nda fet stil och kursivera. Skriv [&hellip;]<span class=\"moretag\">L\u00e4s mer \u2026<\/span><\/p>\n","protected":false},"author":10,"featured_media":0,"parent":135,"menu_order":1,"comment_status":"closed","ping_status":"closed","template":"","meta":{"_acf_changed":false,"footnotes":""},"class_list":["post-136","page","type-page","status-publish","hentry"],"acf":[],"_links":{"self":[{"href":"https:\/\/papunet.net\/saavutettavuus\/pa-svenska\/wp-json\/wp\/v2\/pages\/136","targetHints":{"allow":["GET"]}}],"collection":[{"href":"https:\/\/papunet.net\/saavutettavuus\/pa-svenska\/wp-json\/wp\/v2\/pages"}],"about":[{"href":"https:\/\/papunet.net\/saavutettavuus\/pa-svenska\/wp-json\/wp\/v2\/types\/page"}],"author":[{"embeddable":true,"href":"https:\/\/papunet.net\/saavutettavuus\/pa-svenska\/wp-json\/wp\/v2\/users\/10"}],"replies":[{"embeddable":true,"href":"https:\/\/papunet.net\/saavutettavuus\/pa-svenska\/wp-json\/wp\/v2\/comments?post=136"}],"version-history":[{"count":0,"href":"https:\/\/papunet.net\/saavutettavuus\/pa-svenska\/wp-json\/wp\/v2\/pages\/136\/revisions"}],"up":[{"embeddable":true,"href":"https:\/\/papunet.net\/saavutettavuus\/pa-svenska\/wp-json\/wp\/v2\/pages\/135"}],"wp:attachment":[{"href":"https:\/\/papunet.net\/saavutettavuus\/pa-svenska\/wp-json\/wp\/v2\/media?parent=136"}],"curies":[{"name":"wp","href":"https:\/\/api.w.org\/{rel}","templated":true}]}}