{"id":137,"date":"2022-11-01T10:26:09","date_gmt":"2022-11-01T08:26:09","guid":{"rendered":"https:\/\/papunet.net\/saavutettavuus\/?page_id=137"},"modified":"2022-12-12T10:59:23","modified_gmt":"2022-12-12T08:59:23","slug":"snabbguide-for-planerare","status":"publish","type":"page","link":"https:\/\/papunet.net\/saavutettavuus\/pa-svenska\/anvisningar-och-guider\/snabbguider-till-tillganglighet\/snabbguide-for-planerare\/","title":{"rendered":"Snabbguide f\u00f6r planerare"},"content":{"rendered":"\n<h2>Planera tydliga dokumentmallar<\/h2>\n<p>S\u00e4kerst\u00e4ll att sidans olika delar tydligt och klart skiljer sig fr\u00e5n varandra. Det \u00e4r s\u00e4rskilt viktigt att det blir klart f\u00f6r anv\u00e4ndaren var sidans huvudinneh\u00e5ll finns.<\/p>\n<h2>G\u00f6r webbplatsens struktur och funktioner enhetliga<\/h2>\n<p>De olika funktionerna p\u00e5 webbplatsen ser likadana ut och finns p\u00e5 samma plats oberoende av vilken undersida man befinner sig p\u00e5.<\/p>\n<p>Planera en klar och logisk rubrikstruktur. S\u00e4kerst\u00e4ll att allt viktigt inneh\u00e5ll p\u00e5 sidan har begripliga rubriker.<\/p>\n<h2>Kom ih\u00e5g en tillr\u00e4cklig m\u00f6rkhetskontrast<\/h2>\n<p>Sidans textinneh\u00e5ll och funktionella element ska ha en tillr\u00e4cklig m\u00f6rkhetskontrast j\u00e4mf\u00f6rt med bakgrunden.<\/p>\n<h2>Anv\u00e4nd inte bilder f\u00f6r att f\u00f6rmedla textuell information<\/h2>\n<p>Skriv texten i HTML-k\u00e4llkoden och formatera den vid behov med hj\u00e4lp av CSS-dokumentmallar.<\/p>\n<h2>Kom ih\u00e5g en l\u00e4mplig radl\u00e4ngd<\/h2>\n<p>G\u00f6r inte raderna f\u00f6r korta eller f\u00f6r l\u00e5nga. Vanligtvis \u00e4r 50\u2013120 tecken en l\u00e4mplig radl\u00e4ngd.<\/p>\n<h2>Anv\u00e4nd tillr\u00e4ckligt stor text och ett tydligt typsnitt<\/h2>\n<p>En l\u00e4mplig storlek p\u00e5 texten kan bero p\u00e5 det anv\u00e4nda typsnittet. Vanligtvis ska storleken \u00e4nd\u00e5 vara \u00e5tminstone 10 pt.<\/p>\n<p>Sans-serif typsnitt \u00e4r f\u00f6r m\u00e5nga anv\u00e4ndare l\u00e4ttare att l\u00e4sa.<\/p>\n<h2>Se till att l\u00e4nkarna ser ut som l\u00e4nkar<\/h2>\n<p>G\u00f6r alla interaktiva element, som l\u00e4nkar och tryckknappar, visuellt s\u00e5dana att anv\u00e4ndaren vet att de \u00e4r l\u00e4nkar\/tryckknappar. Anv\u00e4nd inte samma stilar (exempelvis understrykning) p\u00e5 andra delar av webbplatsen.<\/p>\n<h2>Anv\u00e4nd inte f\u00e4rg som enda s\u00e4tt att f\u00f6rmedla betydelse<\/h2>\n<p>F\u00f6rutom att anv\u00e4nda f\u00e4rg \u00e4r det bra att anv\u00e4nda andra visuella metoder, i l\u00e4nkarnas fall understrykning.<\/p>\n<h2>Undvik element som blinkar och som r\u00f6r p\u00e5 sig snabbt<\/h2>\n<p>Presentationss\u00e4tt som blinkar och som r\u00f6r p\u00e5 sig snabbt avleder normalt uppm\u00e4rksamheten f\u00f6r mycket och kan i v\u00e4rsta fall orsaka sjukdomsanfall f\u00f6r exempelvis epileptiker.<\/p>\n<h2>L\u00e4gg p\u00e5 varje undersida till en l\u00e4nk till webbplatsens ing\u00e5ngssida<\/h2>\n<p>Uppe i v\u00e4nstra h\u00f6rnet p\u00e5 webbsidor finns ofta logotypen f\u00f6r och namnet p\u00e5 webbplatsen, och fungerar samtidigt som l\u00e4nk till webbplatsens ing\u00e5ngssida.<\/p>\n<h2>S\u00e4kerst\u00e4ll att anv\u00e4ndaren k\u00e4nner till sin position p\u00e5 webbplatsen<\/h2>\n<p>Anv\u00e4ndaren ska veta var hen befinner sig p\u00e5 webbplatsen.<\/p>\n\n","protected":false},"excerpt":{"rendered":"<p>Planera tydliga dokumentmallar S\u00e4kerst\u00e4ll att sidans olika delar tydligt och klart skiljer sig fr\u00e5n varandra. Det \u00e4r s\u00e4rskilt viktigt att det blir klart f\u00f6r anv\u00e4ndaren var sidans huvudinneh\u00e5ll finns. G\u00f6r webbplatsens struktur och funktioner enhetliga De [&hellip;]<span class=\"moretag\">L\u00e4s mer \u2026<\/span><\/p>\n","protected":false},"author":10,"featured_media":0,"parent":135,"menu_order":2,"comment_status":"closed","ping_status":"closed","template":"","meta":{"_acf_changed":false,"footnotes":""},"class_list":["post-137","page","type-page","status-publish","hentry"],"acf":[],"_links":{"self":[{"href":"https:\/\/papunet.net\/saavutettavuus\/pa-svenska\/wp-json\/wp\/v2\/pages\/137","targetHints":{"allow":["GET"]}}],"collection":[{"href":"https:\/\/papunet.net\/saavutettavuus\/pa-svenska\/wp-json\/wp\/v2\/pages"}],"about":[{"href":"https:\/\/papunet.net\/saavutettavuus\/pa-svenska\/wp-json\/wp\/v2\/types\/page"}],"author":[{"embeddable":true,"href":"https:\/\/papunet.net\/saavutettavuus\/pa-svenska\/wp-json\/wp\/v2\/users\/10"}],"replies":[{"embeddable":true,"href":"https:\/\/papunet.net\/saavutettavuus\/pa-svenska\/wp-json\/wp\/v2\/comments?post=137"}],"version-history":[{"count":0,"href":"https:\/\/papunet.net\/saavutettavuus\/pa-svenska\/wp-json\/wp\/v2\/pages\/137\/revisions"}],"up":[{"embeddable":true,"href":"https:\/\/papunet.net\/saavutettavuus\/pa-svenska\/wp-json\/wp\/v2\/pages\/135"}],"wp:attachment":[{"href":"https:\/\/papunet.net\/saavutettavuus\/pa-svenska\/wp-json\/wp\/v2\/media?parent=137"}],"curies":[{"name":"wp","href":"https:\/\/api.w.org\/{rel}","templated":true}]}}