{"id":161,"date":"2022-11-01T14:47:36","date_gmt":"2022-11-01T12:47:36","guid":{"rendered":"https:\/\/papunet.net\/saavutettavuus\/?page_id=161"},"modified":"2022-12-12T11:53:53","modified_gmt":"2022-12-12T09:53:53","slug":"anvandartestning","status":"publish","type":"page","link":"https:\/\/papunet.net\/saavutettavuus\/pa-svenska\/anvisningar-och-guider\/utvardering-av-tillganglighet\/anvandartestning\/","title":{"rendered":"Anv\u00e4ndartestning"},"content":{"rendered":"\n<p>Det rekommenderas att webbsidans anv\u00e4ndbarhet och tillg\u00e4nglighet testas tillsammans med webbplatsens anv\u00e4ndare. M\u00e5nga problem i anknytning till tillg\u00e4nglighet och anv\u00e4ndbarhet observeras ofta f\u00f6rst i samband med anv\u00e4ndartestningar.<\/p>\n<p>Testanv\u00e4ndarna ska s\u00e5 noggrant som m\u00f6jligt representera de anv\u00e4ndare som bes\u00f6ker den f\u00e4rdiga webbtj\u00e4nsten.<\/p>\n<p>I anv\u00e4ndartestningen ska delta s\u00e5 m\u00e5nga och s\u00e5 mycket olika anv\u00e4ndare som m\u00f6jligt: Exempelvis personer med funktionsneds\u00e4ttningar, \u00e4ldre personer och anv\u00e4ndare som talar ett fr\u00e4mmande spr\u00e5k. Det \u00e4r bra om det i testgruppen finns b\u00e5da erfarna och oerfarna datoranv\u00e4ndare.<\/p>\n<p>Anv\u00e4ndartestning sker vanligtvis p\u00e5 ett s\u00e5dant s\u00e4tt att olika anv\u00e4ndare utf\u00f6r uppgifter p\u00e5 webbplatsen, som anv\u00e4ndare av den f\u00e4rdiga webbplatsen kommer att utf\u00f6ra. Exempelvis kan en uppgift i en webbutik vara att best\u00e4lla en produkt och betala f\u00f6r den.<\/p>\n<p>Att utf\u00f6ra en s\u00e5dan uppgift inneh\u00e5ller m\u00e5nga olika faser. Alla olika faser och hela processen ska vara tillg\u00e4ngliga f\u00f6r att uppgiften ska vara m\u00f6jlig att fullf\u00f6lja.<\/p>\n<p>Det \u00e4r sk\u00e4l att komma ih\u00e5g att syftet med en anv\u00e4ndartestning \u00e4r att testa och utv\u00e4rdera en tj\u00e4nst, inte en anv\u00e4ndare. Om anv\u00e4ndaren inte kan utf\u00f6ra n\u00e5gon uppgift, finns det antagligen \u00e4nnu n\u00e5got att f\u00f6rb\u00e4ttra i fr\u00e5ga om tj\u00e4nstens tillg\u00e4nglighet och anv\u00e4ndbarhet.<\/p>\n<p>D\u00e5 en webbplats testas med anv\u00e4ndare, \u00e4r det sk\u00e4l att f\u00e4sta uppm\u00e4rksamhet f\u00f6rutom p\u00e5 den tekniska tillg\u00e4nglighetsutv\u00e4rderingen ocks\u00e5 p\u00e5 tj\u00e4nstens anv\u00e4ndbarhet: \u00c4r anv\u00e4ndningen av tj\u00e4nsten resultatrik, effektiv och angen\u00e4m?<\/p>\n<h2>Tipslista f\u00f6r anv\u00e4ndartestning<\/h2>\n<ul>\n<li>V\u00e4lj till testgruppen s\u00e5 olika anv\u00e4ndare som m\u00f6jligt.<\/li>\n<li>V\u00e4lj till testgruppen ocks\u00e5 personer som anv\u00e4nder hj\u00e4lpmedel.<\/li>\n<li>V\u00e4lj till testuppgifter s\u00e5dana uppgifter som slutanv\u00e4ndarna sannolikt ofta kommer att utf\u00f6ra i webbtj\u00e4nsten.<\/li>\n<li>Kom ih\u00e5g att syftet \u00e4r att testa tj\u00e4nsten, inte anv\u00e4ndaren.<\/li>\n<\/ul>\n<h2>Som testanv\u00e4ndare \u00e4r det sk\u00e4l att \u00f6verv\u00e4ga personer fr\u00e5n f\u00f6ljande anv\u00e4ndargrupper:<\/h2>\n<ul>\n<li>Anv\u00e4ndare med synskador som anv\u00e4nder sk\u00e4rml\u00e4sningsprogram<\/li>\n<li>Anv\u00e4ndare med synskador som anv\u00e4nder sk\u00e4rmf\u00f6rstoringsprogram<\/li>\n<li>Anv\u00e4ndare med normal syn som anv\u00e4nder endast tangentbord<\/li>\n<li>Anv\u00e4ndare med l\u00e4s- och skrivsv\u00e5righeter eller l\u00e4s- och skrivst\u00f6rningar<\/li>\n<li>Anv\u00e4ndare som talar teckenspr\u00e5k<\/li>\n<li>Anv\u00e4ndare med autismspektrumst\u00f6rning<\/li>\n<li>Anv\u00e4ndare med omfattande inl\u00e4rningssv\u00e5righeter<\/li>\n<li>Anv\u00e4ndare med intellektuell funktionsneds\u00e4ttning<\/li>\n<li>Anv\u00e4ndare med CP-skador<\/li>\n<\/ul>\n\n","protected":false},"excerpt":{"rendered":"<p>Det rekommenderas att webbsidans anv\u00e4ndbarhet och tillg\u00e4nglighet testas tillsammans med webbplatsens anv\u00e4ndare. M\u00e5nga problem i anknytning till tillg\u00e4nglighet och anv\u00e4ndbarhet observeras ofta f\u00f6rst i samband med anv\u00e4ndartestningar. Testanv\u00e4ndarna ska s\u00e5 noggrant som m\u00f6jligt representera de anv\u00e4ndare [&hellip;]<span class=\"moretag\">L\u00e4s mer \u2026<\/span><\/p>\n","protected":false},"author":10,"featured_media":0,"parent":155,"menu_order":4,"comment_status":"closed","ping_status":"closed","template":"","meta":{"_acf_changed":false,"footnotes":""},"class_list":["post-161","page","type-page","status-publish","hentry"],"acf":[],"_links":{"self":[{"href":"https:\/\/papunet.net\/saavutettavuus\/pa-svenska\/wp-json\/wp\/v2\/pages\/161","targetHints":{"allow":["GET"]}}],"collection":[{"href":"https:\/\/papunet.net\/saavutettavuus\/pa-svenska\/wp-json\/wp\/v2\/pages"}],"about":[{"href":"https:\/\/papunet.net\/saavutettavuus\/pa-svenska\/wp-json\/wp\/v2\/types\/page"}],"author":[{"embeddable":true,"href":"https:\/\/papunet.net\/saavutettavuus\/pa-svenska\/wp-json\/wp\/v2\/users\/10"}],"replies":[{"embeddable":true,"href":"https:\/\/papunet.net\/saavutettavuus\/pa-svenska\/wp-json\/wp\/v2\/comments?post=161"}],"version-history":[{"count":0,"href":"https:\/\/papunet.net\/saavutettavuus\/pa-svenska\/wp-json\/wp\/v2\/pages\/161\/revisions"}],"up":[{"embeddable":true,"href":"https:\/\/papunet.net\/saavutettavuus\/pa-svenska\/wp-json\/wp\/v2\/pages\/155"}],"wp:attachment":[{"href":"https:\/\/papunet.net\/saavutettavuus\/pa-svenska\/wp-json\/wp\/v2\/media?parent=161"}],"curies":[{"name":"wp","href":"https:\/\/api.w.org\/{rel}","templated":true}]}}