{"id":165,"date":"2022-11-02T13:35:28","date_gmt":"2022-11-02T11:35:28","guid":{"rendered":"https:\/\/papunet.net\/saavutettavuus\/?page_id=165"},"modified":"2023-03-06T13:46:28","modified_gmt":"2023-03-06T11:46:28","slug":"facebook","status":"publish","type":"page","link":"https:\/\/papunet.net\/saavutettavuus\/pa-svenska\/anvisningar-och-guider\/sociala-medier\/facebook\/","title":{"rendered":"Facebook"},"content":{"rendered":"\n<p>I Facebook \u00e4r det m\u00f6jligt att l\u00e4gga till textmotsvarigheter f\u00f6r bilder.<\/p>\n\n\n\n<h2 class=\"wp-block-heading\">Att l\u00e4gga till en textmotsvarighet med dator<\/h2>\n\n\n\n<ol class=\"wp-block-list\">\n<li>L\u00e4gg till bilden.<\/li>\n\n\n\n<li>Klicka p\u00e5 knappen f\u00f6r redigering i bildens \u00f6vre kant.<\/li>\n\n\n\n<li>V\u00e4lj \u201dAlternativ text\u201d.<\/li>\n\n\n\n<li>Skriv bildens textmotsvarighet i f\u00e4ltet \u201dAnpassad alternativ text\u201d.<\/li>\n\n\n\n<li>Klicka p\u00e5 \u201dSpara\u201d.<\/li>\n\n\n\n<li>Textmotsvarigheten \u00e4r nu f\u00e4rdig och du kan publicera bilden.<\/li>\n<\/ol>\n\n\n\n<p>Om bilden inneh\u00e5ller text, skriv in texten som syns p\u00e5 bilden ocks\u00e5 i sj\u00e4lva inl\u00e4gget.<\/p>\n\n\n\n<p>Det \u00e4r m\u00f6jligt att l\u00e4gga till textmotsvarigheter till bilder ocks\u00e5 efter publiceringen genom att redigera ifr\u00e5gavarande inl\u00e4gg.<\/p>\n\n\n\n<figure class=\"wp-block-image alignnone size-medium wp-image-166\"><img loading=\"lazy\" decoding=\"async\" width=\"266\" height=\"300\" src=\"https:\/\/papunet.net\/saavutettavuus\/wp-content\/uploads\/2022\/11\/ohje_fb1_2-266x300.png\" alt=\"Ohjekuva vaihtoehtoisen tekstin lis\u00e4\u00e4miseen\" class=\"wp-image-166 img-responsive\" srcset=\"https:\/\/papunet.net\/saavutettavuus\/pa-svenska\/wp-content\/uploads\/sites\/2\/2022\/11\/ohje_fb1_2-266x300.png 266w, https:\/\/papunet.net\/saavutettavuus\/pa-svenska\/wp-content\/uploads\/sites\/2\/2022\/11\/ohje_fb1_2-768x866.png 768w, https:\/\/papunet.net\/saavutettavuus\/pa-svenska\/wp-content\/uploads\/sites\/2\/2022\/11\/ohje_fb1_2.png 887w\" sizes=\"auto, (max-width: 266px) 100vw, 266px\" \/><figcaption class=\"wp-element-caption\"><em>L\u00e4gg till bilden och klicka p\u00e5 knappen f\u00f6r redigering i bildens \u00f6vre kant.<\/em><\/figcaption><\/figure>\n\n\n\n<figure class=\"wp-block-image alignnone size-medium wp-image-167\"><img loading=\"lazy\" decoding=\"async\" width=\"300\" height=\"189\" src=\"https:\/\/papunet.net\/saavutettavuus\/wp-content\/uploads\/2022\/11\/ohje_fb2_0-300x189.png\" alt=\"Ohjekuva vaihtoehtoisen tekstin lis\u00e4\u00e4miseen.\" class=\"wp-image-167 img-responsive\" srcset=\"https:\/\/papunet.net\/saavutettavuus\/pa-svenska\/wp-content\/uploads\/sites\/2\/2022\/11\/ohje_fb2_0-300x189.png 300w, https:\/\/papunet.net\/saavutettavuus\/pa-svenska\/wp-content\/uploads\/sites\/2\/2022\/11\/ohje_fb2_0-768x485.png 768w, https:\/\/papunet.net\/saavutettavuus\/pa-svenska\/wp-content\/uploads\/sites\/2\/2022\/11\/ohje_fb2_0.png 970w\" sizes=\"auto, (max-width: 300px) 100vw, 300px\" \/><figcaption class=\"wp-element-caption\"><em>V\u00e4lj \u201dAlternativ text\u201d och skriv bildens textmotsvarighet i f\u00e4ltet \u201dAnpassad alternativ text\u201d.<\/em><\/figcaption><\/figure>\n\n\n\n<h2 class=\"wp-block-heading\">L\u00e4s mer p\u00e5 Facebooks egna sidor<\/h2>\n\n\n\n<p>Kolla in Facebooks egna instruktioner f\u00f6r att l\u00e4gga till en textmotsvarighet (alternativ text).<\/p>\n\n\n\n<p><a href=\"https:\/\/www.facebook.com\/help\/214124458607871\">S\u00e5 h\u00e4r l\u00e4gger du till en textmotsvarighet med dator.<\/a><\/p>\n\n\n\n<p><a href=\"https:\/\/www.facebook.com\/help\/android-app\/214124458607871\">S\u00e5 h\u00e4r l\u00e4gger du till en textmotsvarighet med Android-appen.<\/a><\/p>\n\n\n\n<p><a href=\"https:\/\/www.facebook.com\/help\/iphone-app\/214124458607871\">S\u00e5 h\u00e4r l\u00e4gger du till en textmotsvarighet med iPhone-appen.<\/a><\/p>\n\n","protected":false},"excerpt":{"rendered":"<p>I Facebook \u00e4r det m\u00f6jligt att l\u00e4gga till textmotsvarigheter f\u00f6r bilder. Att l\u00e4gga till en textmotsvarighet med dator Om bilden inneh\u00e5ller text, skriv in texten som syns p\u00e5 bilden ocks\u00e5 i sj\u00e4lva inl\u00e4gget. Det \u00e4r m\u00f6jligt [&hellip;]<span class=\"moretag\">L\u00e4s mer \u2026<\/span><\/p>\n","protected":false},"author":10,"featured_media":0,"parent":163,"menu_order":1,"comment_status":"closed","ping_status":"closed","template":"","meta":{"_acf_changed":false,"footnotes":""},"class_list":["post-165","page","type-page","status-publish","hentry"],"acf":[],"_links":{"self":[{"href":"https:\/\/papunet.net\/saavutettavuus\/pa-svenska\/wp-json\/wp\/v2\/pages\/165","targetHints":{"allow":["GET"]}}],"collection":[{"href":"https:\/\/papunet.net\/saavutettavuus\/pa-svenska\/wp-json\/wp\/v2\/pages"}],"about":[{"href":"https:\/\/papunet.net\/saavutettavuus\/pa-svenska\/wp-json\/wp\/v2\/types\/page"}],"author":[{"embeddable":true,"href":"https:\/\/papunet.net\/saavutettavuus\/pa-svenska\/wp-json\/wp\/v2\/users\/10"}],"replies":[{"embeddable":true,"href":"https:\/\/papunet.net\/saavutettavuus\/pa-svenska\/wp-json\/wp\/v2\/comments?post=165"}],"version-history":[{"count":0,"href":"https:\/\/papunet.net\/saavutettavuus\/pa-svenska\/wp-json\/wp\/v2\/pages\/165\/revisions"}],"up":[{"embeddable":true,"href":"https:\/\/papunet.net\/saavutettavuus\/pa-svenska\/wp-json\/wp\/v2\/pages\/163"}],"wp:attachment":[{"href":"https:\/\/papunet.net\/saavutettavuus\/pa-svenska\/wp-json\/wp\/v2\/media?parent=165"}],"curies":[{"name":"wp","href":"https:\/\/api.w.org\/{rel}","templated":true}]}}