{"id":177,"date":"2022-11-02T14:14:47","date_gmt":"2022-11-02T12:14:47","guid":{"rendered":"https:\/\/papunet.net\/saavutettavuus\/?page_id=177"},"modified":"2023-02-02T14:10:59","modified_gmt":"2023-02-02T12:10:59","slug":"utvarderingstjanster","status":"publish","type":"page","link":"https:\/\/papunet.net\/saavutettavuus\/pa-svenska\/tjanster\/utvarderingstjanster\/","title":{"rendered":"Utv\u00e4rderingstj\u00e4nster"},"content":{"rendered":"\n<p>Vi g\u00f6r utv\u00e4rderingar av webbsidors tillg\u00e4nglighet. I v\u00e5ra utv\u00e4rderingar ligger tyngdpunkten p\u00e5 sidornas kognitiva tillg\u00e4nglighet, l\u00e4ttanv\u00e4ndbarhet och begriplighet. Dessutom g\u00f6r vi utv\u00e4rderingar enligt WCAG 2.1 riktlinjerna f\u00f6r teknisk tillg\u00e4nglighet som en del av ett vidare utvecklingsarbete av webbplatser.<\/p>\n<p>V\u00e5ra utv\u00e4rderingar s\u00e4kerst\u00e4ller att s\u00e5 m\u00e5nga anv\u00e4ndare som m\u00f6jligt kan anv\u00e4nda webbtj\u00e4nster enkelt och p\u00e5 ett j\u00e4mlikt s\u00e4tt, oberoende av deras skador, funktionsneds\u00e4ttningar eller problem som beror av \u00e5lder.<\/p>\n<p>Tillg\u00e4ngligheten och l\u00e4ttanv\u00e4ndbarheten p\u00e5 webbsidor utv\u00e4rderas av v\u00e5ra sakkunniga som l\u00e4nge har arbetat inom sektorn f\u00f6r tillg\u00e4nglighet och l\u00e4ttanv\u00e4ndbarhet och som \u00e4r f\u00f6rtrogna med temat. F\u00f6r att s\u00e4kerst\u00e4lla det b\u00e4sta resultatet deltar ett flertal sakkunniga i en utv\u00e4rdering.<\/p>\n<p>Utv\u00e4rderingar av webbsidor kan g\u00f6ras f\u00f6r svenska sidor, men utv\u00e4rderingsspr\u00e5ket \u00e4r finska.<\/p>\n<h2>Vad g\u00f6r vi?<\/h2>\n<p>I en utv\u00e4rdering av tillg\u00e4nglighet ing\u00e5r<\/p>\n<ul>\n<li>kartl\u00e4ggning av webbplatsens tillg\u00e4nglighet och l\u00e4ttanv\u00e4ndbarhet,<\/li>\n<li>rapportering av eventuella problem,<\/li>\n<li>uppg\u00f6rande av \u00e4ndringsf\u00f6rslag,<\/li>\n<li>granskning av tj\u00e4nsten efter det att kunden har gjort korrigeringarna.<\/li>\n<\/ul>\n<p>Med hj\u00e4lp av utv\u00e4rderingstj\u00e4nster kan man exempelvis s\u00e4kerst\u00e4lla att<\/p>\n<ul>\n<li>anv\u00e4ndningen av tj\u00e4nsten fungerar med de mest allm\u00e4nna assisterande teknikerna,<\/li>\n<li>tj\u00e4nsten \u00e4r l\u00e4tt att anv\u00e4nda och kognitivt tillg\u00e4nglig,<\/li>\n<li>tj\u00e4nsten uppfyller tillg\u00e4nglighetskraven som ing\u00e5r i <a href=\"https:\/\/www.finlex.fi\/sv\/laki\/alkup\/2019\/20190306\">lagen om tillhandah\u00e5llande av digitala tj\u00e4nster<\/a>.<\/li>\n<\/ul>\n<p>Vi erbjuder ocks\u00e5 till\u00e4ggstj\u00e4nster:<\/p>\n<ul>\n<li>granskning av tydligheten och begripligheten i tj\u00e4nstens inneh\u00e5ll,<\/li>\n<li>hj\u00e4lp att producera l\u00e4ttl\u00e4st material i samarbete med <a href=\"https:\/\/ll-center.fi\/svenska\/start\/\">LL-Center<\/a> och\u00a0<a href=\"https:\/\/selkokeskus.fi\/pa-svenska\/\">Selkokeskus<\/a>.<\/li>\n<\/ul>\n<h2>Kontakt och offertbeg\u00e4ran<\/h2>\n<p>Marjo Timonen<br>\nmarjo.timonen@kvl.fi<br>\n09\u00a0348\u00a0092 23<\/p>\n\n","protected":false},"excerpt":{"rendered":"<p>Vi g\u00f6r utv\u00e4rderingar av webbsidors tillg\u00e4nglighet. I v\u00e5ra utv\u00e4rderingar ligger tyngdpunkten p\u00e5 sidornas kognitiva tillg\u00e4nglighet, l\u00e4ttanv\u00e4ndbarhet och begriplighet. Dessutom g\u00f6r vi utv\u00e4rderingar enligt WCAG 2.1 riktlinjerna f\u00f6r teknisk tillg\u00e4nglighet som en del av ett vidare utvecklingsarbete [&hellip;]<span class=\"moretag\">L\u00e4s mer \u2026<\/span><\/p>\n","protected":false},"author":10,"featured_media":178,"parent":12,"menu_order":1,"comment_status":"closed","ping_status":"closed","template":"","meta":{"_acf_changed":false,"footnotes":""},"class_list":["post-177","page","type-page","status-publish","has-post-thumbnail","hentry"],"acf":[],"_links":{"self":[{"href":"https:\/\/papunet.net\/saavutettavuus\/pa-svenska\/wp-json\/wp\/v2\/pages\/177","targetHints":{"allow":["GET"]}}],"collection":[{"href":"https:\/\/papunet.net\/saavutettavuus\/pa-svenska\/wp-json\/wp\/v2\/pages"}],"about":[{"href":"https:\/\/papunet.net\/saavutettavuus\/pa-svenska\/wp-json\/wp\/v2\/types\/page"}],"author":[{"embeddable":true,"href":"https:\/\/papunet.net\/saavutettavuus\/pa-svenska\/wp-json\/wp\/v2\/users\/10"}],"replies":[{"embeddable":true,"href":"https:\/\/papunet.net\/saavutettavuus\/pa-svenska\/wp-json\/wp\/v2\/comments?post=177"}],"version-history":[{"count":0,"href":"https:\/\/papunet.net\/saavutettavuus\/pa-svenska\/wp-json\/wp\/v2\/pages\/177\/revisions"}],"up":[{"embeddable":true,"href":"https:\/\/papunet.net\/saavutettavuus\/pa-svenska\/wp-json\/wp\/v2\/pages\/12"}],"wp:featuredmedia":[{"embeddable":true,"href":"https:\/\/papunet.net\/saavutettavuus\/pa-svenska\/wp-json\/wp\/v2\/media\/178"}],"wp:attachment":[{"href":"https:\/\/papunet.net\/saavutettavuus\/pa-svenska\/wp-json\/wp\/v2\/media?parent=177"}],"curies":[{"name":"wp","href":"https:\/\/api.w.org\/{rel}","templated":true}]}}