{"id":274,"date":"2022-11-28T10:27:43","date_gmt":"2022-11-28T08:27:43","guid":{"rendered":"https:\/\/papunet.net\/saavutettavuus\/?page_id=274"},"modified":"2022-12-08T14:31:51","modified_gmt":"2022-12-08T12:31:51","slug":"planera-tydliga-blanketter","status":"publish","type":"page","link":"https:\/\/papunet.net\/saavutettavuus\/pa-svenska\/anvisningar-och-guider\/planeringsguide-om-tillgangliga-webbsidor\/planera-tydliga-blanketter\/","title":{"rendered":"Planera tydliga blanketter"},"content":{"rendered":"\n<p>Blanketter som finns p\u00e5 webbsidor ska vara tekniskt sett tillg\u00e4ngliga, tydliga och begripliga.\u00a0Om webblanketterna \u00e4r omsorgsfullt planerade \u00e4r det l\u00e4tt f\u00f6r alla anv\u00e4ndare att fylla i dem.<\/p>\n<p>Blankettens element, exempelvis tryckknappar, ska vara tillr\u00e4ckligt stora. P\u00e5 s\u00e5 s\u00e4tt kan anv\u00e4ndare med nedsatt synf\u00f6rm\u00e5ga urskilja dem b\u00e4ttre och de \u00e4r l\u00e4tta att klicka p\u00e5 n\u00e4r apparater anv\u00e4nds med peksk\u00e4rm.<\/p>\n<h2>Etiketter (label)<\/h2>\n<p>Varje blankettelement ska ha en etikett (label), som anger vad man ska skriva in i blankettf\u00e4ltet. Sk\u00e4rml\u00e4sningsprogram kan l\u00e4sa upp etiketterna f\u00f6r anv\u00e4ndare med synskador.<\/p>\n<p>Om man allts\u00e5 i ett textf\u00e4lt p\u00e5 blanketten ska skriva in sitt eget f\u00f6rnamn, ska det p\u00e5 etiketten st\u00e5 \u201dF\u00f6rnamn\u201d. Om det \u00e4r obligatoriskt att fylla i f\u00e4ltet innan man s\u00e4nder iv\u00e4g blanketten, \u00e4r det ocks\u00e5 bra att meddela anv\u00e4ndaren om detta p\u00e5 etiketten.<\/p>\n<h2>Anvisningar<\/h2>\n<p>Anv\u00e4ndaren ska f\u00e5 tillr\u00e4ckligt med anvisningar om hur blanketten ska fyllas i. Vid varje f\u00e4lt av blanketten m\u00e5ste man tydligt informera om vad som ska skrivas in p\u00e5 ifr\u00e5gavarande plats. Det \u00e4r sk\u00e4l att l\u00e5ta etiketten vara kort och koncis. Om den inte erbjuder tillr\u00e4ckligt med anvisningar om hur f\u00e4ltet ska fyllas i, kan anvisningarna visas som vanlig text ovanf\u00f6r f\u00e4ltet.<\/p>\n<p>Det \u00e4r ocks\u00e5 viktigt att informera om i vilken form informationen ska fyllas i p\u00e5 blanketten. Om n\u00e5got textf\u00e4lt ska fyllas i exempelvis med en siffra, ska anv\u00e4ndaren informeras om man som decimaltecken ska anv\u00e4nda kommatecken eller punkt.<\/p>\n<p>Det \u00e4r ofta sk\u00e4l att f\u00f6rklara en del av termerna p\u00e5 blanketten, s\u00e5 att anv\u00e4ndaren kan fylla i den korrekt. Man kan exempelvis be anv\u00e4ndaren uppge sina bruttoinkomster, och d\u00e5 \u00e4r det bra att f\u00f6rklara vad som avses med termen.<\/p>\n<h2>Respons<\/h2>\n<p>Det \u00e4r bra att ge anv\u00e4ndaren respons om hur blanketten har fyllts i. Om blanketten inneh\u00e5ller f\u00e4lt som fyllts i p\u00e5 fel s\u00e4tt, ska anv\u00e4ndaren informeras om det s\u00e5 klart och tydligt som m\u00f6jligt.<\/p>\n<p>Det \u00e4r sk\u00e4l att ber\u00e4tta vilka f\u00e4lt som \u00e4r felaktigt ifyllda och att ge anvisningar om hur felen ska korrigeras.<\/p>\n<p>Det \u00e4r bra att b\u00e5de i b\u00f6rjan av blanketten lista alla f\u00e4lt som \u00e4r felaktigt ifyllda och att dessutom informera om felet vid varje f\u00e4lt som \u00e4r felaktigt ifyllt.<\/p>\n<p>N\u00e4r blanketten v\u00e4l har s\u00e4nts iv\u00e4g, ska anv\u00e4ndaren f\u00e5 respons om detta. Responsen kan exempelvis ges p\u00e5 en separat sida sedan blanketten har s\u00e4nts i v\u00e4g.<\/p>\n<h2>Logisk f\u00f6ljd<\/h2>\n<p>Planera blanketten p\u00e5 s\u00e5dant s\u00e4tt att de f\u00e4lt som ska fyllas i \u00e4r i en logisk f\u00f6ljd.<\/p>\n<p>Man kan lyssna p\u00e5 blanketten med ett sk\u00e4rml\u00e4sningsprogram eller be n\u00e5gon annan person att l\u00e4sa upp den. Det h\u00e4r kan vara till hj\u00e4lp n\u00e4r man utv\u00e4rderar hur logisk och tydlig blanketten \u00e4r.<\/p>\n<h2>Anv\u00e4ndning av tangentbord<\/h2>\n<p>S\u00e4kerst\u00e4ll att blanketten kan fyllas i med hj\u00e4lp av endast tangentbord. S\u00e4kerst\u00e4ll att ocks\u00e5 komplicerade element, som skjutreglage, fungerar och kan anv\u00e4ndas med enbart tangentbord.<\/p>\n\n","protected":false},"excerpt":{"rendered":"<p>Blanketter som finns p\u00e5 webbsidor ska vara tekniskt sett tillg\u00e4ngliga, tydliga och begripliga.\u00a0Om webblanketterna \u00e4r omsorgsfullt planerade \u00e4r det l\u00e4tt f\u00f6r alla anv\u00e4ndare att fylla i dem. Blankettens element, exempelvis tryckknappar, ska vara tillr\u00e4ckligt stora. P\u00e5 [&hellip;]<span class=\"moretag\">L\u00e4s mer \u2026<\/span><\/p>\n","protected":false},"author":10,"featured_media":0,"parent":134,"menu_order":2,"comment_status":"closed","ping_status":"closed","template":"","meta":{"_acf_changed":false,"footnotes":""},"class_list":["post-274","page","type-page","status-publish","hentry"],"acf":[],"_links":{"self":[{"href":"https:\/\/papunet.net\/saavutettavuus\/pa-svenska\/wp-json\/wp\/v2\/pages\/274","targetHints":{"allow":["GET"]}}],"collection":[{"href":"https:\/\/papunet.net\/saavutettavuus\/pa-svenska\/wp-json\/wp\/v2\/pages"}],"about":[{"href":"https:\/\/papunet.net\/saavutettavuus\/pa-svenska\/wp-json\/wp\/v2\/types\/page"}],"author":[{"embeddable":true,"href":"https:\/\/papunet.net\/saavutettavuus\/pa-svenska\/wp-json\/wp\/v2\/users\/10"}],"replies":[{"embeddable":true,"href":"https:\/\/papunet.net\/saavutettavuus\/pa-svenska\/wp-json\/wp\/v2\/comments?post=274"}],"version-history":[{"count":0,"href":"https:\/\/papunet.net\/saavutettavuus\/pa-svenska\/wp-json\/wp\/v2\/pages\/274\/revisions"}],"up":[{"embeddable":true,"href":"https:\/\/papunet.net\/saavutettavuus\/pa-svenska\/wp-json\/wp\/v2\/pages\/134"}],"wp:attachment":[{"href":"https:\/\/papunet.net\/saavutettavuus\/pa-svenska\/wp-json\/wp\/v2\/media?parent=274"}],"curies":[{"name":"wp","href":"https:\/\/api.w.org\/{rel}","templated":true}]}}