{"id":282,"date":"2022-11-28T11:03:02","date_gmt":"2022-11-28T09:03:02","guid":{"rendered":"https:\/\/papunet.net\/saavutettavuus\/?page_id=282"},"modified":"2022-12-12T10:15:59","modified_gmt":"2022-12-12T08:15:59","slug":"anvand-tabeller-med-urskillning","status":"publish","type":"page","link":"https:\/\/papunet.net\/saavutettavuus\/pa-svenska\/anvisningar-och-guider\/planeringsguide-om-tillgangliga-webbsidor\/anvand-tabeller-med-urskillning\/","title":{"rendered":"Anv\u00e4nd tabeller med urskillning"},"content":{"rendered":"\n<p>Tabeller ska anv\u00e4ndas endast d\u00e5 man vill presentera stora datamassor. Det \u00e4r inte sk\u00e4l att anv\u00e4nda tabeller endast som visuella element.\u00a0Tabeller \u00e4r d\u00e5ligt skalbara och de \u00e4r besv\u00e4rliga att l\u00e4sa om webbsidan anv\u00e4nds med en mobiltelefon med liten sk\u00e4rm.<\/p>\n<p>Tabeller \u00e4r ofta ocks\u00e5 besv\u00e4rliga f\u00f6r personer med synskador som anv\u00e4nder sk\u00e4rml\u00e4sningsprogram. Tekniskt \u00e4r det m\u00f6jligt att g\u00f6ra tabeller tillg\u00e4ngliga f\u00f6r personer med synskador, men att l\u00e4sa dem med ett sk\u00e4rml\u00e4sningsprogram \u00e4r r\u00e4tt besv\u00e4rligt och sv\u00e5rt.<\/p>\n<p>Det \u00e4r s\u00e5ledes sk\u00e4l att noggrant \u00f6verv\u00e4ga om man ska anv\u00e4nda tabeller och att fundera p\u00e5 om informationen inte kunde presenteras p\u00e5 andra s\u00e4tt.<\/p>\n<p>Om en tabell l\u00e4ggs till p\u00e5 en webbsida, ska man komma ih\u00e5g att i koden d\u00e4r tabellen finns l\u00e4gga till en kort f\u00f6rklaring och rubriker till raderna och kolumnerna i tabellen. Sk\u00e4rml\u00e4sningsprogrammet l\u00e4ser upp dessa f\u00f6r anv\u00e4ndaren.<\/p>\n<p>Kodexempel:<\/p>\n<p>Med &lt;caption&gt; -elementet kan man skapa en f\u00f6rklarande text till en tabell.<\/p>\n<p>Med &lt;th&gt; -elementet kan man skapa rubriker till raderna och kolumnerna i en tabell.<\/p>\n\n","protected":false},"excerpt":{"rendered":"<p>Tabeller ska anv\u00e4ndas endast d\u00e5 man vill presentera stora datamassor. Det \u00e4r inte sk\u00e4l att anv\u00e4nda tabeller endast som visuella element.\u00a0Tabeller \u00e4r d\u00e5ligt skalbara och de \u00e4r besv\u00e4rliga att l\u00e4sa om webbsidan anv\u00e4nds med en mobiltelefon [&hellip;]<span class=\"moretag\">L\u00e4s mer \u2026<\/span><\/p>\n","protected":false},"author":10,"featured_media":0,"parent":134,"menu_order":9,"comment_status":"closed","ping_status":"closed","template":"","meta":{"_acf_changed":false,"footnotes":""},"class_list":["post-282","page","type-page","status-publish","hentry"],"acf":[],"_links":{"self":[{"href":"https:\/\/papunet.net\/saavutettavuus\/pa-svenska\/wp-json\/wp\/v2\/pages\/282","targetHints":{"allow":["GET"]}}],"collection":[{"href":"https:\/\/papunet.net\/saavutettavuus\/pa-svenska\/wp-json\/wp\/v2\/pages"}],"about":[{"href":"https:\/\/papunet.net\/saavutettavuus\/pa-svenska\/wp-json\/wp\/v2\/types\/page"}],"author":[{"embeddable":true,"href":"https:\/\/papunet.net\/saavutettavuus\/pa-svenska\/wp-json\/wp\/v2\/users\/10"}],"replies":[{"embeddable":true,"href":"https:\/\/papunet.net\/saavutettavuus\/pa-svenska\/wp-json\/wp\/v2\/comments?post=282"}],"version-history":[{"count":0,"href":"https:\/\/papunet.net\/saavutettavuus\/pa-svenska\/wp-json\/wp\/v2\/pages\/282\/revisions"}],"up":[{"embeddable":true,"href":"https:\/\/papunet.net\/saavutettavuus\/pa-svenska\/wp-json\/wp\/v2\/pages\/134"}],"wp:attachment":[{"href":"https:\/\/papunet.net\/saavutettavuus\/pa-svenska\/wp-json\/wp\/v2\/media?parent=282"}],"curies":[{"name":"wp","href":"https:\/\/api.w.org\/{rel}","templated":true}]}}