{"id":286,"date":"2022-11-28T12:41:30","date_gmt":"2022-11-28T10:41:30","guid":{"rendered":"https:\/\/papunet.net\/saavutettavuus\/?page_id=286"},"modified":"2022-12-12T10:21:57","modified_gmt":"2022-12-12T08:21:57","slug":"lagg-till-lanken-hoppa-till-innehallet","status":"publish","type":"page","link":"https:\/\/papunet.net\/saavutettavuus\/pa-svenska\/anvisningar-och-guider\/planeringsguide-om-tillgangliga-webbsidor\/lagg-till-lanken-hoppa-till-innehallet\/","title":{"rendered":"L\u00e4gg till l\u00e4nken \u201dHoppa till inneh\u00e5llet\u201d"},"content":{"rendered":"\n<p>Med avseende p\u00e5 anv\u00e4ndare av tangentbord \u00e4r det sk\u00e4l att i b\u00f6rjan av varje sida l\u00e4gga till den s\u00e5 kallade l\u00e4nken \u201dHoppa till inneh\u00e5llet\u201d, som f\u00f6r dem direkt till sidans huvudinneh\u00e5ll.<\/p>\n<p>Webbsidor inneh\u00e5ller mycket material f\u00f6re huvudinneh\u00e5llet. P\u00e5 sidorna finns ofta navigationsl\u00e4nkar, olika element f\u00f6r s\u00f6kfunktionen, bilder och reklamer.\u00a0Att komma till huvudinneh\u00e5llet kan i vanliga fall kr\u00e4va tiotals tangenttryckningar f\u00f6r anv\u00e4ndare av tangentbord.<\/p>\n<p>All on\u00f6dig information, med avseende p\u00e5 huvudinneh\u00e5llet, kan man enkelt hoppa \u00f6ver om en l\u00e4nk \u201dHoppa till inneh\u00e5llet\u201d finns i b\u00f6rjan p\u00e5 sidan.<\/p>\n<p>Anv\u00e4ndare av tangentbord har ofta ocks\u00e5 andra s\u00e4tt att hoppa \u00f6ver ov\u00e4sentligt inneh\u00e5ll. Exempelvis utnyttjar personer som anv\u00e4nder sk\u00e4rml\u00e4sningsprogram ofta sidans rubrikniv\u00e5er.<\/p>\n<p>Om man har anv\u00e4nt sig av rubrikstilar p\u00e5 sidan p\u00e5 r\u00e4tt s\u00e4tt, kan man med ett sk\u00e4rml\u00e4sningsprogram hoppa direkt fr\u00e5n en rubrik till en annan och enkelt hitta fram till huvudinneh\u00e5llet.<\/p>\n<p>Alla anv\u00e4ndare k\u00e4nner \u00e4nd\u00e5 inte till den h\u00e4r egenskapen eller kan inte anv\u00e4nda sig av den. D\u00e4rf\u00f6r \u00e4r det viktigt att kunna erbjuda flera s\u00e4tt att hitta fram till sidans huvudinneh\u00e5ll.<\/p>\n<p>L\u00e4nken \u201dHoppa till inneh\u00e5llet\u201d kan d\u00f6ljas p\u00e5 sidan. L\u00e4nken ska \u00e4nd\u00e5 synas d\u00e5 tangentmark\u00f6ren befinner sig p\u00e5 den. I annat fall kan personer med normal syn som anv\u00e4nder tangentbord eller man\u00f6verkontakt inte veta att sidan har en \u201dHoppa till inneh\u00e5llet\u201d l\u00e4nk.<\/p>\n<p>Kodexempel:<\/p>\n<p>&lt;body&gt;<\/p>\n<p>&lt;a\u00a0href=\u201d#huvudinnehall\u201d&gt;Hoppa till inneh\u00e5llet&lt;\/a&gt;<\/p>\n<p>\u2026<\/p>\n<p>\/\/H\u00e4r finns vanligtvis webbplatsens logotyp, navigationsl\u00e4nkar, s\u00f6kfunktion o.d.<\/p>\n<p>\u2026<\/p>\n<p>&lt;main id=\u201dhuvudinnehall\u201d&gt;<\/p>\n<p>&lt;h1&gt;Huvudinneh\u00e5llets f\u00f6rsta rubrik h\u00e4r&lt;\/h1&gt;<\/p>\n<p>&lt;p&gt;H\u00e4r finns f\u00f6rsta stycket&lt;\/p&gt;<\/p>\n<p>\u2026<\/p>\n\n","protected":false},"excerpt":{"rendered":"<p>Med avseende p\u00e5 anv\u00e4ndare av tangentbord \u00e4r det sk\u00e4l att i b\u00f6rjan av varje sida l\u00e4gga till den s\u00e5 kallade l\u00e4nken \u201dHoppa till inneh\u00e5llet\u201d, som f\u00f6r dem direkt till sidans huvudinneh\u00e5ll. Webbsidor inneh\u00e5ller mycket material f\u00f6re [&hellip;]<span class=\"moretag\">L\u00e4s mer \u2026<\/span><\/p>\n","protected":false},"author":10,"featured_media":0,"parent":134,"menu_order":13,"comment_status":"closed","ping_status":"closed","template":"","meta":{"_acf_changed":false,"footnotes":""},"class_list":["post-286","page","type-page","status-publish","hentry"],"acf":[],"_links":{"self":[{"href":"https:\/\/papunet.net\/saavutettavuus\/pa-svenska\/wp-json\/wp\/v2\/pages\/286","targetHints":{"allow":["GET"]}}],"collection":[{"href":"https:\/\/papunet.net\/saavutettavuus\/pa-svenska\/wp-json\/wp\/v2\/pages"}],"about":[{"href":"https:\/\/papunet.net\/saavutettavuus\/pa-svenska\/wp-json\/wp\/v2\/types\/page"}],"author":[{"embeddable":true,"href":"https:\/\/papunet.net\/saavutettavuus\/pa-svenska\/wp-json\/wp\/v2\/users\/10"}],"replies":[{"embeddable":true,"href":"https:\/\/papunet.net\/saavutettavuus\/pa-svenska\/wp-json\/wp\/v2\/comments?post=286"}],"version-history":[{"count":0,"href":"https:\/\/papunet.net\/saavutettavuus\/pa-svenska\/wp-json\/wp\/v2\/pages\/286\/revisions"}],"up":[{"embeddable":true,"href":"https:\/\/papunet.net\/saavutettavuus\/pa-svenska\/wp-json\/wp\/v2\/pages\/134"}],"wp:attachment":[{"href":"https:\/\/papunet.net\/saavutettavuus\/pa-svenska\/wp-json\/wp\/v2\/media?parent=286"}],"curies":[{"name":"wp","href":"https:\/\/api.w.org\/{rel}","templated":true}]}}