{"id":85,"date":"2022-10-26T11:03:37","date_gmt":"2022-10-26T08:03:37","guid":{"rendered":"https:\/\/papunet.net\/saavutettavuus\/?page_id=85"},"modified":"2022-12-08T11:01:34","modified_gmt":"2022-12-08T09:01:34","slug":"fysiska-och-motoriska-begransningar","status":"publish","type":"page","link":"https:\/\/papunet.net\/saavutettavuus\/pa-svenska\/varfor-tillgangligt\/vem-har-nytta-av-tillganglighet\/fysiska-och-motoriska-begransningar\/","title":{"rendered":"Fysiska och motoriska begr\u00e4nsningar"},"content":{"rendered":"\n<p>Anv\u00e4ndare av webbsidor kan ha fysiska och motoriska begr\u00e4nsningar, bland annat variationer och svagheter i muskulaturen (exempelvis ofrivilliga r\u00f6relser i h\u00e4nderna, darrningar eller f\u00f6rlamning), variationer i k\u00e4nselsinnet, vissa sjukdomar (exempelvis ledg\u00e5ngsreumatism) och avsaknad av extremiteter.<\/p>\n<p>Fysiska och motoriska variationer kan f\u00f6rsv\u00e5ra anv\u00e4ndningen av dator, men inte helt och h\u00e5llet hindra anv\u00e4ndningen. Om man beaktar dessa variationer n\u00e4r man planerar och skapar webbsidor, m\u00f6jligg\u00f6rs e-tj\u00e4nster f\u00f6r alla med hj\u00e4lp av l\u00e4mplig teknologi och hj\u00e4lpmedel.<\/p>\n<h2>Varf\u00f6r ska fysiska och motoriska begr\u00e4nsningar beaktas?<\/h2>\n<p>Om fysiska och motoriska begr\u00e4nsningar beaktas n\u00e4r man planerar och skapar webbsidor, har \u00e4ven anv\u00e4ndare som har ovann\u00e4mnda begr\u00e4nsningar m\u00f6jlighet att utr\u00e4tta \u00e4renden p\u00e5 webben.<\/p>\n<p>Att beakta fysiska och motoriska begr\u00e4nsningar hj\u00e4lper ocks\u00e5 den \u00e4ldre befolkningen, eftersom exempelvis fingrarnas finmotorik kan f\u00f6rsv\u00e5ras med stigande \u00e5lder.<\/p>\n<p>Om webbplatsen \u00e4r tillg\u00e4nglig med hj\u00e4lp av enbart tangentbord, hj\u00e4lper det f\u00f6rutom anv\u00e4ndare med fysiska och motoriska begr\u00e4nsningar ocks\u00e5 anv\u00e4ndare med synskador som har ett sk\u00e4rml\u00e4sningsprogram.<\/p>\n<h2>Hur surfar personer med motoriska begr\u00e4nsningar p\u00e5 webben?<\/h2>\n<p>Anv\u00e4ndare med lindriga fysiska och motoriska begr\u00e4nsningar kan surfa p\u00e5 webben genom att anv\u00e4nda mus eller apparatur med peksk\u00e4rm. Anv\u00e4ndarna kan ha sv\u00e5righeter med exempelvis sin fingerf\u00e4rdighet. D\u00e5 \u00e4r funktioner som kr\u00e4ver precision sv\u00e5ra att utf\u00f6ra.<\/p>\n<p>Anv\u00e4ndare som har sv\u00e5rare fysiska och motoriska begr\u00e4nsningar kan surfa p\u00e5 webben genom att anv\u00e4nda enbart tangentbord eller n\u00e5got l\u00e4mpligt hj\u00e4lpmedel.<\/p>\n<p>Dessa olika anv\u00e4ndningss\u00e4tt ska beaktas n\u00e4r man planerar och skapar webbplatser. Man m\u00e5ste komma ih\u00e5g att alla n\u00f6dv\u00e4ndigtvis inte kan anv\u00e4nda exempelvis en mus.<\/p>\n<p>N\u00e4r man planerar webbsidor ska man t\u00e4nka p\u00e5 att motoriska begr\u00e4nsningar ocks\u00e5 inverkar p\u00e5 hur snabbt och noggrant man kan utf\u00f6ra funktioner. Anv\u00e4ndarna ska f\u00e5 tillr\u00e4ckligt med tid f\u00f6r att utf\u00f6ra olika funktioner.<\/p>\n<p>Teknologi som hj\u00e4lper webbanv\u00e4ndare kan vara program som installeras p\u00e5 datorn eller fysisk apparatur. Med hj\u00e4lp av viss teknologi kan man lyckas surfa p\u00e5 webben utan att anv\u00e4nda h\u00e4nderna.<\/p>\n<p>Assisterande teknik \u00e4r exempelvis:<\/p>\n<ul>\n<li>Ergonomiska tangentbord och m\u00f6ss som \u00e4r planerade f\u00f6r vissa anv\u00e4ndare.<\/li>\n<li>En pekare som \u00e4r placerad p\u00e5 anv\u00e4ndarens huvud, med vilken hen kan styra mark\u00f6ren som r\u00f6r sig p\u00e5 sk\u00e4rmen.<\/li>\n<li>En pinne som anv\u00e4ndaren h\u00e5ller i munnen, med vilken hen kan anv\u00e4nda peksk\u00e4rmen.<\/li>\n<li>Tangentbordsbilder som syns p\u00e5 sk\u00e4rmen och som exempelvis kan anv\u00e4ndas med en mus med styrkula eller joystick.<\/li>\n<li>Man\u00f6verkontakt som kan styras exempelvis med f\u00f6tterna eller axelr\u00f6relser.<\/li>\n<li>R\u00f6ststyrning, det vill s\u00e4ga styrning av datorn med hj\u00e4lp av tal.<\/li>\n<li>Pekare som fungerar via \u00f6gonr\u00f6relser.<\/li>\n<\/ul>\n<p>D\u00e5 man anv\u00e4nder tangentbord f\u00f6r att r\u00f6ra sig p\u00e5 en webbsida, markeras konturen kring varje funktion (l\u00e4nkar, tryckknappar o.s.v.) s\u00e5 att anv\u00e4ndaren kan se vilken funktion som \u00e4r vald.<\/p>\n<p>Man kan sj\u00e4lv f\u00f6rs\u00f6ka sig p\u00e5 hur det g\u00e5r att r\u00f6ra sig p\u00e5 en webbsida med hj\u00e4lp av tangentbord och anv\u00e4nda endast tabulatortangenten (tab-tangenten).<\/p>\n<p>Datorn kan ocks\u00e5 styras med tal. Personer som inte kan anv\u00e4nda sina h\u00e4nder kan surfa p\u00e5 n\u00e4tet med hj\u00e4lp av r\u00f6ststyrning.\u00a0Kommandon ges till datorn muntligt och skrivandet sker genom diktering. Apparaten konverterar talet till skriven text.<\/p>\n<blockquote>\n<p>\u201dJag anv\u00e4nder datorn och webbsidor med hj\u00e4lp av blicken.\u00a0Jag anv\u00e4nder \u00f6gonstyrningsprogrammet MyTobii n\u00e4r jag surfar p\u00e5 webben.<\/p>\n<p>Jag anv\u00e4nder webben s\u00e5 att alla musfunktioner och tangentbordet syns i sk\u00e4rmens h\u00f6gra h\u00f6rn, n\u00e4r jag beh\u00f6ver dem, men jag kan ocks\u00e5 d\u00f6lja dem. Jag v\u00e4ljer alltid fr\u00e5n h\u00f6gra kanten n\u00e4r jag vill klicka, dra eller skriva. Jag riktar blicken p\u00e5 den knapp som jag vill klicka p\u00e5. Om menyerna p\u00e5 webbsidan \u00e4r v\u00e4ldigt sm\u00e5, \u00e4r det sv\u00e5rt att tr\u00e4ffa r\u00e4tt med blicken.\u201d<\/p>\n<p><em>Elina Ino, person med r\u00f6relseneds\u00e4ttning och talst\u00f6rning<\/em><\/p>\n<\/blockquote>\n<h2>P\u00e5 vilket s\u00e4tt ska motoriska begr\u00e4nsningar beaktas n\u00e4r man planerar och skapar webbsidor?<\/h2>\n<p>Man m\u00e5ste f\u00f6rs\u00e4kra sig om att alla funktioner p\u00e5 webbsidan kan anv\u00e4ndas med enbart tangentbord eller man\u00f6verkontakt.<\/p>\n<p>Anv\u00e4ndare som har sv\u00e5righeter med exempelvis fingrarnas finmotorik har nytta av att element som man ska klicka eller trycka p\u00e5 \u00e4r tillr\u00e4ckligt stora.<\/p>\n<p>F\u00f6r att f\u00f6rb\u00e4ttra tillg\u00e4ngligheten \u00e4r det viktigt att beakta f\u00f6ljande punkter i anknytning till motoriska begr\u00e4nsningar:<\/p>\n<ul>\n<li>G\u00f6r de klickbara och interaktiva funktionerna tillr\u00e4ckligt stora.<\/li>\n<li>Placera inte funktioner f\u00f6r n\u00e4ra varandra.\u00a0Placera exempelvis blankettf\u00e4lt tillr\u00e4ckligt l\u00e5ngt fr\u00e5n varandra.<\/li>\n<li>F\u00f6rs\u00e4kra dig om att alla funktioner p\u00e5 webbplatsen \u00e4r m\u00f6jliga att utf\u00f6ra med endast tangentbord utan mus.<\/li>\n<li>Placera inledningen av huvudinneh\u00e5llet p\u00e5 sidan (huvudrubrik och ingress) tillr\u00e4ckligt h\u00f6gt upp, s\u00e5 att man kan se den utan att beh\u00f6va rulla p\u00e5 sk\u00e4rmen.<\/li>\n<li>Ge anv\u00e4ndarna tillr\u00e4ckligt med tid f\u00f6r att utf\u00f6ra funktioner.<\/li>\n<\/ul>\n\n","protected":false},"excerpt":{"rendered":"<p>Anv\u00e4ndare av webbsidor kan ha fysiska och motoriska begr\u00e4nsningar, bland annat variationer och svagheter i muskulaturen (exempelvis ofrivilliga r\u00f6relser i h\u00e4nderna, darrningar eller f\u00f6rlamning), variationer i k\u00e4nselsinnet, vissa sjukdomar (exempelvis ledg\u00e5ngsreumatism) och avsaknad av extremiteter. Fysiska [&hellip;]<span class=\"moretag\">L\u00e4s mer \u2026<\/span><\/p>\n","protected":false},"author":10,"featured_media":0,"parent":81,"menu_order":3,"comment_status":"closed","ping_status":"closed","template":"","meta":{"_acf_changed":false,"footnotes":""},"class_list":["post-85","page","type-page","status-publish","hentry"],"acf":[],"_links":{"self":[{"href":"https:\/\/papunet.net\/saavutettavuus\/pa-svenska\/wp-json\/wp\/v2\/pages\/85","targetHints":{"allow":["GET"]}}],"collection":[{"href":"https:\/\/papunet.net\/saavutettavuus\/pa-svenska\/wp-json\/wp\/v2\/pages"}],"about":[{"href":"https:\/\/papunet.net\/saavutettavuus\/pa-svenska\/wp-json\/wp\/v2\/types\/page"}],"author":[{"embeddable":true,"href":"https:\/\/papunet.net\/saavutettavuus\/pa-svenska\/wp-json\/wp\/v2\/users\/10"}],"replies":[{"embeddable":true,"href":"https:\/\/papunet.net\/saavutettavuus\/pa-svenska\/wp-json\/wp\/v2\/comments?post=85"}],"version-history":[{"count":0,"href":"https:\/\/papunet.net\/saavutettavuus\/pa-svenska\/wp-json\/wp\/v2\/pages\/85\/revisions"}],"up":[{"embeddable":true,"href":"https:\/\/papunet.net\/saavutettavuus\/pa-svenska\/wp-json\/wp\/v2\/pages\/81"}],"wp:attachment":[{"href":"https:\/\/papunet.net\/saavutettavuus\/pa-svenska\/wp-json\/wp\/v2\/media?parent=85"}],"curies":[{"name":"wp","href":"https:\/\/api.w.org\/{rel}","templated":true}]}}