{"id":109,"date":"2022-10-26T13:06:00","date_gmt":"2022-10-26T10:06:00","guid":{"rendered":"https:\/\/papunet.net\/saavutettavuus\/?page_id=109"},"modified":"2023-02-02T10:52:13","modified_gmt":"2023-02-02T08:52:13","slug":"yleista-tietoa-saavutettavuudesta","status":"publish","type":"page","link":"https:\/\/papunet.net\/saavutettavuus\/miksi-saavutettava\/tietoa-muualla\/yleista-tietoa-saavutettavuudesta\/","title":{"rendered":"Yleist\u00e4 tietoa saavutettavuudesta"},"content":{"rendered":"\n<p>Muita sivustoja, joilla paneudutaan saavutettavuuteen syv\u00e4llisesti erilaisista n\u00e4k\u00f6kulmista.<\/p>\n<h2><a href=\"https:\/\/www.apple.com\/accessibility\/\">Apple<\/a><\/h2>\n<p>Applen saavutettavuussivuilla on paljon tietoa Applen omien tuotteiden sis\u00e4\u00e4nrakennetuista saavutettavuusominaisuuksista.<\/p>\n<h2><a href=\"https:\/\/www.google.com\/accessibility\/\">Google<\/a><\/h2>\n<p>Google on ker\u00e4nnyt omille saavutettavuussivuilleen asiaa omien tuotteidensa saavutettavuudesta. Sivustolla on ohjeita saavutettavuudesta verkkosivustojen kehitt\u00e4jille ja sis\u00e4ll\u00f6ntuottajille.<\/p>\n<h2><a href=\"https:\/\/www.ibm.com\/able\/\">IBM<\/a><\/h2>\n<p>IBM:n saavutettavuussivusto, jossa on kerrottu IBM:n omasta saavutettavuustutkimuksesta. Sivustolla on paljon my\u00f6s k\u00e4yt\u00e4nn\u00f6n ohjeita saavutettavien verkkosivustojen kehitt\u00e4jille.<\/p>\n<h2><a href=\"https:\/\/www.microsoft.com\/en-us\/accessibility\/\">Microsoft<\/a><\/h2>\n<p>Microsoftin saavutettavuussivustolla on paljon asiaa saavutettavuudesta eri k\u00e4ytt\u00e4jille ja ohjeita verkkosivustojen kehitt\u00e4jille. Sivustolla on my\u00f6s ohjeita esimerkiksi saavutettavien Word-dokumenttien tekemiseen.<\/p>\n<h2><a href=\"https:\/\/developer.mozilla.org\/en-US\/docs\/Learn\/Accessibility\">Mozilla Foundation<\/a><\/h2>\n<p>Mozilla Foundation on ker\u00e4nnyt verkkosivustojen kehitt\u00e4jille paljon hy\u00f6dyllisi\u00e4 k\u00e4yt\u00e4nn\u00f6n ohjeita ja vinkkej\u00e4, joilla saavutettavuutta voi edist\u00e4\u00e4.<\/p>\n<h2><a href=\"https:\/\/webaim.org\/\">WebAIM \u2013 Web Accessibility in Mind<\/a><\/h2>\n<p>Utahin osavaltion yll\u00e4pit\u00e4m\u00e4 saavutettavuussivusto, johon on ker\u00e4tty eritt\u00e4in kattavasti tietoa ja ohjeistuksia verkkosaavutettavuudesta. Sivustolla on my\u00f6s yksityiskohtaisia ohjeita esimerkiksi saavutettavien Word- ja PDF-dokumenttien tekemiseen.<\/p>\n<h2><a href=\"https:\/\/www.w3.org\/standards\/webdesign\/accessibility\">World Wide Web Consortium (W3C)<\/a><\/h2>\n<p>W3C on WWW-standardeja kehitt\u00e4v\u00e4 ja yll\u00e4pit\u00e4v\u00e4 kansainv\u00e4linen yhteis\u00f6, jonka saavutettavuussivuilla on eritt\u00e4in kattavasti tietoa ja ohjeistuksia verkkosaavutettavuudesta. W3C on my\u00f6s kehitt\u00e4nyt <a href=\"https:\/\/papunet.net\/saavutettavuus\/ohjeita-ja-oppaita\/teknisen-saavutettavuuden-ohjeet-wcag\/wcag-2-1-saavutettavuusohjeet\/\">Verkkosis\u00e4ll\u00f6n saavutettavuusohjeistuksen (WCAG 2.1)<\/a>, jota k\u00e4ytet\u00e4\u00e4n monen muun ohjeistuksen pohjana sek\u00e4 usein my\u00f6s lains\u00e4\u00e4d\u00e4nn\u00f6n pohjana saavutettavuusasioissa.<\/p>\n<h2><\/h2>\n\n","protected":false},"excerpt":{"rendered":"<p>Muita sivustoja, joilla paneudutaan saavutettavuuteen syv\u00e4llisesti erilaisista n\u00e4k\u00f6kulmista. Apple Applen saavutettavuussivuilla on paljon tietoa Applen omien tuotteiden sis\u00e4\u00e4nrakennetuista saavutettavuusominaisuuksista. Google Google on ker\u00e4nnyt omille saavutettavuussivuilleen asiaa omien tuotteidensa saavutettavuudesta. Sivustolla on ohjeita saavutettavuudesta verkkosivustojen kehitt\u00e4jille ja [&hellip;]<span class=\"moretag\">Lue lis\u00e4\u00e4&#8230;<\/span><\/p>\n","protected":false},"author":10,"featured_media":0,"parent":108,"menu_order":1,"comment_status":"closed","ping_status":"closed","template":"","meta":{"_acf_changed":false,"footnotes":""},"class_list":["post-109","page","type-page","status-publish","hentry"],"acf":[],"_links":{"self":[{"href":"https:\/\/papunet.net\/saavutettavuus\/wp-json\/wp\/v2\/pages\/109","targetHints":{"allow":["GET"]}}],"collection":[{"href":"https:\/\/papunet.net\/saavutettavuus\/wp-json\/wp\/v2\/pages"}],"about":[{"href":"https:\/\/papunet.net\/saavutettavuus\/wp-json\/wp\/v2\/types\/page"}],"author":[{"embeddable":true,"href":"https:\/\/papunet.net\/saavutettavuus\/wp-json\/wp\/v2\/users\/10"}],"replies":[{"embeddable":true,"href":"https:\/\/papunet.net\/saavutettavuus\/wp-json\/wp\/v2\/comments?post=109"}],"version-history":[{"count":0,"href":"https:\/\/papunet.net\/saavutettavuus\/wp-json\/wp\/v2\/pages\/109\/revisions"}],"up":[{"embeddable":true,"href":"https:\/\/papunet.net\/saavutettavuus\/wp-json\/wp\/v2\/pages\/108"}],"wp:attachment":[{"href":"https:\/\/papunet.net\/saavutettavuus\/wp-json\/wp\/v2\/media?parent=109"}],"curies":[{"name":"wp","href":"https:\/\/api.w.org\/{rel}","templated":true}]}}