{"id":125,"date":"2022-10-31T10:47:14","date_gmt":"2022-10-31T08:47:14","guid":{"rendered":"https:\/\/papunet.net\/saavutettavuus\/?page_id=125"},"modified":"2024-06-04T11:43:15","modified_gmt":"2024-06-04T08:43:15","slug":"wcag-2-2n-rakenne-ja-kaytto","status":"publish","type":"page","link":"https:\/\/papunet.net\/saavutettavuus\/ohjeita-ja-oppaita\/teknisen-saavutettavuuden-ohjeet-wcag\/wcag-2-2n-rakenne-ja-kaytto\/","title":{"rendered":"WCAG 2.2:n rakenne ja k\u00e4ytt\u00f6"},"content":{"rendered":"\n<p>WCAG 2.2 -ohjeistus sis\u00e4lt\u00e4\u00e4 saavutettavan verkkosis\u00e4ll\u00f6n <em>periaatteita<\/em>, yleisi\u00e4 <em>ohjeita<\/em> ja testattavia <em>onnistumiskriteerej\u00e4.<\/em><\/p>\n<h2>Periaatteet<\/h2>\n<p>WCAG 2.2 -ohjeistus perustuu nelj\u00e4\u00e4n (4) <em>periaatteeseen<\/em>, jotka muodostavat verkkosis\u00e4ll\u00f6n saavutettavuuden perustan:<\/p>\n<ol>\n<li>Verkkosivuston on oltava <strong>havaittava<\/strong>: verkkosivuilla oleva tieto ja k\u00e4ytt\u00f6liittym\u00e4komponentit (esimerkiksi painonapit ja tekstikent\u00e4t) on esitett\u00e4v\u00e4 tavoilla, jotka k\u00e4ytt\u00e4j\u00e4 voi havaita.<\/li>\n<li>Verkkosivuston on oltava <strong>hallittava<\/strong>: K\u00e4ytt\u00f6liittym\u00e4komponenttien ja navigoinnin tulee olla hallittavia. Kaikki verkkosivuston toiminnot t\u00e4ytyy voida suorittaa my\u00f6s apuv\u00e4lineill\u00e4 (esimerkiksi ruudunlukuohjelmalla).<\/li>\n<li>Verkkosivuston on oltava <strong>ymm\u00e4rrett\u00e4v\u00e4<\/strong>: Verkkosivuilla olevan tiedon on oltava kielellisesti ymm\u00e4rrett\u00e4v\u00e4\u00e4. K\u00e4ytt\u00f6liittym\u00e4n toiminnan on oltava loogista ja ymm\u00e4rrett\u00e4v\u00e4\u00e4.<\/li>\n<li>Verkkosivuston on oltava <strong>lujatekoinen<\/strong>: sis\u00e4ll\u00f6n on oltava riitt\u00e4v\u00e4n lujatekoinen, jotta se voidaan tulkita luotettavasti useilla erilaisilla laitteilla ja ohjelmilla, mukaan lukien apuv\u00e4lineohjelmat.<\/li>\n<\/ol>\n<h2>Ohjeet<\/h2>\n<p>WCAG 2.2 -ohjeistus sis\u00e4lt\u00e4\u00e4 yhteens\u00e4 kolmetoista (13) <em>ohjetta<\/em>. Ohjeet antavat verkkosivuston kehitt\u00e4jille ja arvioijille kattavan kuvan siit\u00e4, mit\u00e4 asioita tulisi ottaa huomioon saavutettavuuden varmistamiseksi.<\/p>\n<h2>Onnistumiskriteerit<\/h2>\n<p>WCAG 2.2 -ohjeistuksen kaikki kolmetoista ohjetta sis\u00e4lt\u00e4v\u00e4t useita <em>onnistumiskriteerej\u00e4<\/em>. Onnistumiskriteerej\u00e4 on yhteens\u00e4 kahdeksankymment\u00e4seitsem\u00e4n (87). Kriteereiss\u00e4 on ilmaistu, mit\u00e4 verkkosivuilta vaaditaan, jotta ne l\u00e4p\u00e4isev\u00e4t onnistumiskriteerit. Kriteerej\u00e4 on kolmen tasoisia: A (matalin), AA ja AAA (korkein).<\/p>\n<p>Lains\u00e4\u00e4d\u00e4nt\u00f6 vaatii toistaiseksi, ett\u00e4 verkkosivusto on saavutettavuudeltaan WCAG 2.1 -ohjeistuksen AA-tason mukainen. T\u00e4m\u00e4 tarkoittaa sit\u00e4, ett\u00e4 sivuston tulee l\u00e4p\u00e4ist\u00e4 kaikki kyseisen version A- ja AA-tasojen onnistumiskriteerit. AA-tasolla onnistumiskriteerej\u00e4 on yhteens\u00e4 viisikymment\u00e4 (50).<\/p>\n<p>Jos sivusto ei l\u00e4p\u00e4ise jotain yksitt\u00e4ist\u00e4 A-tason kriteeri\u00e4, sivuston saavutettavuusluokitus j\u00e4\u00e4 nollaan, vaikka kaikki muut onnistumiskriteerit t\u00e4yttyisiv\u00e4t. Jos sivusto l\u00e4p\u00e4isee kaikki A-tason kriteerit mutta ei kaikkia AA-tason kriteerej\u00e4, sivuston saavutettavuusluokitus on A.<\/p>\n<h2>WCAG 2.2:n rakenne ja k\u00e4ytt\u00f6<\/h2>\n<p>Verkkosivuston saavutettavuutta arvioivat asiantuntijat voivat hy\u00f6dynt\u00e4\u00e4 WCAG 2.2 -ohjeistusta. Sivuston asiantuntija-arviossa k\u00e4yd\u00e4\u00e4n l\u00e4pi kaikki halutun saavutettavuustason (esimerkiksi AA-tason) yksitt\u00e4iset onnistumiskriteerit.<\/p>\n<p>On t\u00e4rke\u00e4\u00e4 arvioida sivuston useita erilaisia alasivuja, erilaisia sivupohjia ja tyypillisi\u00e4 sivuston k\u00e4ytt\u00f6tilanteita. Moneen tyypilliseen k\u00e4ytt\u00f6tilanteeseen saattaa liitty\u00e4 useita eri vaiheita ja alasivuja. Sivuston jokaista yksitt\u00e4isi\u00e4 alasivua ei ole tarpeellista arvioida.<\/p>\n\n","protected":false},"excerpt":{"rendered":"<p>WCAG 2.2 -ohjeistus sis\u00e4lt\u00e4\u00e4 saavutettavan verkkosis\u00e4ll\u00f6n periaatteita, yleisi\u00e4 ohjeita ja testattavia onnistumiskriteerej\u00e4. Periaatteet WCAG 2.2 -ohjeistus perustuu nelj\u00e4\u00e4n (4) periaatteeseen, jotka muodostavat verkkosis\u00e4ll\u00f6n saavutettavuuden perustan: Verkkosivuston on oltava havaittava: verkkosivuilla oleva tieto ja k\u00e4ytt\u00f6liittym\u00e4komponentit (esimerkiksi painonapit [&hellip;]<span class=\"moretag\">Lue lis\u00e4\u00e4&#8230;<\/span><\/p>\n","protected":false},"author":10,"featured_media":0,"parent":124,"menu_order":1,"comment_status":"closed","ping_status":"closed","template":"","meta":{"_acf_changed":false,"footnotes":""},"class_list":["post-125","page","type-page","status-publish","hentry"],"acf":[],"_links":{"self":[{"href":"https:\/\/papunet.net\/saavutettavuus\/wp-json\/wp\/v2\/pages\/125","targetHints":{"allow":["GET"]}}],"collection":[{"href":"https:\/\/papunet.net\/saavutettavuus\/wp-json\/wp\/v2\/pages"}],"about":[{"href":"https:\/\/papunet.net\/saavutettavuus\/wp-json\/wp\/v2\/types\/page"}],"author":[{"embeddable":true,"href":"https:\/\/papunet.net\/saavutettavuus\/wp-json\/wp\/v2\/users\/10"}],"replies":[{"embeddable":true,"href":"https:\/\/papunet.net\/saavutettavuus\/wp-json\/wp\/v2\/comments?post=125"}],"version-history":[{"count":0,"href":"https:\/\/papunet.net\/saavutettavuus\/wp-json\/wp\/v2\/pages\/125\/revisions"}],"up":[{"embeddable":true,"href":"https:\/\/papunet.net\/saavutettavuus\/wp-json\/wp\/v2\/pages\/124"}],"wp:attachment":[{"href":"https:\/\/papunet.net\/saavutettavuus\/wp-json\/wp\/v2\/media?parent=125"}],"curies":[{"name":"wp","href":"https:\/\/api.w.org\/{rel}","templated":true}]}}