{"id":155,"date":"2022-11-01T13:47:10","date_gmt":"2022-11-01T11:47:10","guid":{"rendered":"https:\/\/papunet.net\/saavutettavuus\/?page_id=155"},"modified":"2023-04-03T11:00:01","modified_gmt":"2023-04-03T08:00:01","slug":"saavutettavuuden-arviointi","status":"publish","type":"page","link":"https:\/\/papunet.net\/saavutettavuus\/ohjeita-ja-oppaita\/saavutettavuuden-arviointi\/","title":{"rendered":"Saavutettavuuden arviointi"},"content":{"rendered":"\n<p>Verkkosivustojen saavutettavuuden ja k\u00e4ytett\u00e4vyyden arviointiin on olemassa useita menetelmi\u00e4. Jokaisessa on omat vahvuutensa ja heikkoutensa. Sivustoja kannattaa arvioida mahdollisimman monella eri menetelm\u00e4ll\u00e4, jotta siit\u00e4 saadaan mahdollisimman saavutettava.<\/p>\n<p>Saavutettavuuden arviointiin tarkoitettuja menetelmi\u00e4 suositellaan k\u00e4ytett\u00e4v\u00e4ksi kaikissa verkkosivuston kehitysvaiheissa: sivujen suunnitteluvaiheessa, koodausvaiheessa ja kun sivuille luodaan sis\u00e4lt\u00f6\u00e4.<\/p>\n<p>Saavutettavuuden ja k\u00e4ytett\u00e4vyyden arviointia ei kannata j\u00e4tt\u00e4\u00e4 viimeiseksi. Saavutettavien sivujen toteuttaminen on vaivattominta ja usein my\u00f6s edullisinta, kun sivuston saavutettavuus huomioidaan jo varhaisessa vaiheessa.<\/p>\n<p>Saavutettavuuden arviointia on syyt\u00e4 jatkaa my\u00f6s sen j\u00e4lkeen, kun sivusto on julkaistu, jotta kaikki sivustolle tulevaisuudessa luotava sis\u00e4lt\u00f6 olisi mahdollisimman saavutettavaa mahdollisimman monelle eri k\u00e4ytt\u00e4j\u00e4lle.<\/p>\n\n<a href=\"https:\/\/papunet.net\/saavutettavuus\/ohjeita-ja-oppaita\/saavutettavuuden-arviointi\/saavutettavuuden-arvioinnin-suunnitelma\/\" class=\"wp-block-tiptip-hyperlink-group-block\">\n<div class=\"wp-block-media-text alignwide\" style=\"grid-template-columns:15% auto\">\n<figure class=\"wp-block-media-text__media\"><img loading=\"lazy\" decoding=\"async\" width=\"300\" height=\"300\" src=\"https:\/\/papunet.net\/saavutettavuus\/wp-content\/uploads\/2023\/01\/prosessinuolet4.png\" alt=\"\" class=\"wp-image-490 size-full img-responsive\" srcset=\"https:\/\/papunet.net\/saavutettavuus\/wp-content\/uploads\/2023\/01\/prosessinuolet4.png 300w, https:\/\/papunet.net\/saavutettavuus\/wp-content\/uploads\/2023\/01\/prosessinuolet4-150x150.png 150w\" sizes=\"auto, (max-width: 300px) 100vw, 300px\" \/><\/figure><div class=\"wp-block-media-text__content\">\n<h2 class=\"wp-block-heading\">Saavutettavuuden arvioinnin suunnitelma<\/h2>\n\n\n\n<p>Asioita, joita arvioijan ja verkkopalvelun tilaajaosapuolen tulee ottaa huomioon ennen arvioinnin aloittamista.<\/p>\n<\/div>\n<\/div>\n<\/a>\n\n<a href=\"https:\/\/papunet.net\/saavutettavuus\/ohjeita-ja-oppaita\/saavutettavuuden-arviointi\/saavutettavuuden-testaaminen-itse\/\" class=\"wp-block-tiptip-hyperlink-group-block\">\n<div class=\"wp-block-media-text alignwide\" style=\"grid-template-columns:15% auto\">\n<figure class=\"wp-block-media-text__media\"><img loading=\"lazy\" decoding=\"async\" width=\"300\" height=\"300\" src=\"https:\/\/papunet.net\/saavutettavuus\/wp-content\/uploads\/2023\/01\/saav_arviointi_itsetestaus2.png\" alt=\"\" class=\"wp-image-492 size-full img-responsive\" srcset=\"https:\/\/papunet.net\/saavutettavuus\/wp-content\/uploads\/2023\/01\/saav_arviointi_itsetestaus2.png 300w, https:\/\/papunet.net\/saavutettavuus\/wp-content\/uploads\/2023\/01\/saav_arviointi_itsetestaus2-150x150.png 150w\" sizes=\"auto, (max-width: 300px) 100vw, 300px\" \/><\/figure><div class=\"wp-block-media-text__content\">\n<h2 class=\"wp-block-heading\">Saavutettavuuden testaaminen itse<\/h2>\n\n\n\n<p>Ohjeita siit\u00e4, miten verkkosivujen kehitysty\u00f6ss\u00e4 mukana olevat voivat omilla laitteillaan varmistaa sivuston toimivuutta.<\/p>\n<\/div>\n<\/div>\n<\/a>\n\n<a href=\"https:\/\/papunet.net\/saavutettavuus\/ohjeita-ja-oppaita\/saavutettavuuden-arviointi\/tyokaluja-saavutettavuusarvioinnin-tukena\/\" class=\"wp-block-tiptip-hyperlink-group-block\">\n<div class=\"wp-block-media-text alignwide\" style=\"grid-template-columns:15% auto\">\n<figure class=\"wp-block-media-text__media\"><img loading=\"lazy\" decoding=\"async\" width=\"300\" height=\"300\" src=\"https:\/\/papunet.net\/saavutettavuus\/wp-content\/uploads\/2023\/01\/saav_arviointi_tyokalut.png\" alt=\"\" class=\"wp-image-493 size-full img-responsive\" srcset=\"https:\/\/papunet.net\/saavutettavuus\/wp-content\/uploads\/2023\/01\/saav_arviointi_tyokalut.png 300w, https:\/\/papunet.net\/saavutettavuus\/wp-content\/uploads\/2023\/01\/saav_arviointi_tyokalut-150x150.png 150w\" sizes=\"auto, (max-width: 300px) 100vw, 300px\" \/><\/figure><div class=\"wp-block-media-text__content\">\n<h2 class=\"wp-block-heading\">Ty\u00f6kaluja saavutettavuusarvioinnin tukena<\/h2>\n\n\n\n<p>Esittely erilaisista verkossa toimivista ja tietokoneelle asennettavista ty\u00f6kaluista, joita voidaan hy\u00f6dynt\u00e4\u00e4 saavutettavuusty\u00f6ss\u00e4.<\/p>\n<\/div>\n<\/div>\n<\/a>\n\n<a href=\"https:\/\/papunet.net\/saavutettavuus\/ohjeita-ja-oppaita\/saavutettavuuden-arviointi\/kayttajatestaaminen\/\" class=\"wp-block-tiptip-hyperlink-group-block\">\n<div class=\"wp-block-media-text alignwide\" style=\"grid-template-columns:15% auto\">\n<figure class=\"wp-block-media-text__media\"><img loading=\"lazy\" decoding=\"async\" width=\"300\" height=\"300\" src=\"https:\/\/papunet.net\/saavutettavuus\/wp-content\/uploads\/2023\/01\/saav_arviointi_kayttajatestaus2.png\" alt=\"\" class=\"wp-image-494 size-full img-responsive\" srcset=\"https:\/\/papunet.net\/saavutettavuus\/wp-content\/uploads\/2023\/01\/saav_arviointi_kayttajatestaus2.png 300w, https:\/\/papunet.net\/saavutettavuus\/wp-content\/uploads\/2023\/01\/saav_arviointi_kayttajatestaus2-150x150.png 150w\" sizes=\"auto, (max-width: 300px) 100vw, 300px\" \/><\/figure><div class=\"wp-block-media-text__content\">\n<h2 class=\"wp-block-heading\">K\u00e4ytt\u00e4j\u00e4testaaminen<\/h2>\n\n\n\n<p>Ohjeita siit\u00e4, miten loppuk\u00e4ytt\u00e4ji\u00e4 kannattaa hy\u00f6dynt\u00e4\u00e4 saavutettavuuden ja k\u00e4ytett\u00e4vyyden varmistamiseksi.<\/p>\n<\/div>\n<\/div>\n<\/a>\n\n","protected":false},"excerpt":{"rendered":"<p>Verkkosivustojen saavutettavuuden ja k\u00e4ytett\u00e4vyyden arviointiin on olemassa useita menetelmi\u00e4. Jokaisessa on omat vahvuutensa ja heikkoutensa. Sivustoja kannattaa arvioida mahdollisimman monella eri menetelm\u00e4ll\u00e4, jotta siit\u00e4 saadaan mahdollisimman saavutettava. Saavutettavuuden arviointiin tarkoitettuja menetelmi\u00e4 suositellaan k\u00e4ytett\u00e4v\u00e4ksi kaikissa verkkosivuston kehitysvaiheissa: [&hellip;]<span class=\"moretag\">Lue lis\u00e4\u00e4&#8230;<\/span><\/p>\n","protected":false},"author":10,"featured_media":156,"parent":11,"menu_order":6,"comment_status":"closed","ping_status":"closed","template":"","meta":{"_acf_changed":false,"footnotes":""},"class_list":["post-155","page","type-page","status-publish","has-post-thumbnail","hentry"],"acf":[],"_links":{"self":[{"href":"https:\/\/papunet.net\/saavutettavuus\/wp-json\/wp\/v2\/pages\/155","targetHints":{"allow":["GET"]}}],"collection":[{"href":"https:\/\/papunet.net\/saavutettavuus\/wp-json\/wp\/v2\/pages"}],"about":[{"href":"https:\/\/papunet.net\/saavutettavuus\/wp-json\/wp\/v2\/types\/page"}],"author":[{"embeddable":true,"href":"https:\/\/papunet.net\/saavutettavuus\/wp-json\/wp\/v2\/users\/10"}],"replies":[{"embeddable":true,"href":"https:\/\/papunet.net\/saavutettavuus\/wp-json\/wp\/v2\/comments?post=155"}],"version-history":[{"count":0,"href":"https:\/\/papunet.net\/saavutettavuus\/wp-json\/wp\/v2\/pages\/155\/revisions"}],"up":[{"embeddable":true,"href":"https:\/\/papunet.net\/saavutettavuus\/wp-json\/wp\/v2\/pages\/11"}],"wp:featuredmedia":[{"embeddable":true,"href":"https:\/\/papunet.net\/saavutettavuus\/wp-json\/wp\/v2\/media\/156"}],"wp:attachment":[{"href":"https:\/\/papunet.net\/saavutettavuus\/wp-json\/wp\/v2\/media?parent=155"}],"curies":[{"name":"wp","href":"https:\/\/api.w.org\/{rel}","templated":true}]}}