{"id":162,"date":"2022-11-02T12:06:53","date_gmt":"2022-11-02T10:06:53","guid":{"rendered":"https:\/\/papunet.net\/saavutettavuus\/?page_id=162"},"modified":"2023-01-31T10:18:02","modified_gmt":"2023-01-31T08:18:02","slug":"asiakirjojen-saavutettavuus","status":"publish","type":"page","link":"https:\/\/papunet.net\/saavutettavuus\/ohjeita-ja-oppaita\/asiakirjojen-saavutettavuus\/","title":{"rendered":"Asiakirjojen saavutettavuus"},"content":{"rendered":"\n<p>Saavutettavuus koskee verkkosivuilla ja mobiilisovelluksissa esitettyjen sis\u00e4lt\u00f6jen lis\u00e4ksi my\u00f6s erilaisia asiakirjoja ja tiedostoja. Suosittelemme tutustumaan t\u00e4ll\u00e4 sivulla oleviin linkkehin, joissa perehdyt\u00e4\u00e4n saavutettavuuteen syv\u00e4llisemmin ja k\u00e4yt\u00e4nn\u00f6nl\u00e4heisill\u00e4 ohjeilla sek\u00e4 esimerkeill\u00e4.<\/p>\n<h2>Muista n\u00e4m\u00e4<\/h2>\n<ul>\n<li>Merkitse otsikot otsikoiksi k\u00e4ytt\u00e4en otsikkoty\u00f6kalua \u2013 \u00e4l\u00e4 vain suurenna fonttia.<\/li>\n<li>Merkitse listat k\u00e4ytt\u00e4en listaty\u00f6kalua.<\/li>\n<li>Laita kuville tekstivastineet.<\/li>\n<li>K\u00e4yt\u00e4 taulukoita vain taulukkomuotoisen datan esitt\u00e4miseen.<\/li>\n<li>Tekstin ja taustan v\u00e4lisen tummuuskontrastin tulee olla v\u00e4hint\u00e4\u00e4n 4,5:1.<\/li>\n<li>Sis\u00e4ll\u00f6n ymm\u00e4rt\u00e4misen kannalta olennaisten kuvakkeiden, kuvaajien yms. tummuuskontrastin suhteessa taustaan tulee olla v\u00e4hint\u00e4\u00e4n 3:1.<\/li>\n<li>\u00c4l\u00e4 k\u00e4yt\u00e4 pelkk\u00e4\u00e4 v\u00e4ri\u00e4 v\u00e4litt\u00e4m\u00e4\u00e4n informaatiota tai kuvaamaan merkityst\u00e4.<\/li>\n<li>Varmista, ett\u00e4 tiedoston kieliasetus vastaa sis\u00e4ll\u00f6n kielt\u00e4.<\/li>\n<li>Anna tiedostolle kuvaava nimi.<\/li>\n<\/ul>\n<h2>Tietoa muualla<\/h2>\n<p>Olemme listanneet t\u00e4h\u00e4n linkkej\u00e4 eri sivustoille, joissa on paljon hyvi\u00e4 ohjeita ja vinkkej\u00e4 saavutettavien asiakirjojen tekemist\u00e4 varten.<\/p>\n<h3>Ohjeita suomeksi<\/h3>\n<h4><a href=\"https:\/\/www.saavutettavasti.fi\/saavutettavat-asiakirjat\/\">Saavutettavasti.fi \u2013 Saavutettavat asiakirjat<\/a><\/h4>\n<p>K\u00e4yt\u00e4nn\u00f6nl\u00e4heisi\u00e4 ohjeita ja vinkkej\u00e4 saavutettavista Word-, PowerPoint-, Excel ja PDF-tiedostoista.<\/p>\n<h4><a href=\"https:\/\/www.eoppiva.fi\/koulutukset\/saavutettavat-asiakirjat-verkossa\/\">eOppivan Saavutettavat asiakirjat verkossa -koulutus<\/a><\/h4>\n<p>Koulutuksen k\u00e4yt\u00e4nn\u00f6n ohjeet auttavat sinua tuottamaan saavutettavia asiakirjoja, eli erilaisia verkossa julkaistavia ohjeita, raportteja ja esityksi\u00e4. Koulutuksessa keskityt\u00e4\u00e4n Word-, PowerPoint- ja Excel-tiedostoihin sek\u00e4 siihen, miten ne muunnetaan oikein PDF-muotoon.<\/p>\n<h4><a href=\"https:\/\/support.microsoft.com\/fi-fi\/office\/tee-word-asiakirjoistasi-helppok%C3%A4ytt%C3%B6isi%C3%A4-toimintarajoitteisille-k%C3%A4ytt%C3%A4jille-d9bf3683-87ac-47ea-b91a-78dcacb3c66d\">Tee Word-asiakirjoistasi helppok\u00e4ytt\u00f6isi\u00e4 toimintarajoitteisille k\u00e4ytt\u00e4jille \u2013 Microsoft<\/a><\/h4>\n<p>Ohjeet ja parhaat k\u00e4yt\u00e4nn\u00f6t, joiden avulla teet Word-asiakirjojasi helppok\u00e4ytt\u00f6isiksi ihmisille, joilla on vammoja tai toimintarajoitteita.<\/p>\n<h3>Ohjeita englanniksi<\/h3>\n<h4><a href=\"https:\/\/webaim.org\/techniques\/word\/\">Creating Accessible Word Documents \u2013 WebAIM.org<\/a><\/h4>\n<p>There are several things you can do to make your Word Documents more accessible for people with disabilities.<\/p>\n\n","protected":false},"excerpt":{"rendered":"<p>Saavutettavuus koskee verkkosivuilla ja mobiilisovelluksissa esitettyjen sis\u00e4lt\u00f6jen lis\u00e4ksi my\u00f6s erilaisia asiakirjoja ja tiedostoja. Suosittelemme tutustumaan t\u00e4ll\u00e4 sivulla oleviin linkkehin, joissa perehdyt\u00e4\u00e4n saavutettavuuteen syv\u00e4llisemmin ja k\u00e4yt\u00e4nn\u00f6nl\u00e4heisill\u00e4 ohjeilla sek\u00e4 esimerkeill\u00e4. Muista n\u00e4m\u00e4 Merkitse otsikot otsikoiksi k\u00e4ytt\u00e4en otsikkoty\u00f6kalua \u2013 [&hellip;]<span class=\"moretag\">Lue lis\u00e4\u00e4&#8230;<\/span><\/p>\n","protected":false},"author":10,"featured_media":0,"parent":11,"menu_order":7,"comment_status":"closed","ping_status":"closed","template":"","meta":{"_acf_changed":false,"footnotes":""},"class_list":["post-162","page","type-page","status-publish","hentry"],"acf":[],"_links":{"self":[{"href":"https:\/\/papunet.net\/saavutettavuus\/wp-json\/wp\/v2\/pages\/162","targetHints":{"allow":["GET"]}}],"collection":[{"href":"https:\/\/papunet.net\/saavutettavuus\/wp-json\/wp\/v2\/pages"}],"about":[{"href":"https:\/\/papunet.net\/saavutettavuus\/wp-json\/wp\/v2\/types\/page"}],"author":[{"embeddable":true,"href":"https:\/\/papunet.net\/saavutettavuus\/wp-json\/wp\/v2\/users\/10"}],"replies":[{"embeddable":true,"href":"https:\/\/papunet.net\/saavutettavuus\/wp-json\/wp\/v2\/comments?post=162"}],"version-history":[{"count":0,"href":"https:\/\/papunet.net\/saavutettavuus\/wp-json\/wp\/v2\/pages\/162\/revisions"}],"up":[{"embeddable":true,"href":"https:\/\/papunet.net\/saavutettavuus\/wp-json\/wp\/v2\/pages\/11"}],"wp:attachment":[{"href":"https:\/\/papunet.net\/saavutettavuus\/wp-json\/wp\/v2\/media?parent=162"}],"curies":[{"name":"wp","href":"https:\/\/api.w.org\/{rel}","templated":true}]}}