{"id":172,"date":"2022-11-02T13:56:24","date_gmt":"2022-11-02T11:56:24","guid":{"rendered":"https:\/\/papunet.net\/saavutettavuus\/?page_id=172"},"modified":"2023-01-31T11:45:06","modified_gmt":"2023-01-31T09:45:06","slug":"twitter","status":"publish","type":"page","link":"https:\/\/papunet.net\/saavutettavuus\/ohjeita-ja-oppaita\/sosiaalisen-median-saavutettavuus\/twitter\/","title":{"rendered":"Twitter"},"content":{"rendered":"\n<p>Twitteriss\u00e4 on mahdollista lis\u00e4t\u00e4 kuville tekstivastine.<\/p>\n<h2>Tekstivastineen lis\u00e4\u00e4minen verkkoselaimella<\/h2>\n<ol>\n<li>Aloita tekem\u00e4\u00e4n uutta twiitti\u00e4.<\/li>\n<li>Paina <strong>Lis\u00e4\u00e4 kuvia tai video<\/strong> -painiketta<\/li>\n<li>Paina <strong>Lis\u00e4\u00e4 kuvaus<\/strong>.<\/li>\n<li>T\u00e4ss\u00e4 v\u00e4liss\u00e4 saattaa tulla ilmoitus, jossa viel\u00e4 kysyt\u00e4\u00e4n, haluatko lis\u00e4t\u00e4 kuvalle kuvauksen. Paina <strong>Kyll\u00e4<\/strong>.<\/li>\n<li>Lis\u00e4\u00e4 kuvalle kuvaus (tekstivastine) eli kerro, mit\u00e4 kuvassa n\u00e4kyy. Varmista, ett\u00e4 kuvan yl\u00e4puolella oleva <strong>ALT<\/strong>-v\u00e4lilehti on valittu. T\u00e4m\u00e4 pit\u00e4isi olla oletusarvoisesti valittu jo valmiiksi. (Ruudunlukuohjelmaa k\u00e4ytt\u00e4ville t\u00e4m\u00e4n v\u00e4lilehden kohdalla lukee <strong>Muokkaa kuvan kuvausta<\/strong>.)<\/li>\n<li>Paina <strong>Tallenna<\/strong>.<\/li>\n<li>Kirjoita oma twiittisi ja paina <strong>Twiittaa<\/strong>.<\/li>\n<\/ol>\n<p>Mik\u00e4li kuvassa on teksti\u00e4, kirjoita kuvassa n\u00e4kyv\u00e4 teksti auki my\u00f6s itse julkaisuun. Jos Twitterin tarjoama merkkim\u00e4\u00e4r\u00e4 ei riit\u00e4 kuvassa olevan tekstin aukikirjoittamiseen, kirjoita teksti erillisen linkin taakse, johon p\u00e4\u00e4see suoraan kyseisest\u00e4 Twitter-p\u00e4ivityksest\u00e4.<\/p>\n<p>Tekstivastine on mahdollista lis\u00e4t\u00e4 kuville my\u00f6s julkaisun j\u00e4lkeen muokkaamalla kyseist\u00e4 julkaisua.<\/p>\n<div id=\"attachment_173\" class=\"wp-caption alignnone\" style=\"width: auto !important; height: auto !important;\">\n<img loading=\"lazy\" decoding=\"async\" class=\"size-medium wp-image-173 img-responsive\" src=\"https:\/\/papunet.net\/saavutettavuus\/wp-content\/uploads\/2022\/11\/tviitti1_2-300x247.png\" alt=\"Ohjekuva vaihtoehtoisen tekstin lis\u00e4\u00e4miseen. \" width=\"300\" height=\"247\" srcset=\"https:\/\/papunet.net\/saavutettavuus\/wp-content\/uploads\/2022\/11\/tviitti1_2-300x247.png 300w, https:\/\/papunet.net\/saavutettavuus\/wp-content\/uploads\/2022\/11\/tviitti1_2.png 460w\" sizes=\"auto, (max-width: 300px) 100vw, 300px\" \/><span class=\"image-text\"><em>Ku\u00advan li\u00ads\u00e4\u00e4\u00admi\u00adsen j\u00e4l\u00adkeen va\u00adlit\u00adse \u201dLi\u00ads\u00e4\u00e4 ku\u00advaus\u201d.<\/em><\/span>\n<\/div>\n<div id=\"attachment_174\" class=\"wp-caption alignnone\" style=\"width: auto !important; height: auto !important;\">\n<img loading=\"lazy\" decoding=\"async\" class=\"size-medium wp-image-174 img-responsive\" src=\"https:\/\/papunet.net\/saavutettavuus\/wp-content\/uploads\/2022\/11\/tviitti2_2-286x300.png\" alt=\"Ohjekuva vaihtoehtoisen tekstin lis\u00e4\u00e4miseen.\" width=\"286\" height=\"300\" srcset=\"https:\/\/papunet.net\/saavutettavuus\/wp-content\/uploads\/2022\/11\/tviitti2_2-286x300.png 286w, https:\/\/papunet.net\/saavutettavuus\/wp-content\/uploads\/2022\/11\/tviitti2_2.png 460w\" sizes=\"auto, (max-width: 286px) 100vw, 286px\" \/><span class=\"image-text\"><em>Li\u00ads\u00e4\u00e4 ku\u00adval\u00adle ku\u00advaus (teks\u00adti\u00advas\u00adti\u00adne) eli ker\u00adro, mit\u00e4 ku\u00advas\u00adsa n\u00e4\u00adkyy. Var\u00admis\u00adta, ett\u00e4 ku\u00advan yl\u00e4\u00adpuo\u00adlel\u00adla ole\u00adva ALT-v\u00e4\u00adli\u00adleh\u00adti on va\u00adlit\u00adtu. T\u00e4m\u00e4 pi\u00adt\u00e4i\u00adsi olla ole\u00adtusar\u00advoi\u00adses\u00adti va\u00adlit\u00adtu jo val\u00admiik\u00adsi. (Ruu\u00addun\u00adlu\u00adkuoh\u00adjel\u00admaa k\u00e4yt\u00adt\u00e4\u00advil\u00adle t\u00e4\u00adm\u00e4n v\u00e4\u00adli\u00adleh\u00adden koh\u00addal\u00adla lu\u00adkee \u201dMuok\u00adkaa ku\u00advan ku\u00advaus\u00adta\u201d.)<\/em><\/span>\n<\/div>\n<div id=\"attachment_175\" class=\"wp-caption alignnone\" style=\"width: auto !important; height: auto !important;\">\n<img loading=\"lazy\" decoding=\"async\" class=\"size-medium wp-image-175 img-responsive\" src=\"https:\/\/papunet.net\/saavutettavuus\/wp-content\/uploads\/2022\/11\/tviitti3_3-300x265.png\" alt=\"Ohjekuva vaihtoehtoisen tekstin lis\u00e4\u00e4miseen.\" width=\"300\" height=\"265\" srcset=\"https:\/\/papunet.net\/saavutettavuus\/wp-content\/uploads\/2022\/11\/tviitti3_3-300x265.png 300w, https:\/\/papunet.net\/saavutettavuus\/wp-content\/uploads\/2022\/11\/tviitti3_3.png 460w\" sizes=\"auto, (max-width: 300px) 100vw, 300px\" \/><span class=\"image-text\"><em>Nyt ku\u00adval\u00adla on so\u00adpi\u00adva teks\u00adti\u00advas\u00adti\u00adne ja se on val\u00admis jul\u00adkais\u00adta\u00advak\u00adsi.<\/em><\/span>\n<\/div>\n<h2>Lue li\u00ads\u00e4\u00e4 Twit\u00adte\u00adrin omil\u00adta si\u00advuil\u00adta<\/h2>\n<p>Tu\u00adtus\u00adtu Twit\u00adte\u00adrin omiin oh\u00adjei\u00adsiin teks\u00adti\u00advas\u00adti\u00adneen li\u00ads\u00e4\u00e4\u00admi\u00adses\u00adt\u00e4. Oh\u00adjeet ovat englan\u00adnik\u00adsi.<\/p>\n<p><a href=\"https:\/\/help.twitter.com\/en\/using-twitter\/picture-descriptions\">Teks\u00adti\u00advas\u00adti\u00adneen li\u00ads\u00e4\u00e4\u00admi\u00adnen Twit\u00adte\u00adris\u00ads\u00e4<\/a><\/p>\n\n","protected":false},"excerpt":{"rendered":"<p>Twitteriss\u00e4 on mahdollista lis\u00e4t\u00e4 kuville tekstivastine. Tekstivastineen lis\u00e4\u00e4minen verkkoselaimella Aloita tekem\u00e4\u00e4n uutta twiitti\u00e4. Paina Lis\u00e4\u00e4 kuvia tai video -painiketta Paina Lis\u00e4\u00e4 kuvaus. T\u00e4ss\u00e4 v\u00e4liss\u00e4 saattaa tulla ilmoitus, jossa viel\u00e4 kysyt\u00e4\u00e4n, haluatko lis\u00e4t\u00e4 kuvalle kuvauksen. Paina Kyll\u00e4. [&hellip;]<span class=\"moretag\">Lue lis\u00e4\u00e4&#8230;<\/span><\/p>\n","protected":false},"author":10,"featured_media":0,"parent":163,"menu_order":3,"comment_status":"closed","ping_status":"closed","template":"","meta":{"_acf_changed":false,"footnotes":""},"class_list":["post-172","page","type-page","status-publish","hentry"],"acf":[],"_links":{"self":[{"href":"https:\/\/papunet.net\/saavutettavuus\/wp-json\/wp\/v2\/pages\/172","targetHints":{"allow":["GET"]}}],"collection":[{"href":"https:\/\/papunet.net\/saavutettavuus\/wp-json\/wp\/v2\/pages"}],"about":[{"href":"https:\/\/papunet.net\/saavutettavuus\/wp-json\/wp\/v2\/types\/page"}],"author":[{"embeddable":true,"href":"https:\/\/papunet.net\/saavutettavuus\/wp-json\/wp\/v2\/users\/10"}],"replies":[{"embeddable":true,"href":"https:\/\/papunet.net\/saavutettavuus\/wp-json\/wp\/v2\/comments?post=172"}],"version-history":[{"count":0,"href":"https:\/\/papunet.net\/saavutettavuus\/wp-json\/wp\/v2\/pages\/172\/revisions"}],"up":[{"embeddable":true,"href":"https:\/\/papunet.net\/saavutettavuus\/wp-json\/wp\/v2\/pages\/163"}],"wp:attachment":[{"href":"https:\/\/papunet.net\/saavutettavuus\/wp-json\/wp\/v2\/media?parent=172"}],"curies":[{"name":"wp","href":"https:\/\/api.w.org\/{rel}","templated":true}]}}