{"id":198,"date":"2022-11-17T14:04:33","date_gmt":"2022-11-17T12:04:33","guid":{"rendered":"https:\/\/papunet.net\/saavutettavuus\/?page_id=198"},"modified":"2023-02-07T10:40:23","modified_gmt":"2023-02-07T08:40:23","slug":"1-2-9-pelkka-audio-suorissa-lahetyksissa","status":"publish","type":"page","link":"https:\/\/papunet.net\/saavutettavuus\/ohjeita-ja-oppaita\/teknisen-saavutettavuuden-ohjeet-wcag\/wcag-2-2-saavutettavuusohjeet\/1-2-9-pelkka-audio-suorissa-lahetyksissa\/","title":{"rendered":"1.2.9 Pelkk\u00e4 audio (suorissa l\u00e4hetyksiss\u00e4)"},"content":{"rendered":"\n<h2>Kri\u00adtee\u00adrin taso: AAA<\/h2>\n<h2>Ku\u00advaus<\/h2>\n<p>Tar\u00adjol\u00adla on <a href=\"https:\/\/www.w3.org\/Translations\/WCAG20-fi\/#alt-time-based-mediadef\">ai\u00adka\u00adsi\u00addon\u00adnai\u00adsel\u00adle me\u00addial\u00adle vastine<\/a>, joka esit\u00adt\u00e4\u00e4 vas\u00adtaa\u00advan in\u00adfor\u00admaa\u00adtion kuin <a href=\"https:\/\/www.w3.org\/Translations\/WCAG20-fi\/#livedef\">suo\u00adra<\/a>na l\u00e4\u00adhe\u00adtet\u00adt\u00e4\u00adv\u00e4 <a href=\"https:\/\/www.w3.org\/Translations\/WCAG20-fi\/#audio-onlydef\">pelk\u00adk\u00e4 au\u00addio\u00adsi\u00ads\u00e4l\u00adt\u00f6. <\/a><\/p>\n<p><a href=\"https:\/\/www.w3.org\/Translations\/WCAG20-fi\/#media-equiv-live-audio-only\">Lue li\u00ads\u00e4\u00e4 W3:n si\u00advuil\u00adta.<\/a><\/p>\n\n","protected":false},"excerpt":{"rendered":"<p>Kri\u00adtee\u00adrin taso: AAA Ku\u00advaus Tar\u00adjol\u00adla on ai\u00adka\u00adsi\u00addon\u00adnai\u00adsel\u00adle me\u00addial\u00adle vastine, joka esit\u00adt\u00e4\u00e4 vas\u00adtaa\u00advan in\u00adfor\u00admaa\u00adtion kuin suo\u00adrana l\u00e4\u00adhe\u00adtet\u00adt\u00e4\u00adv\u00e4 pelk\u00adk\u00e4 au\u00addio\u00adsi\u00ads\u00e4l\u00adt\u00f6. Lue li\u00ads\u00e4\u00e4 W3:n si\u00advuil\u00adta.<\/p>\n","protected":false},"author":10,"featured_media":0,"parent":130,"menu_order":0,"comment_status":"closed","ping_status":"closed","template":"","meta":{"_acf_changed":false,"footnotes":""},"class_list":["post-198","page","type-page","status-publish","hentry"],"acf":[],"_links":{"self":[{"href":"https:\/\/papunet.net\/saavutettavuus\/wp-json\/wp\/v2\/pages\/198","targetHints":{"allow":["GET"]}}],"collection":[{"href":"https:\/\/papunet.net\/saavutettavuus\/wp-json\/wp\/v2\/pages"}],"about":[{"href":"https:\/\/papunet.net\/saavutettavuus\/wp-json\/wp\/v2\/types\/page"}],"author":[{"embeddable":true,"href":"https:\/\/papunet.net\/saavutettavuus\/wp-json\/wp\/v2\/users\/10"}],"replies":[{"embeddable":true,"href":"https:\/\/papunet.net\/saavutettavuus\/wp-json\/wp\/v2\/comments?post=198"}],"version-history":[{"count":0,"href":"https:\/\/papunet.net\/saavutettavuus\/wp-json\/wp\/v2\/pages\/198\/revisions"}],"up":[{"embeddable":true,"href":"https:\/\/papunet.net\/saavutettavuus\/wp-json\/wp\/v2\/pages\/130"}],"wp:attachment":[{"href":"https:\/\/papunet.net\/saavutettavuus\/wp-json\/wp\/v2\/media?parent=198"}],"curies":[{"name":"wp","href":"https:\/\/api.w.org\/{rel}","templated":true}]}}