{"id":201,"date":"2022-11-17T15:32:51","date_gmt":"2022-11-17T13:32:51","guid":{"rendered":"https:\/\/papunet.net\/saavutettavuus\/?page_id=201"},"modified":"2023-02-01T13:48:20","modified_gmt":"2023-02-01T11:48:20","slug":"1-3-3-aistinvaraiset-ominaispiirteet","status":"publish","type":"page","link":"https:\/\/papunet.net\/saavutettavuus\/ohjeita-ja-oppaita\/teknisen-saavutettavuuden-ohjeet-wcag\/wcag-2-2-saavutettavuusohjeet\/1-3-3-aistinvaraiset-ominaispiirteet\/","title":{"rendered":"1.3.3 Aistinvaraiset ominaispiirteet"},"content":{"rendered":"\n<h2>Kri\u00adtee\u00adri (taso A)<\/h2>\n<p>Oh\u00adjeet si\u00ads\u00e4l\u00adl\u00f6n ym\u00adm\u00e4r\u00adt\u00e4\u00admi\u00adsek\u00adsi ja hal\u00adlit\u00adse\u00admi\u00adsek\u00adsi ei\u00adv\u00e4t rii\u00adpu yk\u00adsi\u00adno\u00admaan kom\u00adpo\u00adnent\u00adtien ais\u00adtin\u00adva\u00adrai\u00adsis\u00adta omi\u00adnais\u00adpiir\u00adteis\u00adt\u00e4 ku\u00adten muo\u00addosta, koosta, vi\u00adsu\u00adaa\u00adli\u00adsesta si\u00adjain\u00adnista, suun\u00adnasta tai \u00e4\u00e4nest\u00e4.<\/p>\n<p>Huomautus: tu\u00adtus\u00adtuak\u00adse\u00adsi v\u00e4\u00adriin liit\u00adty\u00adviin vaa\u00adti\u00admuk\u00adsiin, <a href=\"https:\/\/www.w3.org\/Translations\/WCAG20-fi\/#visual-audio-contrast\">kat\u00adso ohje 1.4<\/a>.<\/p>\n<p><a href=\"https:\/\/www.w3.org\/Translations\/WCAG20-fi\/#content-structure-separation-understanding\">Lue li\u00ads\u00e4\u00e4 W3:n si\u00advuil\u00adta.<\/a><\/p>\n<h2>Ku\u00advaus<\/h2>\n<p>Onko verk\u00adko\u00adsi\u00advus\u00adton k\u00e4yt\u00adt\u00e4\u00admi\u00adseen tar\u00adkoi\u00adte\u00adtut oh\u00adjeet to\u00adteu\u00adtet\u00adtu niin, ett\u00e4 nii\u00adden ym\u00adm\u00e4r\u00adt\u00e4\u00admi\u00adnen ei vaa\u00addi ky\u00adky\u00e4 kuul\u00adla tai n\u00e4h\u00add\u00e4? Ohje ei voi pe\u00adrus\u00adtua pel\u00adk\u00e4s\u00adt\u00e4\u00e4n esi\u00admer\u00adkik\u00adsi ele\u00admen\u00adtin tai kom\u00adpo\u00adnen\u00adtin muo\u00adtoon, ko\u00adkoon, vi\u00adsu\u00adaa\u00adli\u00adseen si\u00adjain\u00adtiin, suun\u00adtaan tai \u00e4\u00e4\u00adneen. Ohjeita ei siis pid\u00e4 antaa esimerkiksi seu\u00adraa\u00advil\u00adla ta\u00advoil\u00adla:<\/p>\n<ul>\n<li>\u201dKlik\u00adkaa py\u00f6\u00adre\u00ad\u00e4\u00e4 ku\u00advio\u00adta jat\u00adkaak\u00adse\u00adsi.\u201d<\/li>\n<li>\u201dOh\u00adjeet l\u00f6y\u00adty\u00adv\u00e4t oi\u00adkeas\u00adta pals\u00adtas\u00adta yri\u00adtyk\u00adsen lo\u00adgon ala\u00adpuo\u00adlel\u00adta.\u201d<\/li>\n<li>\u201dVoit jat\u00adkaa kuul\u00adtua\u00adsi \u00e4\u00e4\u00adni\u00admer\u00adkin.\u201d<\/li>\n<\/ul>\n<h2>Mi\u00adten tar\u00adkis\u00adte\u00adtaan<\/h2>\n<p>K\u00e4y si\u00advus\u00adton si\u00ads\u00e4l\u00adt\u00f6\u00e4 l\u00e4\u00adpi ja kat\u00adso, l\u00f6y\u00adtyy\u00adk\u00f6 huo\u00adnoil\u00adla ta\u00advoil\u00adla kir\u00adjoi\u00adtet\u00adtu\u00adja oh\u00adjei\u00adta. Yksi hyv\u00e4 tapa l\u00f6yt\u00e4\u00e4 huonoilla tavoilla kirjoitettuja ohjeita on k\u00e4yt\u00adt\u00e4\u00e4 verk\u00adko\u00adsi\u00advun ha\u00adkua kir\u00adjoit\u00adta\u00admal\u00adla sii\u00adhen esi\u00admer\u00adkik\u00adsi \u201cKlik\u00adkaa\u201d.<\/p>\n\n","protected":false},"excerpt":{"rendered":"<p>Kri\u00adtee\u00adri (taso A) Oh\u00adjeet si\u00ads\u00e4l\u00adl\u00f6n ym\u00adm\u00e4r\u00adt\u00e4\u00admi\u00adsek\u00adsi ja hal\u00adlit\u00adse\u00admi\u00adsek\u00adsi ei\u00adv\u00e4t rii\u00adpu yk\u00adsi\u00adno\u00admaan kom\u00adpo\u00adnent\u00adtien ais\u00adtin\u00adva\u00adrai\u00adsis\u00adta omi\u00adnais\u00adpiir\u00adteis\u00adt\u00e4 ku\u00adten muo\u00addosta, koosta, vi\u00adsu\u00adaa\u00adli\u00adsesta si\u00adjain\u00adnista, suun\u00adnasta tai \u00e4\u00e4nest\u00e4. Huomautus: tu\u00adtus\u00adtuak\u00adse\u00adsi v\u00e4\u00adriin liit\u00adty\u00adviin vaa\u00adti\u00admuk\u00adsiin, kat\u00adso ohje 1.4. Lue li\u00ads\u00e4\u00e4 W3:n si\u00advuil\u00adta. Ku\u00advaus Onko [&hellip;]<span class=\"moretag\">Lue lis\u00e4\u00e4&#8230;<\/span><\/p>\n","protected":false},"author":10,"featured_media":0,"parent":130,"menu_order":0,"comment_status":"closed","ping_status":"closed","template":"","meta":{"_acf_changed":false,"footnotes":""},"class_list":["post-201","page","type-page","status-publish","hentry"],"acf":[],"_links":{"self":[{"href":"https:\/\/papunet.net\/saavutettavuus\/wp-json\/wp\/v2\/pages\/201","targetHints":{"allow":["GET"]}}],"collection":[{"href":"https:\/\/papunet.net\/saavutettavuus\/wp-json\/wp\/v2\/pages"}],"about":[{"href":"https:\/\/papunet.net\/saavutettavuus\/wp-json\/wp\/v2\/types\/page"}],"author":[{"embeddable":true,"href":"https:\/\/papunet.net\/saavutettavuus\/wp-json\/wp\/v2\/users\/10"}],"replies":[{"embeddable":true,"href":"https:\/\/papunet.net\/saavutettavuus\/wp-json\/wp\/v2\/comments?post=201"}],"version-history":[{"count":0,"href":"https:\/\/papunet.net\/saavutettavuus\/wp-json\/wp\/v2\/pages\/201\/revisions"}],"up":[{"embeddable":true,"href":"https:\/\/papunet.net\/saavutettavuus\/wp-json\/wp\/v2\/pages\/130"}],"wp:attachment":[{"href":"https:\/\/papunet.net\/saavutettavuus\/wp-json\/wp\/v2\/media?parent=201"}],"curies":[{"name":"wp","href":"https:\/\/api.w.org\/{rel}","templated":true}]}}