{"id":209,"date":"2022-11-23T13:58:50","date_gmt":"2022-11-23T11:58:50","guid":{"rendered":"https:\/\/papunet.net\/saavutettavuus\/?page_id=209"},"modified":"2023-01-18T13:42:44","modified_gmt":"2023-01-18T11:42:44","slug":"1-4-5-tekstia-esittavat-kuvat","status":"publish","type":"page","link":"https:\/\/papunet.net\/saavutettavuus\/ohjeita-ja-oppaita\/teknisen-saavutettavuuden-ohjeet-wcag\/wcag-2-2-saavutettavuusohjeet\/1-4-5-tekstia-esittavat-kuvat\/","title":{"rendered":"1.4.5 Teksti\u00e4 esitt\u00e4v\u00e4t kuvat"},"content":{"rendered":"\n<h2>Kri\u00adtee\u00adri (taso AA)<\/h2>\n<p>Jos k\u00e4y\u00adtet\u00adty tek\u00adno\u00adlo\u00adgia voi tuot\u00adtaa vi\u00adsu\u00adaa\u00adli\u00adsen esi\u00adtyk\u00adsen, k\u00e4y\u00adte\u00adt\u00e4\u00e4n in\u00adfor\u00admaa\u00adtion v\u00e4\u00adlit\u00adt\u00e4\u00admi\u00adseen en\u00adnem\u00admin <a href=\"https:\/\/www.w3.org\/Translations\/WCAG20-fi\/#textdef\">teks\u00adti\u00e4<\/a> kuin <a href=\"https:\/\/www.w3.org\/Translations\/WCAG20-fi\/#images-of-textdef\">teks\u00adti\u00e4 esit\u00adt\u00e4\u00advi\u00e4 ku\u00advia<\/a>, pait\u00adsi seu\u00adraa\u00advis\u00adsa ta\u00adpauk\u00adsis\u00adsa:<\/p>\n<ul>\n<li>Mukautettava: teks\u00adti\u00e4 esit\u00adt\u00e4\u00adv\u00e4 kuva voi\u00addaan <a href=\"https:\/\/www.w3.org\/Translations\/WCAG20-fi\/#visually-customizeddef\">vi\u00adsu\u00adaa\u00adli\u00adses\u00adti mu\u00adkaut\u00adtaa<\/a> k\u00e4yt\u00adt\u00e4\u00adj\u00e4n vaa\u00adti\u00admus\u00adten mu\u00adkai\u00adses\u00adti.<\/li>\n<li>Olennainen: tiet\u00adty teks\u00adtin esi\u00adtys\u00adta\u00adpa on <a href=\"https:\/\/www.w3.org\/Translations\/WCAG20-fi\/#essentialdef\">olen\u00adnai\u00adnen<\/a> v\u00e4\u00adli\u00adtet\u00adt\u00e4\u00adv\u00e4l\u00adle in\u00adfor\u00admaa\u00adtiol\u00adle.<\/li>\n<\/ul>\n<p><em>Huomautus<\/em>: Lo\u00adgo\u00adtyy\u00adpit (teks\u00adti, joka on osa lo\u00adgoa tai br\u00e4n\u00addin ni\u00adme\u00e4) tul\u00adki\u00adtaan olen\u00adnai\u00adsik\u00adsi.<\/p>\n<h2>Ku\u00advaus<\/h2>\n<p>Onko v\u00e4l\u00adtet\u00adty teks\u00adtin tar\u00adpee\u00adton\u00adta esit\u00adt\u00e4\u00admis\u00adt\u00e4 ku\u00adva\u00admuo\u00addos\u00adsa? Teks\u00adti\u00e4 voi\u00addaan k\u00e4yt\u00adt\u00e4\u00e4 ku\u00adva\u00admuo\u00addos\u00adsa esi\u00admer\u00adkik\u00adsi:<\/p>\n<ul>\n<li>Lo\u00adgois\u00adsa.<\/li>\n<li>Sil\u00adloin, kun in\u00adfor\u00admaa\u00adtio\u00adta ei saa\u00adda v\u00e4\u00adli\u00adtet\u00adty\u00e4 oi\u00adkein teks\u00adti\u00admuo\u00adtoi\u00adse\u00adna.<\/li>\n<\/ul>\n\n","protected":false},"excerpt":{"rendered":"<p>Kri\u00adtee\u00adri (taso AA) Jos k\u00e4y\u00adtet\u00adty tek\u00adno\u00adlo\u00adgia voi tuot\u00adtaa vi\u00adsu\u00adaa\u00adli\u00adsen esi\u00adtyk\u00adsen, k\u00e4y\u00adte\u00adt\u00e4\u00e4n in\u00adfor\u00admaa\u00adtion v\u00e4\u00adlit\u00adt\u00e4\u00admi\u00adseen en\u00adnem\u00admin teks\u00adti\u00e4 kuin teks\u00adti\u00e4 esit\u00adt\u00e4\u00advi\u00e4 ku\u00advia, pait\u00adsi seu\u00adraa\u00advis\u00adsa ta\u00adpauk\u00adsis\u00adsa: Mukautettava: teks\u00adti\u00e4 esit\u00adt\u00e4\u00adv\u00e4 kuva voi\u00addaan vi\u00adsu\u00adaa\u00adli\u00adses\u00adti mu\u00adkaut\u00adtaa k\u00e4yt\u00adt\u00e4\u00adj\u00e4n vaa\u00adti\u00admus\u00adten mu\u00adkai\u00adses\u00adti. Olennainen: tiet\u00adty teks\u00adtin esi\u00adtys\u00adta\u00adpa [&hellip;]<span class=\"moretag\">Lue lis\u00e4\u00e4&#8230;<\/span><\/p>\n","protected":false},"author":10,"featured_media":0,"parent":130,"menu_order":0,"comment_status":"closed","ping_status":"closed","template":"","meta":{"_acf_changed":false,"footnotes":""},"class_list":["post-209","page","type-page","status-publish","hentry"],"acf":[],"_links":{"self":[{"href":"https:\/\/papunet.net\/saavutettavuus\/wp-json\/wp\/v2\/pages\/209","targetHints":{"allow":["GET"]}}],"collection":[{"href":"https:\/\/papunet.net\/saavutettavuus\/wp-json\/wp\/v2\/pages"}],"about":[{"href":"https:\/\/papunet.net\/saavutettavuus\/wp-json\/wp\/v2\/types\/page"}],"author":[{"embeddable":true,"href":"https:\/\/papunet.net\/saavutettavuus\/wp-json\/wp\/v2\/users\/10"}],"replies":[{"embeddable":true,"href":"https:\/\/papunet.net\/saavutettavuus\/wp-json\/wp\/v2\/comments?post=209"}],"version-history":[{"count":0,"href":"https:\/\/papunet.net\/saavutettavuus\/wp-json\/wp\/v2\/pages\/209\/revisions"}],"up":[{"embeddable":true,"href":"https:\/\/papunet.net\/saavutettavuus\/wp-json\/wp\/v2\/pages\/130"}],"wp:attachment":[{"href":"https:\/\/papunet.net\/saavutettavuus\/wp-json\/wp\/v2\/media?parent=209"}],"curies":[{"name":"wp","href":"https:\/\/api.w.org\/{rel}","templated":true}]}}