{"id":223,"date":"2022-11-25T11:06:28","date_gmt":"2022-11-25T09:06:28","guid":{"rendered":"https:\/\/papunet.net\/saavutettavuus\/?page_id=223"},"modified":"2022-11-25T11:06:28","modified_gmt":"2022-11-25T09:06:28","slug":"2-1-3-nappaimisto-ei-poikkeuksia","status":"publish","type":"page","link":"https:\/\/papunet.net\/saavutettavuus\/ohjeita-ja-oppaita\/teknisen-saavutettavuuden-ohjeet-wcag\/wcag-2-2-saavutettavuusohjeet\/2-1-3-nappaimisto-ei-poikkeuksia\/","title":{"rendered":"2.1.3 N\u00e4pp\u00e4imist\u00f6 (ei poikkeuksia)"},"content":{"rendered":"\n<h2>Kri\u00adtee\u00adrin taso: AAA<\/h2>\n<h2>Ku\u00advaus<\/h2>\n<p>Kaik\u00adki si\u00ads\u00e4l\u00adl\u00f6n toi\u00admin\u00adnal\u00adli\u00adsuus on suo\u00adri\u00adtet\u00adta\u00advis\u00adsa n\u00e4p\u00adp\u00e4i\u00admis\u00adt\u00f6\u00adra\u00adja\u00adpin\u00adnan v\u00e4\u00adli\u00adtyk\u00adsel\u00adl\u00e4 il\u00adman vaa\u00adti\u00admus\u00adta yk\u00adsit\u00adt\u00e4is\u00adten n\u00e4p\u00adp\u00e4in\u00adpai\u00adnal\u00adlus\u00adten eri\u00adtyi\u00adses\u00adt\u00e4 ajoit\u00adta\u00admi\u00adses\u00adta.<\/p>\n<p><a href=\"https:\/\/www.w3.org\/Translations\/WCAG20-fi\/#keyboard-operation-all-funcs\">Lue li\u00ads\u00e4\u00e4 W3:n si\u00advuil\u00adta.<\/a><\/p>\n\n","protected":false},"excerpt":{"rendered":"<p>Kri\u00adtee\u00adrin taso: AAA Ku\u00advaus Kaik\u00adki si\u00ads\u00e4l\u00adl\u00f6n toi\u00admin\u00adnal\u00adli\u00adsuus on suo\u00adri\u00adtet\u00adta\u00advis\u00adsa n\u00e4p\u00adp\u00e4i\u00admis\u00adt\u00f6\u00adra\u00adja\u00adpin\u00adnan v\u00e4\u00adli\u00adtyk\u00adsel\u00adl\u00e4 il\u00adman vaa\u00adti\u00admus\u00adta yk\u00adsit\u00adt\u00e4is\u00adten n\u00e4p\u00adp\u00e4in\u00adpai\u00adnal\u00adlus\u00adten eri\u00adtyi\u00adses\u00adt\u00e4 ajoit\u00adta\u00admi\u00adses\u00adta. Lue li\u00ads\u00e4\u00e4 W3:n si\u00advuil\u00adta.<\/p>\n","protected":false},"author":10,"featured_media":0,"parent":130,"menu_order":0,"comment_status":"closed","ping_status":"closed","template":"","meta":{"_acf_changed":false,"footnotes":""},"class_list":["post-223","page","type-page","status-publish","hentry"],"acf":[],"_links":{"self":[{"href":"https:\/\/papunet.net\/saavutettavuus\/wp-json\/wp\/v2\/pages\/223","targetHints":{"allow":["GET"]}}],"collection":[{"href":"https:\/\/papunet.net\/saavutettavuus\/wp-json\/wp\/v2\/pages"}],"about":[{"href":"https:\/\/papunet.net\/saavutettavuus\/wp-json\/wp\/v2\/types\/page"}],"author":[{"embeddable":true,"href":"https:\/\/papunet.net\/saavutettavuus\/wp-json\/wp\/v2\/users\/10"}],"replies":[{"embeddable":true,"href":"https:\/\/papunet.net\/saavutettavuus\/wp-json\/wp\/v2\/comments?post=223"}],"version-history":[{"count":0,"href":"https:\/\/papunet.net\/saavutettavuus\/wp-json\/wp\/v2\/pages\/223\/revisions"}],"up":[{"embeddable":true,"href":"https:\/\/papunet.net\/saavutettavuus\/wp-json\/wp\/v2\/pages\/130"}],"wp:attachment":[{"href":"https:\/\/papunet.net\/saavutettavuus\/wp-json\/wp\/v2\/media?parent=223"}],"curies":[{"name":"wp","href":"https:\/\/api.w.org\/{rel}","templated":true}]}}