{"id":224,"date":"2022-11-25T11:09:29","date_gmt":"2022-11-25T09:09:29","guid":{"rendered":"https:\/\/papunet.net\/saavutettavuus\/?page_id=224"},"modified":"2023-01-19T13:51:12","modified_gmt":"2023-01-19T11:51:12","slug":"2-1-4-yhden-merkin-pikanappaimet","status":"publish","type":"page","link":"https:\/\/papunet.net\/saavutettavuus\/ohjeita-ja-oppaita\/teknisen-saavutettavuuden-ohjeet-wcag\/wcag-2-2-saavutettavuusohjeet\/2-1-4-yhden-merkin-pikanappaimet\/","title":{"rendered":"2.1.4 Yhden merkin pikan\u00e4pp\u00e4imet"},"content":{"rendered":"\n<h2>Kri\u00adtee\u00adri (taso A)<\/h2>\n<p>Jos si\u00ads\u00e4l\u00adt\u00f6\u00f6n on to\u00adteu\u00adtet\u00adtu n\u00e4p\u00adp\u00e4i\u00adnoi\u00adko\u00adtie, joka k\u00e4yt\u00adt\u00e4\u00e4 vain yht\u00e4 kir\u00adjain- (mu\u00adkaan \u00adlu\u00adkien pie\u00adnet ja isot kir\u00adjai\u00admet), v\u00e4\u00adli\u00admerk\u00adki-, nu\u00adme\u00adro- tai sym\u00adbo\u00adli\u00adn\u00e4p\u00adp\u00e4in\u00adt\u00e4, v\u00e4\u00adhin\u00adt\u00e4\u00e4n yksi seu\u00adraa\u00advis\u00adta p\u00e4\u00adtee:<\/p>\n<ul>\n<li>\n<strong>Pois p\u00e4\u00e4lt\u00e4<\/strong>: on ole\u00admas\u00adsa <a href=\"https:\/\/www.w3.org\/Translations\/WCAG20-fi\/#mechanismdef\">me\u00adka\u00adnis\u00admi<\/a>, jol\u00adla n\u00e4p\u00adp\u00e4i\u00adnoi\u00adko\u00adtien voi ot\u00adtaa pois p\u00e4\u00e4l\u00adt\u00e4.<\/li>\n<li>\n<strong>Uudelleenm\u00e4\u00e4rittely<\/strong>: on ole\u00admas\u00adsa me\u00adka\u00adnis\u00admi, jol\u00adla n\u00e4p\u00adp\u00e4i\u00adnoi\u00adko\u00adtie voi\u00addaan m\u00e4\u00e4\u00adri\u00adtel\u00adl\u00e4 uu\u00addel\u00adleen k\u00e4yt\u00adt\u00e4\u00adm\u00e4\u00e4n yht\u00e4 tai useam\u00adpaa muok\u00adkaus\u00adn\u00e4p\u00adp\u00e4in\u00adt\u00e4 (ctrl, alt jne).<\/li>\n<li>\n<strong>Aktiivinen vain kohdistettaessa<\/strong>: tie\u00adtyl\u00adle k\u00e4yt\u00adt\u00f6\u00adliit\u00adty\u00adm\u00e4\u00adkom\u00adpo\u00adnen\u00adtil\u00adle tar\u00adkoi\u00adtet\u00adtu n\u00e4p\u00adp\u00e4i\u00adnoi\u00adko\u00adtie on k\u00e4y\u00adt\u00f6s\u00ads\u00e4 vain, kun koh\u00addis\u00adtus on ky\u00adsei\u00adses\u00ads\u00e4 kom\u00adpo\u00adnen\u00adtis\u00adsa.<\/li>\n<\/ul>\n<h2>Ku\u00advaus<\/h2>\n<p>Yh\u00adden n\u00e4p\u00adp\u00e4i\u00admen n\u00e4p\u00adp\u00e4i\u00adnoi\u00adko\u00adtiet saat\u00adta\u00advat osua p\u00e4\u00e4l\u00adlek\u00adk\u00e4in esi\u00admer\u00adkik\u00adsi ruu\u00addun\u00adlu\u00adkuoh\u00adjel\u00adman toi\u00admin\u00adto\u00adjen kans\u00adsa, jo\u00adten nii\u00adt\u00e4 tu\u00adli\u00adsi v\u00e4lt\u00adt\u00e4\u00e4. My\u00f6s esi\u00admer\u00adkik\u00adsi k\u00e4\u00adsien va\u00adpi\u00adnas\u00adta joh\u00adtuen k\u00e4yt\u00adt\u00e4\u00adj\u00e4t saat\u00adta\u00advat va\u00adhin\u00adgos\u00adsa pai\u00adnaa v\u00e4\u00e4\u00adri\u00e4 n\u00e4p\u00adp\u00e4i\u00admi\u00e4.<\/p>\n<h2>Mi\u00adten tar\u00adkis\u00adte\u00adtaan<\/h2>\n<p>Pai\u00adna kaik\u00adkia n\u00e4p\u00adp\u00e4i\u00admis\u00adt\u00f6n kir\u00adjain- (mu\u00adkaan\u00ad lu\u00adkien isot kir\u00adjai\u00admet), nu\u00adme\u00adro-, v\u00e4\u00adli\u00admerk\u00adki- ja sym\u00adbo\u00adlin\u00e4p\u00adp\u00e4i\u00admi\u00e4 verk\u00adko\u00adsi\u00advun ol\u00adles\u00adsa auki ja tar\u00adkis\u00adta, et\u00adtei mi\u00adt\u00e4\u00e4n ta\u00adpah\u00addu.<\/p>\n\n","protected":false},"excerpt":{"rendered":"<p>Kri\u00adtee\u00adri (taso A) Jos si\u00ads\u00e4l\u00adt\u00f6\u00f6n on to\u00adteu\u00adtet\u00adtu n\u00e4p\u00adp\u00e4i\u00adnoi\u00adko\u00adtie, joka k\u00e4yt\u00adt\u00e4\u00e4 vain yht\u00e4 kir\u00adjain- (mu\u00adkaan \u00adlu\u00adkien pie\u00adnet ja isot kir\u00adjai\u00admet), v\u00e4\u00adli\u00admerk\u00adki-, nu\u00adme\u00adro- tai sym\u00adbo\u00adli\u00adn\u00e4p\u00adp\u00e4in\u00adt\u00e4, v\u00e4\u00adhin\u00adt\u00e4\u00e4n yksi seu\u00adraa\u00advis\u00adta p\u00e4\u00adtee: Pois p\u00e4\u00e4lt\u00e4: on ole\u00admas\u00adsa me\u00adka\u00adnis\u00admi, jol\u00adla n\u00e4p\u00adp\u00e4i\u00adnoi\u00adko\u00adtien voi ot\u00adtaa [&hellip;]<span class=\"moretag\">Lue lis\u00e4\u00e4&#8230;<\/span><\/p>\n","protected":false},"author":10,"featured_media":0,"parent":130,"menu_order":0,"comment_status":"closed","ping_status":"closed","template":"","meta":{"_acf_changed":false,"footnotes":""},"class_list":["post-224","page","type-page","status-publish","hentry"],"acf":[],"_links":{"self":[{"href":"https:\/\/papunet.net\/saavutettavuus\/wp-json\/wp\/v2\/pages\/224","targetHints":{"allow":["GET"]}}],"collection":[{"href":"https:\/\/papunet.net\/saavutettavuus\/wp-json\/wp\/v2\/pages"}],"about":[{"href":"https:\/\/papunet.net\/saavutettavuus\/wp-json\/wp\/v2\/types\/page"}],"author":[{"embeddable":true,"href":"https:\/\/papunet.net\/saavutettavuus\/wp-json\/wp\/v2\/users\/10"}],"replies":[{"embeddable":true,"href":"https:\/\/papunet.net\/saavutettavuus\/wp-json\/wp\/v2\/comments?post=224"}],"version-history":[{"count":0,"href":"https:\/\/papunet.net\/saavutettavuus\/wp-json\/wp\/v2\/pages\/224\/revisions"}],"up":[{"embeddable":true,"href":"https:\/\/papunet.net\/saavutettavuus\/wp-json\/wp\/v2\/pages\/130"}],"wp:attachment":[{"href":"https:\/\/papunet.net\/saavutettavuus\/wp-json\/wp\/v2\/media?parent=224"}],"curies":[{"name":"wp","href":"https:\/\/api.w.org\/{rel}","templated":true}]}}