{"id":236,"date":"2022-11-25T13:15:30","date_gmt":"2022-11-25T11:15:30","guid":{"rendered":"https:\/\/papunet.net\/saavutettavuus\/?page_id=236"},"modified":"2023-01-19T14:16:37","modified_gmt":"2023-01-19T12:16:37","slug":"2-4-3-kohdistusjarjestys","status":"publish","type":"page","link":"https:\/\/papunet.net\/saavutettavuus\/ohjeita-ja-oppaita\/teknisen-saavutettavuuden-ohjeet-wcag\/wcag-2-2-saavutettavuusohjeet\/2-4-3-kohdistusjarjestys\/","title":{"rendered":"2.4.3 Kohdistusj\u00e4rjestys"},"content":{"rendered":"\n<h2>Kri\u00adtee\u00adri (taso A)<\/h2>\n<p>Jos <a href=\"https:\/\/www.w3.org\/Translations\/WCAG20-fi\/#webpagedef\">verk\u00adko\u00adsi\u00advu<\/a> voi\u00addaan <a href=\"https:\/\/www.w3.org\/Translations\/WCAG20-fi\/#nav-seqdef\">na\u00advi\u00adgoi\u00adda j\u00e4r\u00adjes\u00adtyk\u00adses\u00ads\u00e4<\/a> ja na\u00advi\u00adgoin\u00adti\u00adj\u00e4r\u00adjes\u00adtyk\u00adset vai\u00adkut\u00adta\u00advat mer\u00adki\u00adtyk\u00adseen tai toi\u00admin\u00adtoon, fo\u00adkusoi\u00adta\u00advis\u00adsa ole\u00advat kom\u00adpo\u00adnen\u00adtit vas\u00adtaa\u00adnot\u00adta\u00advat fo\u00adkuk\u00adsen mer\u00adki\u00adtyk\u00adsen ja toi\u00admi\u00advuu\u00adden s\u00e4i\u00adlyt\u00adt\u00e4\u00adv\u00e4s\u00ads\u00e4 j\u00e4r\u00adjes\u00adtyk\u00adses\u00ads\u00e4.<\/p>\n<p><a href=\"https:\/\/www.w3.org\/Translations\/WCAG20-fi\/#navigation-mechanisms-focus-order\">Lue li\u00ads\u00e4\u00e4 W3:n si\u00advuil\u00adta.<\/a><\/p>\n<h2>Ku\u00advaus<\/h2>\n<p>Onko verk\u00adko\u00adsi\u00advun na\u00advi\u00adgoi\u00adta\u00advien ele\u00adment\u00adtien (lin\u00adkit, lo\u00adma\u00adke-\u00adele\u00admen\u00adtit yms.) na\u00advi\u00adgoin\u00adti\u00adj\u00e4r\u00adjes\u00adtys loo\u00adgi\u00adnen ja in\u00adtui\u00adtii\u00advi\u00adnen? Na\u00advi\u00adgoin\u00adti\u00adj\u00e4r\u00adjes\u00adtyk\u00adsen loo\u00adgi\u00adsuus voi\u00addaan useim\u00admi\u00adten sel\u00advit\u00adt\u00e4\u00e4 na\u00advi\u00adgoi\u00admal\u00adla sivu l\u00e4pi tab\u00ad-n\u00e4p\u00adp\u00e4i\u00admel\u00adl\u00e4. Si\u00advun na\u00advi\u00adgoi\u00adta\u00advien ele\u00adment\u00adtien tu\u00adli\u00adsi toi\u00admia loo\u00adgi\u00adses\u00adti eli fo\u00adkuk\u00adsen tu\u00adli\u00adsi siir\u00adty\u00e4 ele\u00admen\u00adtis\u00adt\u00e4 toi\u00adseen joh\u00addon\u00admu\u00adkai\u00adses\u00adti. Kri\u00adtee\u00adri ei t\u00e4y\u00adty esi\u00admer\u00adkik\u00adsi seuraavissa tapauksissa:<\/p>\n<ul>\n<li>Na\u00advi\u00adgaa\u00adtio\u00adele\u00admen\u00adtin link\u00adkien tai lo\u00admak\u00adkeen kent\u00adtien j\u00e4r\u00adjes\u00adtys on muu\u00adtet\u00adtu ta\u00adbin\u00addex\u00ad-att\u00adri\u00adbuu\u00adtil\u00adla ep\u00e4\u00adloo\u00adgi\u00adsek\u00adsi.<\/li>\n<li>Na\u00advi\u00adgaa\u00adtio\u00adlin\u00adkis\u00adt\u00e4 avat\u00adtu DHTML-ali\u00adna\u00advi\u00adgaa\u00adtio, joka liit\u00adtyy olen\u00adnai\u00adses\u00adti ylem\u00adp\u00e4\u00e4n ta\u00adsoon, ei saa fo\u00adkus\u00adta heti avaa\u00admi\u00adsen j\u00e4l\u00adkeen, vaan t\u00e4\u00adh\u00e4n p\u00e4\u00e4s\u00adt\u00e4k\u00adseen n\u00e4p\u00adp\u00e4i\u00admis\u00adt\u00f6\u00e4 k\u00e4yt\u00adt\u00e4\u00adv\u00e4n k\u00e4yt\u00adt\u00e4\u00adj\u00e4n on aloi\u00adtet\u00adta\u00adva si\u00advun link\u00adkien se\u00adlaa\u00admi\u00adnen si\u00advun alus\u00adta.<\/li>\n<\/ul>\n<h2>Mi\u00adten tar\u00adkis\u00adte\u00adtaan<\/h2>\n<p>Na\u00advi\u00adgoi verk\u00adko\u00adsi\u00advu l\u00e4pi tab-\u00adn\u00e4p\u00adp\u00e4i\u00admel\u00adl\u00e4 ja tar\u00adkis\u00adta siir\u00adtyy\u00adk\u00f6 fo\u00adkus ele\u00admen\u00adtis\u00adt\u00e4 toi\u00adseen loo\u00adgi\u00adses\u00adti ja joh\u00addon\u00admu\u00adkai\u00adses\u00adti. Tar\u00adkis\u00adta my\u00f6s, l\u00f6y\u00adtyy\u00adk\u00f6 si\u00advul\u00adta ta\u00adbin\u00addex-\u00adatt\u00adri\u00adbuut\u00adte\u00adja ja muut\u00adta\u00advat\u00adko ne fo\u00adkuk\u00adsen j\u00e4r\u00adjes\u00adtyk\u00adsen ep\u00e4\u00adloo\u00adgi\u00adseksi.<\/p>\n\n","protected":false},"excerpt":{"rendered":"<p>Kri\u00adtee\u00adri (taso A) Jos verk\u00adko\u00adsi\u00advu voi\u00addaan na\u00advi\u00adgoi\u00adda j\u00e4r\u00adjes\u00adtyk\u00adses\u00ads\u00e4 ja na\u00advi\u00adgoin\u00adti\u00adj\u00e4r\u00adjes\u00adtyk\u00adset vai\u00adkut\u00adta\u00advat mer\u00adki\u00adtyk\u00adseen tai toi\u00admin\u00adtoon, fo\u00adkusoi\u00adta\u00advis\u00adsa ole\u00advat kom\u00adpo\u00adnen\u00adtit vas\u00adtaa\u00adnot\u00adta\u00advat fo\u00adkuk\u00adsen mer\u00adki\u00adtyk\u00adsen ja toi\u00admi\u00advuu\u00adden s\u00e4i\u00adlyt\u00adt\u00e4\u00adv\u00e4s\u00ads\u00e4 j\u00e4r\u00adjes\u00adtyk\u00adses\u00ads\u00e4. Lue li\u00ads\u00e4\u00e4 W3:n si\u00advuil\u00adta. Ku\u00advaus Onko verk\u00adko\u00adsi\u00advun na\u00advi\u00adgoi\u00adta\u00advien ele\u00adment\u00adtien (lin\u00adkit, lo\u00adma\u00adke-\u00adele\u00admen\u00adtit yms.) [&hellip;]<span class=\"moretag\">Lue lis\u00e4\u00e4&#8230;<\/span><\/p>\n","protected":false},"author":10,"featured_media":0,"parent":130,"menu_order":0,"comment_status":"closed","ping_status":"closed","template":"","meta":{"_acf_changed":false,"footnotes":""},"class_list":["post-236","page","type-page","status-publish","hentry"],"acf":[],"_links":{"self":[{"href":"https:\/\/papunet.net\/saavutettavuus\/wp-json\/wp\/v2\/pages\/236","targetHints":{"allow":["GET"]}}],"collection":[{"href":"https:\/\/papunet.net\/saavutettavuus\/wp-json\/wp\/v2\/pages"}],"about":[{"href":"https:\/\/papunet.net\/saavutettavuus\/wp-json\/wp\/v2\/types\/page"}],"author":[{"embeddable":true,"href":"https:\/\/papunet.net\/saavutettavuus\/wp-json\/wp\/v2\/users\/10"}],"replies":[{"embeddable":true,"href":"https:\/\/papunet.net\/saavutettavuus\/wp-json\/wp\/v2\/comments?post=236"}],"version-history":[{"count":0,"href":"https:\/\/papunet.net\/saavutettavuus\/wp-json\/wp\/v2\/pages\/236\/revisions"}],"up":[{"embeddable":true,"href":"https:\/\/papunet.net\/saavutettavuus\/wp-json\/wp\/v2\/pages\/130"}],"wp:attachment":[{"href":"https:\/\/papunet.net\/saavutettavuus\/wp-json\/wp\/v2\/media?parent=236"}],"curies":[{"name":"wp","href":"https:\/\/api.w.org\/{rel}","templated":true}]}}