{"id":239,"date":"2022-11-25T13:25:19","date_gmt":"2022-11-25T11:25:19","guid":{"rendered":"https:\/\/papunet.net\/saavutettavuus\/?page_id=239"},"modified":"2023-01-19T14:24:40","modified_gmt":"2023-01-19T12:24:40","slug":"2-4-6-otsikot-ja-nimilaput","status":"publish","type":"page","link":"https:\/\/papunet.net\/saavutettavuus\/ohjeita-ja-oppaita\/teknisen-saavutettavuuden-ohjeet-wcag\/wcag-2-2-saavutettavuusohjeet\/2-4-6-otsikot-ja-nimilaput\/","title":{"rendered":"2.4.6 Otsikot ja nimilaput"},"content":{"rendered":"\n<h2>Kri\u00adtee\u00adri (taso AA)<\/h2>\n<p>Ot\u00adsi\u00adkot ja <a href=\"https:\/\/www.w3.org\/Translations\/WCAG20-fi\/#labeldef\">ni\u00admi\u00adla\u00adput<\/a> ku\u00advai\u00adle\u00advat ai\u00adheen tai mer\u00adki\u00adtyk\u00adsen.<\/p>\n<p><a href=\"https:\/\/www.w3.org\/Translations\/WCAG20-fi\/#navigation-mechanisms-descriptive\">Lue li\u00ads\u00e4\u00e4 W3:n si\u00advuil\u00adta.<\/a><\/p>\n<h2>Ku\u00advaus<\/h2>\n<p>Ovat\u00adko ot\u00adsi\u00adkot (h1, h2 jne.) ku\u00advaa\u00advia ja in\u00adfor\u00adma\u00adtii\u00advi\u00adsia? Ovat\u00adko lo\u00adma\u00adke-\u00ad ja mui\u00adden vuo\u00adro\u00advai\u00adkut\u00adteis\u00adten toi\u00admin\u00adtoe\u00adle\u00adment\u00adtien ni\u00admi\u00adla\u00adput (la\u00adbels) ku\u00advaa\u00advia ja in\u00adfor\u00adma\u00adtii\u00advi\u00adsia? On my\u00f6s t\u00e4r\u00adke\u00ad\u00e4\u00e4, ett\u00e4 ot\u00adsi\u00adkot ja ni\u00admi\u00adla\u00adput (la\u00adbels) ovat erot\u00adte\u00adle\u00advia, eli ett\u00e4 ne ei\u00adv\u00e4t ole se\u00adkoi\u00adtet\u00adta\u00advis\u00adsa kes\u00adke\u00adn\u00e4\u00e4n.<\/p>\n<h2>Mi\u00adten tar\u00adkis\u00adte\u00adtaan<\/h2>\n<p><em>Huo\u00admioi\u00adta\u00advaa<\/em>: ot\u00adsi\u00adkoi\u00adden ja ni\u00admi\u00adlap\u00adpu\u00adjen ei tar\u00advit\u00adse olla pit\u00adki\u00e4, mi\u00adk\u00e4\u00adli ne vain an\u00adta\u00advat riit\u00adt\u00e4\u00adv\u00e4n vih\u00adjeen si\u00ads\u00e4l\u00adl\u00f6s\u00ads\u00e4 na\u00advi\u00adgoi\u00admi\u00adseen ja si\u00ads\u00e4l\u00adl\u00f6n l\u00f6y\u00adt\u00e4\u00admi\u00adseen.<\/p>\n\n","protected":false},"excerpt":{"rendered":"<p>Kri\u00adtee\u00adri (taso AA) Ot\u00adsi\u00adkot ja ni\u00admi\u00adla\u00adput ku\u00advai\u00adle\u00advat ai\u00adheen tai mer\u00adki\u00adtyk\u00adsen. Lue li\u00ads\u00e4\u00e4 W3:n si\u00advuil\u00adta. Ku\u00advaus Ovat\u00adko ot\u00adsi\u00adkot (h1, h2 jne.) ku\u00advaa\u00advia ja in\u00adfor\u00adma\u00adtii\u00advi\u00adsia? Ovat\u00adko lo\u00adma\u00adke-\u00ad ja mui\u00adden vuo\u00adro\u00advai\u00adkut\u00adteis\u00adten toi\u00admin\u00adtoe\u00adle\u00adment\u00adtien ni\u00admi\u00adla\u00adput (la\u00adbels) ku\u00advaa\u00advia ja in\u00adfor\u00adma\u00adtii\u00advi\u00adsia? On my\u00f6s [&hellip;]<span class=\"moretag\">Lue lis\u00e4\u00e4&#8230;<\/span><\/p>\n","protected":false},"author":10,"featured_media":0,"parent":130,"menu_order":0,"comment_status":"closed","ping_status":"closed","template":"","meta":{"_acf_changed":false,"footnotes":""},"class_list":["post-239","page","type-page","status-publish","hentry"],"acf":[],"_links":{"self":[{"href":"https:\/\/papunet.net\/saavutettavuus\/wp-json\/wp\/v2\/pages\/239","targetHints":{"allow":["GET"]}}],"collection":[{"href":"https:\/\/papunet.net\/saavutettavuus\/wp-json\/wp\/v2\/pages"}],"about":[{"href":"https:\/\/papunet.net\/saavutettavuus\/wp-json\/wp\/v2\/types\/page"}],"author":[{"embeddable":true,"href":"https:\/\/papunet.net\/saavutettavuus\/wp-json\/wp\/v2\/users\/10"}],"replies":[{"embeddable":true,"href":"https:\/\/papunet.net\/saavutettavuus\/wp-json\/wp\/v2\/comments?post=239"}],"version-history":[{"count":0,"href":"https:\/\/papunet.net\/saavutettavuus\/wp-json\/wp\/v2\/pages\/239\/revisions"}],"up":[{"embeddable":true,"href":"https:\/\/papunet.net\/saavutettavuus\/wp-json\/wp\/v2\/pages\/130"}],"wp:attachment":[{"href":"https:\/\/papunet.net\/saavutettavuus\/wp-json\/wp\/v2\/media?parent=239"}],"curies":[{"name":"wp","href":"https:\/\/api.w.org\/{rel}","templated":true}]}}