{"id":281,"date":"2022-11-28T10:59:51","date_gmt":"2022-11-28T08:59:51","guid":{"rendered":"https:\/\/papunet.net\/saavutettavuus\/?page_id=281"},"modified":"2023-01-26T09:18:13","modified_gmt":"2023-01-26T07:18:13","slug":"varmista-etta-sivustolta-ladattavat-tiedostot-ovat-saavutettavia","status":"publish","type":"page","link":"https:\/\/papunet.net\/saavutettavuus\/ohjeita-ja-oppaita\/saavutettavien-verkkosivujen-suunnitteluopas\/varmista-etta-sivustolta-ladattavat-tiedostot-ovat-saavutettavia\/","title":{"rendered":"Varmista, ett\u00e4 sivustolta ladattavat tiedostot ovat saavutettavia"},"content":{"rendered":"\n<p>Jos sivustolla on ladattavia tiedostoja, kuten PDF-tiedostoja, on varmistettava, ett\u00e4 my\u00f6s ne ovat saavutettavia.<\/p>\n<p>Ladattavien tiedostojen yhteydess\u00e4 on kerrottava tiedoston nimi, koko (esimerkiksi 1,2 Mt) ja tiedoston tyyppi (esimerkiksi PDF).<\/p>\n<p>Pitkien tekstien lis\u00e4\u00e4minen sivuille my\u00f6s ladattavana dokumenttina saattaa joskus olla k\u00e4ytt\u00e4j\u00e4yst\u00e4v\u00e4llist\u00e4. Kun tiedosto voidaan ladata omalle koneelle, se on mahdollista lukea my\u00f6s ilman verkkoyhteytt\u00e4.<\/p>\n\n","protected":false},"excerpt":{"rendered":"<p>Jos sivustolla on ladattavia tiedostoja, kuten PDF-tiedostoja, on varmistettava, ett\u00e4 my\u00f6s ne ovat saavutettavia. Ladattavien tiedostojen yhteydess\u00e4 on kerrottava tiedoston nimi, koko (esimerkiksi 1,2 Mt) ja tiedoston tyyppi (esimerkiksi PDF). Pitkien tekstien lis\u00e4\u00e4minen sivuille my\u00f6s ladattavana [&hellip;]<span class=\"moretag\">Lue lis\u00e4\u00e4&#8230;<\/span><\/p>\n","protected":false},"author":10,"featured_media":0,"parent":134,"menu_order":8,"comment_status":"closed","ping_status":"closed","template":"","meta":{"_acf_changed":false,"footnotes":""},"class_list":["post-281","page","type-page","status-publish","hentry"],"acf":[],"_links":{"self":[{"href":"https:\/\/papunet.net\/saavutettavuus\/wp-json\/wp\/v2\/pages\/281","targetHints":{"allow":["GET"]}}],"collection":[{"href":"https:\/\/papunet.net\/saavutettavuus\/wp-json\/wp\/v2\/pages"}],"about":[{"href":"https:\/\/papunet.net\/saavutettavuus\/wp-json\/wp\/v2\/types\/page"}],"author":[{"embeddable":true,"href":"https:\/\/papunet.net\/saavutettavuus\/wp-json\/wp\/v2\/users\/10"}],"replies":[{"embeddable":true,"href":"https:\/\/papunet.net\/saavutettavuus\/wp-json\/wp\/v2\/comments?post=281"}],"version-history":[{"count":0,"href":"https:\/\/papunet.net\/saavutettavuus\/wp-json\/wp\/v2\/pages\/281\/revisions"}],"up":[{"embeddable":true,"href":"https:\/\/papunet.net\/saavutettavuus\/wp-json\/wp\/v2\/pages\/134"}],"wp:attachment":[{"href":"https:\/\/papunet.net\/saavutettavuus\/wp-json\/wp\/v2\/media?parent=281"}],"curies":[{"name":"wp","href":"https:\/\/api.w.org\/{rel}","templated":true}]}}