{"id":289,"date":"2022-11-28T12:48:40","date_gmt":"2022-11-28T10:48:40","guid":{"rendered":"https:\/\/papunet.net\/saavutettavuus\/?page_id=289"},"modified":"2023-01-26T10:47:23","modified_gmt":"2023-01-26T08:47:23","slug":"asioiden-korostaminen","status":"publish","type":"page","link":"https:\/\/papunet.net\/saavutettavuus\/ohjeita-ja-oppaita\/saavutettavien-verkkosivujen-suunnitteluopas\/asioiden-korostaminen\/","title":{"rendered":"Asioiden korostaminen"},"content":{"rendered":"\n<p>On saavutettavuuden kannalta t\u00e4rke\u00e4\u00e4, ett\u00e4 asioiden korostamiseen k\u00e4ytet\u00e4\u00e4n useaa erilaista tapaa.<\/p>\n<p>\u00c4l\u00e4 k\u00e4yt\u00e4 v\u00e4ri\u00e4 ainoana korostuskeinona. Kaikki eiv\u00e4t erota v\u00e4rej\u00e4 kunnolla.<\/p>\n<p>K\u00e4ytt\u00e4j\u00e4ll\u00e4 saattaa olla n\u00e4k\u00f6vamma, kaikki laitteet eiv\u00e4t toista v\u00e4rej\u00e4 kunnolla tai auringonpaisteessa v\u00e4rej\u00e4 voi olla hankala erottaa.<\/p>\n<p>Lis\u00e4ksi osa k\u00e4ytt\u00e4jist\u00e4 saattaa selata verkkosivuja suurikontrastisessa tilassa tai k\u00e4\u00e4nnetyill\u00e4 v\u00e4reill\u00e4, jotta sis\u00e4lt\u00f6 erottuisi paremmin.<\/p>\n<p>Linkkitekstit kannattaa erottaa sivun muusta sis\u00e4ll\u00f6st\u00e4 v\u00e4rin lis\u00e4ksi my\u00f6s alleviivaamalla linkit. Linkeiss\u00e4 k\u00e4ytetty\u00e4 v\u00e4ri\u00e4 ja alleviivausta tulisi k\u00e4ytt\u00e4\u00e4 vain linkeiss\u00e4, ei muiden asioiden korostamiseen.<\/p>\n<p>Yksitt\u00e4isi\u00e4 sanoja voidaan korostaa esimerkiksi lihavoimalla tai kursivoimalla. Lihavointia ja kursivointia kannattaa kuitenkin k\u00e4ytt\u00e4\u00e4 harkiten, koska se hidastaa lukemista.<\/p>\n<p>HTML-koodiesimerkit:<\/p>\n<ul>\n<li>Lihavointi: &lt;strong&gt;lihavoidut sanat tulevat t\u00e4h\u00e4n&lt;\/strong&gt;<\/li>\n<li>Kursivointi: &lt;em&gt;kursivoidut sanat tulevat t\u00e4h\u00e4n&lt;\/em&gt;<\/li>\n<\/ul>\n<p>HUOM: \u00e4l\u00e4 k\u00e4yt\u00e4 lihavoimiseen ja kursivoimiseen &lt;b&gt; ja &lt;i&gt; -elementtej\u00e4. Lihavoinnin ja kursivoinnin semanttinen merkitys ei silloin v\u00e4lity ruudunlukuohjelmien k\u00e4ytt\u00e4jille.<\/p>\n\n","protected":false},"excerpt":{"rendered":"<p>On saavutettavuuden kannalta t\u00e4rke\u00e4\u00e4, ett\u00e4 asioiden korostamiseen k\u00e4ytet\u00e4\u00e4n useaa erilaista tapaa. \u00c4l\u00e4 k\u00e4yt\u00e4 v\u00e4ri\u00e4 ainoana korostuskeinona. Kaikki eiv\u00e4t erota v\u00e4rej\u00e4 kunnolla. K\u00e4ytt\u00e4j\u00e4ll\u00e4 saattaa olla n\u00e4k\u00f6vamma, kaikki laitteet eiv\u00e4t toista v\u00e4rej\u00e4 kunnolla tai auringonpaisteessa v\u00e4rej\u00e4 voi olla [&hellip;]<span class=\"moretag\">Lue lis\u00e4\u00e4&#8230;<\/span><\/p>\n","protected":false},"author":10,"featured_media":0,"parent":134,"menu_order":16,"comment_status":"closed","ping_status":"closed","template":"","meta":{"_acf_changed":false,"footnotes":""},"class_list":["post-289","page","type-page","status-publish","hentry"],"acf":[],"_links":{"self":[{"href":"https:\/\/papunet.net\/saavutettavuus\/wp-json\/wp\/v2\/pages\/289","targetHints":{"allow":["GET"]}}],"collection":[{"href":"https:\/\/papunet.net\/saavutettavuus\/wp-json\/wp\/v2\/pages"}],"about":[{"href":"https:\/\/papunet.net\/saavutettavuus\/wp-json\/wp\/v2\/types\/page"}],"author":[{"embeddable":true,"href":"https:\/\/papunet.net\/saavutettavuus\/wp-json\/wp\/v2\/users\/10"}],"replies":[{"embeddable":true,"href":"https:\/\/papunet.net\/saavutettavuus\/wp-json\/wp\/v2\/comments?post=289"}],"version-history":[{"count":0,"href":"https:\/\/papunet.net\/saavutettavuus\/wp-json\/wp\/v2\/pages\/289\/revisions"}],"up":[{"embeddable":true,"href":"https:\/\/papunet.net\/saavutettavuus\/wp-json\/wp\/v2\/pages\/134"}],"wp:attachment":[{"href":"https:\/\/papunet.net\/saavutettavuus\/wp-json\/wp\/v2\/media?parent=289"}],"curies":[{"name":"wp","href":"https:\/\/api.w.org\/{rel}","templated":true}]}}