{"id":85,"date":"2022-10-26T11:03:37","date_gmt":"2022-10-26T08:03:37","guid":{"rendered":"https:\/\/papunet.net\/saavutettavuus\/?page_id=85"},"modified":"2023-02-02T12:32:48","modified_gmt":"2023-02-02T10:32:48","slug":"fyysiset-ja-motoriset-rajoitteet","status":"publish","type":"page","link":"https:\/\/papunet.net\/saavutettavuus\/miksi-saavutettava\/kuka-hyotyy-saavutettavuudesta\/fyysiset-ja-motoriset-rajoitteet\/","title":{"rendered":"Fyysiset ja motoriset rajoitteet"},"content":{"rendered":"\n<p>Verkkosivujen k\u00e4ytt\u00e4jill\u00e4 on fyysisi\u00e4 ja motorisia rajoitteita, joihin kuuluvat lihaksiston rajoitteet ja heikkoudet (esimerkiksi k\u00e4sien tahaton liikehdint\u00e4, vapina tai halvaantuminen), tuntoaistin rajoitteet, tietyt sairaudet (esimerkiksi nivelreuma) ja raajojen menetykset.<\/p>\n<p>Fyysiset ja motoriset rajoitteet saattavat vaikeuttaa tietokoneen k\u00e4ytt\u00f6\u00e4 mutta eiv\u00e4t est\u00e4 sit\u00e4 kokonaan. Jos verkkosivut suunnitellaan ja toteutetaan n\u00e4m\u00e4 rajoitteet huomioiden, ne mahdollistavat verkossa asioinnin kaikille yhdess\u00e4 sopivien avustavien teknologioiden ja apuv\u00e4lineiden kanssa.<\/p>\n<h2>Miten fyysiset ja motoriset rajoitteet tulisi ottaa huomioon?<\/h2>\n<p>Kun fyysiset ja motoriset rajoitteet huomioidaan verkkosivujen suunnittelussa ja toteutuksessa, my\u00f6s n\u00e4ist\u00e4 rajoitteista k\u00e4rsivill\u00e4 k\u00e4ytt\u00e4jill\u00e4 on mahdollisuus asioida verkossa.<\/p>\n<p>Fyysisten ja motoristen rajoitteiden huomioiminen auttaa my\u00f6s ik\u00e4\u00e4ntynytt\u00e4 v\u00e4est\u00f6\u00e4, sill\u00e4 esimerkiksi sormien hienomotoriikka voi vaikeutua i\u00e4n karttuessa.<\/p>\n<p>Kun verkkosivusto on saavutettava pelk\u00e4ll\u00e4 n\u00e4pp\u00e4imist\u00f6ll\u00e4, siit\u00e4 on hy\u00f6ty\u00e4 paitsi fyysisesti ja motorisesti rajoittuneille, my\u00f6s n\u00e4k\u00f6vammaisille ruudunlukuohjelman k\u00e4ytt\u00e4jille.<\/p>\n<h2>Miten henkil\u00f6t, joilla on motorisia rajoitteita, selaavat verkkoa?<\/h2>\n<p>K\u00e4ytt\u00e4j\u00e4t, jolla on lievi\u00e4 fyysisi\u00e4 ja motorisia rajoitteita, voivat selata verkkoa k\u00e4ytt\u00e4en hiirt\u00e4 tai laitteita, joissa on kosketusn\u00e4ytt\u00f6. K\u00e4ytt\u00e4jill\u00e4 saattaa olla vaikeuksia esimerkiksi sormin\u00e4pp\u00e4ryyden kanssa. Silloin tarkkuutta vaativat toiminnot ovat vaikeita suorittaa.<\/p>\n<p>K\u00e4ytt\u00e4j\u00e4t, joilla on vakavampia fyysisi\u00e4 ja motorisia haasteita, saattavat selata verkkoa k\u00e4ytt\u00e4en pelkk\u00e4\u00e4 n\u00e4pp\u00e4imist\u00f6\u00e4 tai jollain sopivalla apuv\u00e4lineell\u00e4.<\/p>\n<p>N\u00e4m\u00e4 erilaiset k\u00e4ytt\u00f6tavat on otettava huomioon verkkosivustojen suunnittelussa ja toteutuksessa. On muistettava, ett\u00e4 kaikki eiv\u00e4t v\u00e4ltt\u00e4m\u00e4tt\u00e4 k\u00e4yt\u00e4 esimerkiksi hiirt\u00e4.<\/p>\n<p>Verkkosivujen suunnittelussa on otettava huomioon, ett\u00e4 motoriset rajoitteet vaikuttavat my\u00f6s toimintojen suorittamisen nopeuteen ja tarkkuuteen. K\u00e4ytt\u00e4jille on annettava riitt\u00e4v\u00e4sti aikaa eri toimintojen suorittamiseen.<\/p>\n<p>Verkon k\u00e4ytt\u00e4ji\u00e4 avustavat teknologiat saattavat olla tietokoneelle asennettavia ohjelmistoja tai fyysisi\u00e4 laitteita. Osalla n\u00e4ist\u00e4 verkon selaaminen onnistuu my\u00f6s k\u00e4si\u00e4 k\u00e4ytt\u00e4m\u00e4tt\u00e4.<\/p>\n<p>Avustavia teknologioita ovat esimerkiksi<\/p>\n<ul>\n<li>ergonomiset, tietty\u00e4 k\u00e4ytt\u00e4j\u00e4\u00e4 varten suunnitellut n\u00e4pp\u00e4imist\u00f6t ja hiiret<\/li>\n<li>p\u00e4\u00e4h\u00e4n asennettava osoitin, jolla voidaan ohjata n\u00e4yt\u00f6ll\u00e4 liikkuvaa kohdistinta<\/li>\n<li>suuhun pantava tikku, jolla voidaan k\u00e4ytt\u00e4\u00e4 kosketusn\u00e4ytt\u00f6\u00e4<\/li>\n<li>n\u00e4yt\u00f6ll\u00e4 n\u00e4kyv\u00e4t n\u00e4pp\u00e4imist\u00f6t, joita voidaan k\u00e4ytt\u00e4\u00e4 esimerkiksi pallohiirell\u00e4 tai sauvaohjaimella<\/li>\n<li>kytkimet, joita voidaan ohjata esimerkiksi jaloilla tai olkap\u00e4iden liikkeill\u00e4<\/li>\n<li>\u00e4\u00e4niohjaus eli tietokoneen ohjaaminen puheella<\/li>\n<li>silm\u00e4nliikkeill\u00e4 toimivat osoittimet.<\/li>\n<\/ul>\n<p>Kun verkkosivua selataan n\u00e4pp\u00e4imist\u00f6ll\u00e4, sivun jokaisen toiminnon (esim. linkit ja painikkeet) ymp\u00e4rille piirtyv\u00e4t n\u00e4kyv\u00e4t reunaviivat, joista k\u00e4ytt\u00e4j\u00e4 havaitsee, mik\u00e4 toiminto h\u00e4nell\u00e4 on valittuna.<\/p>\n<p>Verkkosivun selaamista n\u00e4pp\u00e4imist\u00f6ll\u00e4 voi kokeilla itse k\u00e4ytt\u00e4en pelkk\u00e4\u00e4 sarkainta (tab-n\u00e4pp\u00e4in).<\/p>\n<p>Tietokonetta voi ohjata my\u00f6s puheella. Henkil\u00f6t, jotka eiv\u00e4t voi k\u00e4ytt\u00e4\u00e4 k\u00e4si\u00e4, voivat selata verkkoa puheohjauksella. K\u00e4skyt annetaan tietokoneelle suullisesti, ja kirjoittaminen tapahtuu sanelemalla. Laite muuntaa puheen kirjoitetuksi tekstiksi.<\/p>\n<blockquote>\n<p>\u201dK\u00e4yt\u00e4n katseella konetta ja verkkosivuja. K\u00e4yt\u00e4n MyTobii-katseohjausj\u00e4rjestelm\u00e4\u00e4 netiss\u00e4 py\u00f6rimiseen.<\/p>\n<p>K\u00e4yt\u00e4n netti\u00e4 siten, ett\u00e4 n\u00e4yt\u00f6n oikeaan reunaan tulevat kaikki hiiren toiminnot ja n\u00e4pp\u00e4imist\u00f6, kun sit\u00e4 tarvitsen, mutta sen saa piiloonkin. Valitsen aina oikealta reunasta, kun haluan klikata, raahata tai kirjoittaa. Kohdistan katseen sen napin p\u00e4\u00e4lle, jota haluan painaa. Jos verkkosivun valikot ovat hirve\u00e4n pieni\u00e4, niin niihin on vaikea osua.\u201d<\/p>\n<p><em>Elina Ino, liikunta- ja puhevammainen<\/em><\/p>\n<\/blockquote>\n<h2>Miten motoriset rajoitteet tulisi ottaa huomioon verkkosivujen suunnittelussa ja toteutuksessa?<\/h2>\n<p>On varmistettava, ett\u00e4 verkkosivun kaikki toiminnot ovat k\u00e4ytett\u00e4viss\u00e4 pelk\u00e4ll\u00e4 n\u00e4pp\u00e4imist\u00f6ll\u00e4 tai kytkinohjaimella.<\/p>\n<p>K\u00e4ytt\u00e4j\u00e4t, joilla on haasteita esimerkiksi sormien hienomotoriikan kanssa, hy\u00f6tyv\u00e4t siit\u00e4, ett\u00e4 klikattavat ja painettavat elementit ovat riitt\u00e4v\u00e4n suuria.<\/p>\n<p>Saavutettavuuden parantamiseksi on t\u00e4rke\u00e4\u00e4 huomioida seuraavat motorisiin rajoitteisiin liittyv\u00e4t asiat:<\/p>\n<ul>\n<li>Tee klikattavista ja interaktiivisista toiminnoista riitt\u00e4v\u00e4n suuria.<\/li>\n<li>\u00c4l\u00e4 sijoita toimintoja liian l\u00e4hekk\u00e4in toisiaan. Sijoita esimerkiksi lomakekent\u00e4t riitt\u00e4v\u00e4n kauas toisistaan.<\/li>\n<li>Varmista, ett\u00e4 kaikkia sivuston toimintoja on mahdollista k\u00e4ytt\u00e4\u00e4 pelk\u00e4ll\u00e4 n\u00e4pp\u00e4imist\u00f6ll\u00e4 ilman hiirt\u00e4.<\/li>\n<li>Sijoita sivun p\u00e4\u00e4sis\u00e4ll\u00f6n alku (p\u00e4\u00e4otsikko ja ingressi) riitt\u00e4v\u00e4n yl\u00f6s, jotta se voidaan n\u00e4hd\u00e4 ilman sivun vieritt\u00e4mist\u00e4.<\/li>\n<li>Anna riitt\u00e4v\u00e4sti aikaa toimintojen suorittamiseen.<\/li>\n<\/ul>\n\n","protected":false},"excerpt":{"rendered":"<p>Verkkosivujen k\u00e4ytt\u00e4jill\u00e4 on fyysisi\u00e4 ja motorisia rajoitteita, joihin kuuluvat lihaksiston rajoitteet ja heikkoudet (esimerkiksi k\u00e4sien tahaton liikehdint\u00e4, vapina tai halvaantuminen), tuntoaistin rajoitteet, tietyt sairaudet (esimerkiksi nivelreuma) ja raajojen menetykset. Fyysiset ja motoriset rajoitteet saattavat vaikeuttaa tietokoneen [&hellip;]<span class=\"moretag\">Lue lis\u00e4\u00e4&#8230;<\/span><\/p>\n","protected":false},"author":10,"featured_media":0,"parent":81,"menu_order":3,"comment_status":"closed","ping_status":"closed","template":"","meta":{"_acf_changed":false,"footnotes":""},"class_list":["post-85","page","type-page","status-publish","hentry"],"acf":[],"_links":{"self":[{"href":"https:\/\/papunet.net\/saavutettavuus\/wp-json\/wp\/v2\/pages\/85","targetHints":{"allow":["GET"]}}],"collection":[{"href":"https:\/\/papunet.net\/saavutettavuus\/wp-json\/wp\/v2\/pages"}],"about":[{"href":"https:\/\/papunet.net\/saavutettavuus\/wp-json\/wp\/v2\/types\/page"}],"author":[{"embeddable":true,"href":"https:\/\/papunet.net\/saavutettavuus\/wp-json\/wp\/v2\/users\/10"}],"replies":[{"embeddable":true,"href":"https:\/\/papunet.net\/saavutettavuus\/wp-json\/wp\/v2\/comments?post=85"}],"version-history":[{"count":0,"href":"https:\/\/papunet.net\/saavutettavuus\/wp-json\/wp\/v2\/pages\/85\/revisions"}],"up":[{"embeddable":true,"href":"https:\/\/papunet.net\/saavutettavuus\/wp-json\/wp\/v2\/pages\/81"}],"wp:attachment":[{"href":"https:\/\/papunet.net\/saavutettavuus\/wp-json\/wp\/v2\/media?parent=85"}],"curies":[{"name":"wp","href":"https:\/\/api.w.org\/{rel}","templated":true}]}}