{"id":3080,"date":"2024-06-08T18:32:09","date_gmt":"2024-06-08T15:32:09","guid":{"rendered":"https:\/\/papunet.net\/spelsidor\/?page_id=3080"},"modified":"2024-06-28T16:35:22","modified_gmt":"2024-06-28T13:35:22","slug":"ge-respons","status":"publish","type":"page","link":"https:\/\/papunet.net\/spelsidor\/ge-respons\/","title":{"rendered":"Ge respons"},"content":{"rendered":"<p>Ge g\u00e4rna respons ang\u00e5ende spelsidornas funktion, inneh\u00e5ll eller layout. Du kan ocks\u00e5 ber\u00e4tta om dina spel\u00f6nskem\u00e5l eller skicka id\u00e9er f\u00f6r utveckling av sidorna.<\/p>\n<p>Fyll i dina kontaktuppgifter s\u00e5 kan vi svara p\u00e5 dina fr\u00e5gor. Vid tekniska problem hittar du svar p\u00e5 <a href=\"https:\/\/papunet.net\/spelsidor\/information-om-spelsidorna\/\">information om spelsidorna<\/a>.<\/p>\n","protected":false},"excerpt":{"rendered":"<p>Ge g\u00e4rna respons ang\u00e5ende spelsidornas funktion, inneh\u00e5ll eller layout. Du kan ocks\u00e5 ber\u00e4tta om dina spel\u00f6nskem\u00e5l eller skicka id\u00e9er f\u00f6r utveckling av sidorna. Fyll i dina kontaktuppgifter s\u00e5 kan vi svara p\u00e5 dina fr\u00e5gor. Vid tekniska problem hittar du svar p\u00e5 information om spelsidorna.<\/p>\n","protected":false},"author":14,"featured_media":0,"parent":0,"menu_order":2,"comment_status":"closed","ping_status":"closed","template":"page-feedback.php","meta":{"_acf_changed":false,"_relevanssi_hide_post":"","_relevanssi_pin_for_all":"","_relevanssi_pin_keywords":"","_relevanssi_unpin_keywords":"","_relevanssi_related_keywords":"","_relevanssi_related_include_ids":"","_relevanssi_related_exclude_ids":"","_relevanssi_related_no_append":"","_relevanssi_related_not_related":"","_relevanssi_related_posts":"","_relevanssi_noindex_reason":"","footnotes":""},"class_list":["post-3080","page","type-page","status-publish","hentry"],"yoast_head":"<!-- This site is optimized with the Yoast SEO plugin v22.7 - https:\/\/yoast.com\/wordpress\/plugins\/seo\/ -->\n<title>Papunet &raquo; Spelsidor &raquo; Ge respons - Spelsidor<\/title>\n<meta name=\"robots\" content=\"index, follow, max-snippet:-1, max-image-preview:large, max-video-preview:-1\" \/>\n<link rel=\"canonical\" href=\"https:\/\/papunet.net\/spelsidor\/ge-respons\/\" \/>\n<meta property=\"og:locale\" content=\"sv_SE\" \/>\n<meta property=\"og:type\" content=\"article\" \/>\n<meta property=\"og:title\" content=\"Papunet &raquo; Spelsidor &raquo; Ge respons - Spelsidor\" \/>\n<meta property=\"og:description\" content=\"Ge g\u00e4rna respons ang\u00e5ende spelsidornas funktion, inneh\u00e5ll eller layout. Du kan ocks\u00e5 ber\u00e4tta om dina spel\u00f6nskem\u00e5l eller skicka id\u00e9er f\u00f6r utveckling av sidorna. Fyll i dina kontaktuppgifter s\u00e5 kan vi svara p\u00e5 dina fr\u00e5gor. Vid tekniska problem hittar du svar p\u00e5 information om spelsidorna.\" \/>\n<meta property=\"og:url\" content=\"https:\/\/papunet.net\/spelsidor\/ge-respons\/\" \/>\n<meta property=\"og:site_name\" content=\"Spelsidor\" \/>\n<meta property=\"article:modified_time\" content=\"2024-06-28T13:35:22+00:00\" \/>\n<meta name=\"twitter:card\" content=\"summary_large_image\" \/>\n<script type=\"application\/ld+json\" class=\"yoast-schema-graph\">{\"@context\":\"https:\/\/schema.org\",\"@graph\":[{\"@type\":\"WebPage\",\"@id\":\"https:\/\/papunet.net\/spelsidor\/ge-respons\/\",\"url\":\"https:\/\/papunet.net\/spelsidor\/ge-respons\/\",\"name\":\"Ge respons - Spelsidor\",\"isPartOf\":{\"@id\":\"https:\/\/papunet.net\/spelsidor\/#website\"},\"datePublished\":\"2024-06-08T15:32:09+00:00\",\"dateModified\":\"2024-06-28T13:35:22+00:00\",\"breadcrumb\":{\"@id\":\"https:\/\/papunet.net\/spelsidor\/ge-respons\/#breadcrumb\"},\"inLanguage\":\"sv-SE\",\"potentialAction\":[{\"@type\":\"ReadAction\",\"target\":[\"https:\/\/papunet.net\/spelsidor\/ge-respons\/\"]}]},{\"@type\":\"WebSite\",\"@id\":\"https:\/\/papunet.net\/spelsidor\/#website\",\"url\":\"https:\/\/papunet.net\/spelsidor\/\",\"name\":\"Spelsidor\",\"description\":\"\",\"potentialAction\":[{\"@type\":\"SearchAction\",\"target\":{\"@type\":\"EntryPoint\",\"urlTemplate\":\"https:\/\/papunet.net\/spelsidor\/?s={search_term_string}\"},\"query-input\":\"required name=search_term_string\"}],\"inLanguage\":\"sv-SE\"}]}<\/script>\n<!-- \/ Yoast SEO plugin. -->","yoast_head_json":{"title":"Papunet &raquo; Spelsidor &raquo; Ge respons - Spelsidor","robots":{"index":"index","follow":"follow","max-snippet":"max-snippet:-1","max-image-preview":"max-image-preview:large","max-video-preview":"max-video-preview:-1"},"canonical":"https:\/\/papunet.net\/spelsidor\/ge-respons\/","og_locale":"sv_SE","og_type":"article","og_title":"Papunet &raquo; Spelsidor &raquo; Ge respons - Spelsidor","og_description":"Ge g\u00e4rna respons ang\u00e5ende spelsidornas funktion, inneh\u00e5ll eller layout. Du kan ocks\u00e5 ber\u00e4tta om dina spel\u00f6nskem\u00e5l eller skicka id\u00e9er f\u00f6r utveckling av sidorna. Fyll i dina kontaktuppgifter s\u00e5 kan vi svara p\u00e5 dina fr\u00e5gor. Vid tekniska problem hittar du svar p\u00e5 information om spelsidorna.","og_url":"https:\/\/papunet.net\/spelsidor\/ge-respons\/","og_site_name":"Spelsidor","article_modified_time":"2024-06-28T13:35:22+00:00","twitter_card":"summary_large_image","schema":{"@context":"https:\/\/schema.org","@graph":[{"@type":"WebPage","@id":"https:\/\/papunet.net\/spelsidor\/ge-respons\/","url":"https:\/\/papunet.net\/spelsidor\/ge-respons\/","name":"Ge respons - Spelsidor","isPartOf":{"@id":"https:\/\/papunet.net\/spelsidor\/#website"},"datePublished":"2024-06-08T15:32:09+00:00","dateModified":"2024-06-28T13:35:22+00:00","breadcrumb":{"@id":"https:\/\/papunet.net\/spelsidor\/ge-respons\/#breadcrumb"},"inLanguage":"sv-SE","potentialAction":[{"@type":"ReadAction","target":["https:\/\/papunet.net\/spelsidor\/ge-respons\/"]}]},{"@type":"WebSite","@id":"https:\/\/papunet.net\/spelsidor\/#website","url":"https:\/\/papunet.net\/spelsidor\/","name":"Spelsidor","description":"","potentialAction":[{"@type":"SearchAction","target":{"@type":"EntryPoint","urlTemplate":"https:\/\/papunet.net\/spelsidor\/?s={search_term_string}"},"query-input":"required name=search_term_string"}],"inLanguage":"sv-SE"}]}},"acf":[],"_links":{"self":[{"href":"https:\/\/papunet.net\/spelsidor\/wp-json\/wp\/v2\/pages\/3080","targetHints":{"allow":["GET"]}}],"collection":[{"href":"https:\/\/papunet.net\/spelsidor\/wp-json\/wp\/v2\/pages"}],"about":[{"href":"https:\/\/papunet.net\/spelsidor\/wp-json\/wp\/v2\/types\/page"}],"author":[{"embeddable":true,"href":"https:\/\/papunet.net\/spelsidor\/wp-json\/wp\/v2\/users\/14"}],"replies":[{"embeddable":true,"href":"https:\/\/papunet.net\/spelsidor\/wp-json\/wp\/v2\/comments?post=3080"}],"version-history":[{"count":3,"href":"https:\/\/papunet.net\/spelsidor\/wp-json\/wp\/v2\/pages\/3080\/revisions"}],"predecessor-version":[{"id":3112,"href":"https:\/\/papunet.net\/spelsidor\/wp-json\/wp\/v2\/pages\/3080\/revisions\/3112"}],"wp:attachment":[{"href":"https:\/\/papunet.net\/spelsidor\/wp-json\/wp\/v2\/media?parent=3080"}],"curies":[{"name":"wp","href":"https:\/\/api.w.org\/{rel}","templated":true}]}}